{"id":1032,"date":"2017-01-18T20:44:42","date_gmt":"2017-01-18T19:44:42","guid":{"rendered":"https:\/\/ebs-d-de.prossl.de\/wordpress\/wordpress\/?page_id=1032"},"modified":"2019-05-27T15:58:22","modified_gmt":"2019-05-27T13:58:22","slug":"phyllostachys-nigra-boryana-bambus-des-jahres-2010","status":"publish","type":"page","link":"https:\/\/bambus-deutschland.de\/index.php\/beispiel-seite\/bambus-des-jahres\/bambus-des-jahres-portraits\/phyllostachys-nigra-boryana-bambus-des-jahres-2010\/","title":{"rendered":"Phyllostachys nigra \u2018Boryana&#8216;, Bambus des Jahres 2010"},"content":{"rendered":"<p><strong>Dr. Steffen Greiner<\/strong><\/p>\n<div><span style=\"text-decoration: underline;\"><strong>Vorkommen\/Herkunft<\/strong><\/span><\/div>\n<p>Diese Form ist in Japan in Kultur entstanden (1912). Die Mutation ging hervor aus <em>Phyllostachys nigra<\/em> \u2018Henonis\u2019 in einem japanischen Garten und wurde von dort aus weiter vermehrt. Wildstandorte sind nicht bekannt.<\/p>\n<div><strong><u>Wuchsform<\/u><\/strong><\/div>\n<p>Leicht bogenf\u00f6rmige Halme, an der Spitze etwas \u00fcberh\u00e4ngend. Zweige schr\u00e4g nach oben gerichtet, Rhizomwachstum in Deutschland meist m\u00e4\u00dfig.<\/p>\n<figure id=\"attachment_1034\" aria-describedby=\"caption-attachment-1034\" style=\"width: 602px\" class=\"wp-caption aligncenter\"><img loading=\"lazy\" decoding=\"async\" class=\"size-full wp-image-1034\" src=\"https:\/\/ebs-d-de.prossl.de\/wordpress\/wordpress\/wp-content\/uploads\/2017\/01\/Nijakowski-Franz-Boryana-010.jpg\" alt=\"\" width=\"602\" height=\"900\" srcset=\"https:\/\/bambus-deutschland.de\/wp-content\/uploads\/2017\/01\/Nijakowski-Franz-Boryana-010.jpg 602w, https:\/\/bambus-deutschland.de\/wp-content\/uploads\/2017\/01\/Nijakowski-Franz-Boryana-010-201x300.jpg 201w\" sizes=\"auto, (max-width: 602px) 100vw, 602px\" \/><figcaption id=\"caption-attachment-1034\" class=\"wp-caption-text\">Foto: Franz Nijakowski<\/figcaption><\/figure>\n<div><strong><u>H\u00f6he\/St\u00e4rke<\/u><\/strong><\/div>\n<p>Im k\u00fchleren, gem\u00e4\u00dfigten Klima werden meist 3 bis 8 m erreicht, an optimaleren Standorten in Asien aber auch in S\u00fcdeuropa sind 15 bis 20 m m\u00f6glich. In Deutschland bis 6 cm Halmdurchmesser, in S\u00fcdfrankreich z.B. aber bis 10 cm.<\/p>\n<div><strong><u>Halm\/Halmscheiden<\/u><\/strong><\/div>\n<p>Der einj\u00e4hrige Halm ist etwas rau, gr\u00fcn sp\u00e4ter von der Halmbasis ausgehend, ansteigend mit fetzenf\u00f6rmigen Flecken, erst braun, sp\u00e4ter fast schwarz. Die in den Jahren mahagoniartig weiter dunkelnden Flecken laufen zuletzt zusammen, so dass der Halm von der Basis her braunschwarz wird. Die F\u00e4rbung h\u00e4ngt vom Licht und von der W\u00e4rme am Standort ab. Die Halmscheiden sind sehr dekorativ orange-rosa, gegen das obere Ende mit dunklen Punkten, dreieckig, gr\u00fcne Spreite, lange Zunge mit Fransen, sichelf\u00f6rmige \u00d6hrchen mit schwarz\/roten Wimpern.<\/p>\n<div><strong><u>Blatt<\/u><\/strong><\/div>\n<p>Laub im Verh\u00e4ltnis zu anderen <em>Phyllostachys <\/em>dichtstehend und klein, hochgl\u00e4nzend, gr\u00fcn und etwas wellig.<\/p>\n<figure id=\"attachment_1036\" aria-describedby=\"caption-attachment-1036\" style=\"width: 2656px\" class=\"wp-caption aligncenter\"><img loading=\"lazy\" decoding=\"async\" class=\"size-full wp-image-1036\" src=\"https:\/\/ebs-d-de.prossl.de\/wordpress\/wordpress\/wp-content\/uploads\/2017\/01\/Kunz-Daniel-Boryana-DSC_39792388b2.jpg\" alt=\"\" width=\"2656\" height=\"1992\" srcset=\"https:\/\/bambus-deutschland.de\/wp-content\/uploads\/2017\/01\/Kunz-Daniel-Boryana-DSC_39792388b2.jpg 2656w, https:\/\/bambus-deutschland.de\/wp-content\/uploads\/2017\/01\/Kunz-Daniel-Boryana-DSC_39792388b2-300x225.jpg 300w, https:\/\/bambus-deutschland.de\/wp-content\/uploads\/2017\/01\/Kunz-Daniel-Boryana-DSC_39792388b2-768x576.jpg 768w, https:\/\/bambus-deutschland.de\/wp-content\/uploads\/2017\/01\/Kunz-Daniel-Boryana-DSC_39792388b2-1024x768.jpg 1024w\" sizes=\"auto, (max-width: 2656px) 100vw, 2656px\" \/><figcaption id=\"caption-attachment-1036\" class=\"wp-caption-text\">Foto: Daniel Kunz<\/figcaption><\/figure>\n<div><strong><u>Winterh\u00e4rte<\/u><\/strong><\/div>\n<p>Nur befriedigend an sommerwarmen Orten. Etwa -15\u00b0C bis -18\u00b0C. Bei mittlerer Sch\u00e4digung werden charakteristischer Weise einzelne Halme v\u00f6llig abget\u00f6tet, andere zeigen geringe oder \u00e4u\u00dferlich keine Sch\u00e4den.<\/p>\n<div><strong><u>Standort<\/u><\/strong><\/div>\n<p>Warm, sonnig, g\u00fcnstig vor Mauer\/Wand.<\/p>\n<figure id=\"attachment_1035\" aria-describedby=\"caption-attachment-1035\" style=\"width: 602px\" class=\"wp-caption aligncenter\"><img loading=\"lazy\" decoding=\"async\" class=\"size-full wp-image-1035\" src=\"https:\/\/ebs-d-de.prossl.de\/wordpress\/wordpress\/wp-content\/uploads\/2017\/01\/Nijakowski-Franz-Boryana-012.jpg\" alt=\"\" width=\"602\" height=\"900\" srcset=\"https:\/\/bambus-deutschland.de\/wp-content\/uploads\/2017\/01\/Nijakowski-Franz-Boryana-012.jpg 602w, https:\/\/bambus-deutschland.de\/wp-content\/uploads\/2017\/01\/Nijakowski-Franz-Boryana-012-201x300.jpg 201w\" sizes=\"auto, (max-width: 602px) 100vw, 602px\" \/><figcaption id=\"caption-attachment-1035\" class=\"wp-caption-text\">Foto: Franz Nijakowski<\/figcaption><\/figure>\n<div><strong><u>Gartenpraxis\/Pflegeanforderung<\/u><\/strong><\/div>\n<p>Dekorative Solit\u00e4rpflanze, die bei g\u00fcnstigem Klima und Standort mit Raum und Zeit auch einen Hain bilden kann.<\/p>\n<div><strong><u>Topfkultur\/Raumbegr\u00fcnung<\/u><\/strong><\/div>\n<div>Topfkultur von gr\u00f6\u00dferen Pflanzen ist sehr dekorativ, aber auf Dauer aufwendig (Umpflanzen, Teilen). Winterschutz unbedingt notwendig!<\/div>\n","protected":false},"excerpt":{"rendered":"<p>Dr. Steffen Greiner Vorkommen\/Herkunft Diese Form ist in Japan in Kultur entstanden (1912). Die Mutation ging hervor aus Phyllostachys nigra \u2018Henonis\u2019 in einem japanischen Garten und wurde von dort aus weiter vermehrt. Wildstandorte sind nicht bekannt. Wuchsform Leicht bogenf\u00f6rmige Halme, an der Spitze etwas \u00fcberh\u00e4ngend. Zweige schr\u00e4g nach oben gerichtet, Rhizomwachstum in Deutschland meist m\u00e4\u00dfig. &hellip; <a href=\"https:\/\/bambus-deutschland.de\/index.php\/beispiel-seite\/bambus-des-jahres\/bambus-des-jahres-portraits\/phyllostachys-nigra-boryana-bambus-des-jahres-2010\/\" class=\"more-link\"><span class=\"screen-reader-text\">Phyllostachys nigra \u2018Boryana&#8216;, Bambus des Jahres 2010<\/span> weiterlesen <span class=\"meta-nav\">&rarr;<\/span><\/a><\/p>\n","protected":false},"author":6,"featured_media":0,"parent":930,"menu_order":0,"comment_status":"closed","ping_status":"closed","template":"","meta":{"iawp_total_views":184,"footnotes":""},"class_list":["post-1032","page","type-page","status-publish","hentry"],"_links":{"self":[{"href":"https:\/\/bambus-deutschland.de\/index.php\/wp-json\/wp\/v2\/pages\/1032","targetHints":{"allow":["GET"]}}],"collection":[{"href":"https:\/\/bambus-deutschland.de\/index.php\/wp-json\/wp\/v2\/pages"}],"about":[{"href":"https:\/\/bambus-deutschland.de\/index.php\/wp-json\/wp\/v2\/types\/page"}],"author":[{"embeddable":true,"href":"https:\/\/bambus-deutschland.de\/index.php\/wp-json\/wp\/v2\/users\/6"}],"replies":[{"embeddable":true,"href":"https:\/\/bambus-deutschland.de\/index.php\/wp-json\/wp\/v2\/comments?post=1032"}],"version-history":[{"count":7,"href":"https:\/\/bambus-deutschland.de\/index.php\/wp-json\/wp\/v2\/pages\/1032\/revisions"}],"predecessor-version":[{"id":2393,"href":"https:\/\/bambus-deutschland.de\/index.php\/wp-json\/wp\/v2\/pages\/1032\/revisions\/2393"}],"up":[{"embeddable":true,"href":"https:\/\/bambus-deutschland.de\/index.php\/wp-json\/wp\/v2\/pages\/930"}],"wp:attachment":[{"href":"https:\/\/bambus-deutschland.de\/index.php\/wp-json\/wp\/v2\/media?parent=1032"}],"curies":[{"name":"wp","href":"https:\/\/api.w.org\/{rel}","templated":true}]}}

<p><strong>Dr. Steffen Greiner</strong></p>
<div><span style="text-decoration: underline;"><strong>Vorkommen/Herkunft</strong></span></div>
<p>Diese Form ist in Japan in Kultur entstanden (1912). Die Mutation ging hervor aus <em>Phyllostachys nigra</em> ‘Henonis’ in einem japanischen Garten und wurde von dort aus weiter vermehrt. Wildstandorte sind nicht bekannt.</p>
<div><strong><u>Wuchsform</u></strong></div>
<p>Leicht bogenförmige Halme, an der Spitze etwas überhängend. Zweige schräg nach oben gerichtet, Rhizomwachstum in Deutschland meist mäßig.</p>
<figure id="attachment_1034" aria-describedby="caption-attachment-1034" style="width: 602px" class="wp-caption aligncenter"><img loading="lazy" decoding="async" class="size-full wp-image-1034" src="https://ebs-d-de.prossl.de/wordpress/wordpress/wp-content/uploads/2017/01/Nijakowski-Franz-Boryana-010.jpg" alt="" width="602" height="900" srcset="https://bambus-deutschland.de/wp-content/uploads/2017/01/Nijakowski-Franz-Boryana-010.jpg 602w, https://bambus-deutschland.de/wp-content/uploads/2017/01/Nijakowski-Franz-Boryana-010-201x300.jpg 201w" sizes="auto, (max-width: 602px) 100vw, 602px" /><figcaption id="caption-attachment-1034" class="wp-caption-text">Foto: Franz Nijakowski</figcaption></figure>
<div><strong><u>Höhe/Stärke</u></strong></div>
<p>Im kühleren, gemäßigten Klima werden meist 3 bis 8 m erreicht, an optimaleren Standorten in Asien aber auch in Südeuropa sind 15 bis 20 m möglich. In Deutschland bis 6 cm Halmdurchmesser, in Südfrankreich z.B. aber bis 10 cm.</p>
<div><strong><u>Halm/Halmscheiden</u></strong></div>
<p>Der einjährige Halm ist etwas rau, grün später von der Halmbasis ausgehend, ansteigend mit fetzenförmigen Flecken, erst braun, später fast schwarz. Die in den Jahren mahagoniartig weiter dunkelnden Flecken laufen zuletzt zusammen, so dass der Halm von der Basis her braunschwarz wird. Die Färbung hängt vom Licht und von der Wärme am Standort ab. Die Halmscheiden sind sehr dekorativ orange-rosa, gegen das obere Ende mit dunklen Punkten, dreieckig, grüne Spreite, lange Zunge mit Fransen, sichelförmige Öhrchen mit schwarz/roten Wimpern.</p>
<div><strong><u>Blatt</u></strong></div>
<p>Laub im Verhältnis zu anderen <em>Phyllostachys </em>dichtstehend und klein, hochglänzend, grün und etwas wellig.</p>
<figure id="attachment_1036" aria-describedby="caption-attachment-1036" style="width: 2656px" class="wp-caption aligncenter"><img loading="lazy" decoding="async" class="size-full wp-image-1036" src="https://ebs-d-de.prossl.de/wordpress/wordpress/wp-content/uploads/2017/01/Kunz-Daniel-Boryana-DSC_39792388b2.jpg" alt="" width="2656" height="1992" srcset="https://bambus-deutschland.de/wp-content/uploads/2017/01/Kunz-Daniel-Boryana-DSC_39792388b2.jpg 2656w, https://bambus-deutschland.de/wp-content/uploads/2017/01/Kunz-Daniel-Boryana-DSC_39792388b2-300x225.jpg 300w, https://bambus-deutschland.de/wp-content/uploads/2017/01/Kunz-Daniel-Boryana-DSC_39792388b2-768x576.jpg 768w, https://bambus-deutschland.de/wp-content/uploads/2017/01/Kunz-Daniel-Boryana-DSC_39792388b2-1024x768.jpg 1024w" sizes="auto, (max-width: 2656px) 100vw, 2656px" /><figcaption id="caption-attachment-1036" class="wp-caption-text">Foto: Daniel Kunz</figcaption></figure>
<div><strong><u>Winterhärte</u></strong></div>
<p>Nur befriedigend an sommerwarmen Orten. Etwa -15°C bis -18°C. Bei mittlerer Schädigung werden charakteristischer Weise einzelne Halme völlig abgetötet, andere zeigen geringe oder äußerlich keine Schäden.</p>
<div><strong><u>Standort</u></strong></div>
<p>Warm, sonnig, günstig vor Mauer/Wand.</p>
<figure id="attachment_1035" aria-describedby="caption-attachment-1035" style="width: 602px" class="wp-caption aligncenter"><img loading="lazy" decoding="async" class="size-full wp-image-1035" src="https://ebs-d-de.prossl.de/wordpress/wordpress/wp-content/uploads/2017/01/Nijakowski-Franz-Boryana-012.jpg" alt="" width="602" height="900" srcset="https://bambus-deutschland.de/wp-content/uploads/2017/01/Nijakowski-Franz-Boryana-012.jpg 602w, https://bambus-deutschland.de/wp-content/uploads/2017/01/Nijakowski-Franz-Boryana-012-201x300.jpg 201w" sizes="auto, (max-width: 602px) 100vw, 602px" /><figcaption id="caption-attachment-1035" class="wp-caption-text">Foto: Franz Nijakowski</figcaption></figure>
<div><strong><u>Gartenpraxis/Pflegeanforderung</u></strong></div>
<p>Dekorative Solitärpflanze, die bei günstigem Klima und Standort mit Raum und Zeit auch einen Hain bilden kann.</p>
<div><strong><u>Topfkultur/Raumbegrünung</u></strong></div>
<div>Topfkultur von größeren Pflanzen ist sehr dekorativ, aber auf Dauer aufwendig (Umpflanzen, Teilen). Winterschutz unbedingt notwendig!</div>

<p>Dr. Steffen Greiner Vorkommen/Herkunft Diese Form ist in Japan in Kultur entstanden (1912). Die Mutation ging hervor aus Phyllostachys nigra ‘Henonis’ in einem japanischen Garten und wurde von dort aus weiter vermehrt. Wildstandorte sind nicht bekannt. Wuchsform Leicht bogenförmige Halme, an der Spitze etwas überhängend. Zweige schräg nach oben gerichtet, Rhizomwachstum in Deutschland meist mäßig. &hellip; <a href="https://bambus-deutschland.de/index.php/beispiel-seite/bambus-des-jahres/bambus-des-jahres-portraits/phyllostachys-nigra-boryana-bambus-des-jahres-2010/" class="more-link"><span class="screen-reader-text">Phyllostachys nigra ‘Boryana&#8216;, Bambus des Jahres 2010</span> weiterlesen <span class="meta-nav">&rarr;</span></a></p>
