{"id":1041,"date":"2017-01-19T20:48:20","date_gmt":"2017-01-19T19:48:20","guid":{"rendered":"https:\/\/ebs-d-de.prossl.de\/wordpress\/wordpress\/?page_id=1041"},"modified":"2019-05-27T15:58:22","modified_gmt":"2019-05-27T13:58:22","slug":"phyllostachys-prominens-w-y-xiong-bambus-des-jahres-2009","status":"publish","type":"page","link":"https:\/\/bambus-deutschland.de\/index.php\/beispiel-seite\/bambus-des-jahres\/bambus-des-jahres-portraits\/phyllostachys-prominens-w-y-xiong-bambus-des-jahres-2009\/","title":{"rendered":"Phyllostachys prominens (W.Y. Xiong), Bambus des Jahres 2009"},"content":{"rendered":"<p><strong>Dr. Steffen Greiner<\/strong><\/p>\n<div><span style=\"text-decoration: underline;\"><strong>Vorkommen\/Herkunft<\/strong><\/span><\/div>\n<p>China besonders in den Provinzen Jiangsu und Zhejiang verbreitet in Kultur, ein nat\u00fcrliches Vorkommen ist nicht bekannt. Nach Europa eingef\u00fchrt wurde er 1995 aus dem Botanischen Garten Shanghai durch die Baumschule &#8222;Kimmei&#8220;.<\/p>\n<div><strong><u>Wuchsform<\/u><\/strong><\/div>\n<p>Straff aufrechte Halme, schnelles Wachstum.<\/p>\n<p><img loading=\"lazy\" decoding=\"async\" class=\"aligncenter wp-image-1064 size-full\" src=\"https:\/\/ebs-d-de.prossl.de\/wordpress\/wordpress\/wp-content\/uploads\/2017\/01\/prom_03.jpg\" width=\"887\" height=\"1600\" srcset=\"https:\/\/bambus-deutschland.de\/wp-content\/uploads\/2017\/01\/prom_03.jpg 887w, https:\/\/bambus-deutschland.de\/wp-content\/uploads\/2017\/01\/prom_03-166x300.jpg 166w, https:\/\/bambus-deutschland.de\/wp-content\/uploads\/2017\/01\/prom_03-768x1385.jpg 768w, https:\/\/bambus-deutschland.de\/wp-content\/uploads\/2017\/01\/prom_03-568x1024.jpg 568w\" sizes=\"auto, (max-width: 887px) 100vw, 887px\" \/><\/p>\n<div><strong><u>H\u00f6he\/St\u00e4rke<\/u><\/strong><\/div>\n<p>6-10 Meter<\/p>\n<div><strong><u>Halm\/Halmscheiden<\/u><\/strong><\/div>\n<p>Halme gr\u00fcn, bis 8 cm Durchmesser, \u00e4ltere Halme bekommen auf der Sonnenseite gelblichbraune Flecken, sehr ausgepr\u00e4gte Nodien (daher der Name). Halmscheiden glatt, leicht bl\u00e4ulich mit r\u00f6tlicher und gelblicher Ausf\u00e4rbung oder gr\u00fcnlich-wei\u00df mit kleinen braunen Flecken und Strichen.<\/p>\n<div><strong><u>Blatt<\/u><\/strong><\/div>\n<p>matt gr\u00fcn, 12 cm lang und 2 cm breit.<\/p>\n<p><img loading=\"lazy\" decoding=\"async\" class=\"aligncenter size-full wp-image-1065\" src=\"https:\/\/ebs-d-de.prossl.de\/wordpress\/wordpress\/wp-content\/uploads\/2017\/01\/prom_04.jpg\" alt=\"\" width=\"1064\" height=\"1600\" srcset=\"https:\/\/bambus-deutschland.de\/wp-content\/uploads\/2017\/01\/prom_04.jpg 1064w, https:\/\/bambus-deutschland.de\/wp-content\/uploads\/2017\/01\/prom_04-200x300.jpg 200w, https:\/\/bambus-deutschland.de\/wp-content\/uploads\/2017\/01\/prom_04-768x1155.jpg 768w, https:\/\/bambus-deutschland.de\/wp-content\/uploads\/2017\/01\/prom_04-681x1024.jpg 681w\" sizes=\"auto, (max-width: 1064px) 100vw, 1064px\" \/><\/p>\n<div><strong><u>Winterh\u00e4rte<\/u><\/strong><\/div>\n<p>Etwa -16 bis -18\u00b0C, In h\u00e4rteren Wintern an vielen Standorten oft nicht ausreichend winterhart. Regeneriert relativ langsam nach Winterschaden<\/p>\n<div><strong><u>Standort<\/u><\/strong><\/div>\n<p>Sonne bis Halbschatten, w\u00e4rmeliebend.<\/p>\n<p><strong><u>Gartenpraxis Pflegeanforderung<\/u><\/strong><\/p>\n<p>Solit\u00e4rpflanzung oder Freistellung der unteren Halmpartien wegen besserer Sichtbarkeit der attraktiven Knoten. Rhizomsperre!<\/p>\n<div><strong><u>Topfkultur Raumbegr\u00fcnung<\/u><\/strong><\/div>\n<p>Nur vor\u00fcbergehend Topfkultur. Winterschutz!<\/p>\n<div><strong><u>Bemerkungen<\/u><\/strong><\/div>\n<p>Die neuen Sprossen kommen oft sehr schr\u00e4g aus der Erde, richten sich aber von selbst bogenf\u00f6rmig in die Senkrechte. Insgesamt stehen alle Halme sehr straff aufrecht.<\/p>\n<p><img loading=\"lazy\" decoding=\"async\" class=\"aligncenter size-full wp-image-1067\" src=\"https:\/\/ebs-d-de.prossl.de\/wordpress\/wordpress\/wp-content\/uploads\/2017\/01\/prom_02.jpg\" alt=\"\" width=\"1600\" height=\"1064\" srcset=\"https:\/\/bambus-deutschland.de\/wp-content\/uploads\/2017\/01\/prom_02.jpg 1600w, https:\/\/bambus-deutschland.de\/wp-content\/uploads\/2017\/01\/prom_02-300x200.jpg 300w, https:\/\/bambus-deutschland.de\/wp-content\/uploads\/2017\/01\/prom_02-768x511.jpg 768w, https:\/\/bambus-deutschland.de\/wp-content\/uploads\/2017\/01\/prom_02-1024x681.jpg 1024w\" sizes=\"auto, (max-width: 1600px) 100vw, 1600px\" \/><\/p>\n<p>Abschlie\u00dfend m\u00f6chten wir noch einmal auf die \u00c4hnlichkeiten dieses Bambus zu <em>Phyllostachys vivax<\/em> und <em>Phyllostachys dulcis<\/em> zur\u00fcckkommen. Gewisse Gemeinsamkeiten dieser drei Arten haben in der Vergangenheit zu leicht verst\u00e4ndlichen Verwechslungen gef\u00fchrt und vielleicht war daher dem einen oder anderen EBS Mitglied zum Zeitpunkt der Wahl gar nicht bewusst, welcher Bambus da eigentlich zur Wahl stand. Um die Identifizierung zuk\u00fcnftig etwas leichter zu machen, haben wir versucht, die wichtigsten Unterschiede anhand der Artbeschreibungen [2] zusammenzufassen (Tabelle 1).<\/p>\n<table>\n<tbody>\n<tr>\n<td><strong><em>P. prominens<\/em><\/strong><\/td>\n<td><strong><em>P. dulcis<\/em><\/strong><\/td>\n<td><strong><em>P. vivax<\/em><\/strong><\/td>\n<\/tr>\n<tr>\n<td>sehr auff\u00e4llige Verdickung der Nodien<\/td>\n<td>weniger auff\u00e4llige Verdickung der Nodien<\/td>\n<td>kaum verdickte Nodien und wenn dann asymetrisch<\/td>\n<\/tr>\n<tr>\n<td>Internodien bis 22 cm<\/td>\n<td>Internodien bis 25 cm<\/td>\n<td>Internodien 25-35 cm<\/td>\n<\/tr>\n<tr>\n<td>Halmscheiden gelbbraun, sp\u00e4rlich behaart, mit Flecken, die zum Apex hin deutlich dichter sind<\/td>\n<td>Halmscheiden gelb oder schmutzig wei\u00df gelegentlich gr\u00fcn oder violett meliert (insgesamt viel heller als bei Prominens), sp\u00e4rlich behaart, wenige kleine Flecken<\/td>\n<td>Halmscheiden gelbgr\u00fcn oder gelbbraun gelegentlich violett meliert, unbehaart, viele Flecken, am dichtesten in der Mitte der Halmscheiden<\/td>\n<\/tr>\n<tr>\n<td>Halme normalerweise <strong>nicht<\/strong> bemehlt<\/td>\n<td>Halme anfangs leicht bemehlt<\/td>\n<td>Halme anfangs leicht bemehlt<\/td>\n<\/tr>\n<tr>\n<td>\u00d6hrchen (Halmscheiden) gr\u00fcn oder violett mit langen Haaren\/Fransen<\/td>\n<td>\u00d6hrchen (Halmscheiden) gr\u00fcn oder gr\u00fcn\/violett mit Haaren\/Fransen<\/td>\n<td>Halmscheiden ohne \u00d6hrchen und Haare\/Fransen<\/td>\n<\/tr>\n<\/tbody>\n<\/table>\n<p><sup>Tabelle 1: Wichtigste Unterscheidungsmerkmale zwischen <em>Phyllostachys prominens<\/em>, <em>Phyllostachys dulcis<\/em> und <em>Phyllostachys vivax<\/em>.<\/sup><\/p>\n<p><img loading=\"lazy\" decoding=\"async\" class=\"aligncenter size-full wp-image-1066\" src=\"https:\/\/ebs-d-de.prossl.de\/wordpress\/wordpress\/wp-content\/uploads\/2017\/01\/prom_01.jpg\" alt=\"\" width=\"1600\" height=\"1064\" srcset=\"https:\/\/bambus-deutschland.de\/wp-content\/uploads\/2017\/01\/prom_01.jpg 1600w, https:\/\/bambus-deutschland.de\/wp-content\/uploads\/2017\/01\/prom_01-300x200.jpg 300w, https:\/\/bambus-deutschland.de\/wp-content\/uploads\/2017\/01\/prom_01-768x511.jpg 768w, https:\/\/bambus-deutschland.de\/wp-content\/uploads\/2017\/01\/prom_01-1024x681.jpg 1024w\" sizes=\"auto, (max-width: 1600px) 100vw, 1600px\" \/><\/p>\n","protected":false},"excerpt":{"rendered":"<p>Dr. Steffen Greiner Vorkommen\/Herkunft China besonders in den Provinzen Jiangsu und Zhejiang verbreitet in Kultur, ein nat\u00fcrliches Vorkommen ist nicht bekannt. Nach Europa eingef\u00fchrt wurde er 1995 aus dem Botanischen Garten Shanghai durch die Baumschule &#8222;Kimmei&#8220;. Wuchsform Straff aufrechte Halme, schnelles Wachstum. H\u00f6he\/St\u00e4rke 6-10 Meter Halm\/Halmscheiden Halme gr\u00fcn, bis 8 cm Durchmesser, \u00e4ltere Halme bekommen &hellip; <a href=\"https:\/\/bambus-deutschland.de\/index.php\/beispiel-seite\/bambus-des-jahres\/bambus-des-jahres-portraits\/phyllostachys-prominens-w-y-xiong-bambus-des-jahres-2009\/\" class=\"more-link\"><span class=\"screen-reader-text\">Phyllostachys prominens (W.Y. Xiong), Bambus des Jahres 2009<\/span> weiterlesen <span class=\"meta-nav\">&rarr;<\/span><\/a><\/p>\n","protected":false},"author":6,"featured_media":0,"parent":930,"menu_order":0,"comment_status":"closed","ping_status":"closed","template":"","meta":{"iawp_total_views":155,"footnotes":""},"class_list":["post-1041","page","type-page","status-publish","hentry"],"_links":{"self":[{"href":"https:\/\/bambus-deutschland.de\/index.php\/wp-json\/wp\/v2\/pages\/1041","targetHints":{"allow":["GET"]}}],"collection":[{"href":"https:\/\/bambus-deutschland.de\/index.php\/wp-json\/wp\/v2\/pages"}],"about":[{"href":"https:\/\/bambus-deutschland.de\/index.php\/wp-json\/wp\/v2\/types\/page"}],"author":[{"embeddable":true,"href":"https:\/\/bambus-deutschland.de\/index.php\/wp-json\/wp\/v2\/users\/6"}],"replies":[{"embeddable":true,"href":"https:\/\/bambus-deutschland.de\/index.php\/wp-json\/wp\/v2\/comments?post=1041"}],"version-history":[{"count":10,"href":"https:\/\/bambus-deutschland.de\/index.php\/wp-json\/wp\/v2\/pages\/1041\/revisions"}],"predecessor-version":[{"id":2392,"href":"https:\/\/bambus-deutschland.de\/index.php\/wp-json\/wp\/v2\/pages\/1041\/revisions\/2392"}],"up":[{"embeddable":true,"href":"https:\/\/bambus-deutschland.de\/index.php\/wp-json\/wp\/v2\/pages\/930"}],"wp:attachment":[{"href":"https:\/\/bambus-deutschland.de\/index.php\/wp-json\/wp\/v2\/media?parent=1041"}],"curies":[{"name":"wp","href":"https:\/\/api.w.org\/{rel}","templated":true}]}}

<p><strong>Dr. Steffen Greiner</strong></p>
<div><span style="text-decoration: underline;"><strong>Vorkommen/Herkunft</strong></span></div>
<p>China besonders in den Provinzen Jiangsu und Zhejiang verbreitet in Kultur, ein natürliches Vorkommen ist nicht bekannt. Nach Europa eingeführt wurde er 1995 aus dem Botanischen Garten Shanghai durch die Baumschule &#8222;Kimmei&#8220;.</p>
<div><strong><u>Wuchsform</u></strong></div>
<p>Straff aufrechte Halme, schnelles Wachstum.</p>
<p><img loading="lazy" decoding="async" class="aligncenter wp-image-1064 size-full" src="https://ebs-d-de.prossl.de/wordpress/wordpress/wp-content/uploads/2017/01/prom_03.jpg" width="887" height="1600" srcset="https://bambus-deutschland.de/wp-content/uploads/2017/01/prom_03.jpg 887w, https://bambus-deutschland.de/wp-content/uploads/2017/01/prom_03-166x300.jpg 166w, https://bambus-deutschland.de/wp-content/uploads/2017/01/prom_03-768x1385.jpg 768w, https://bambus-deutschland.de/wp-content/uploads/2017/01/prom_03-568x1024.jpg 568w" sizes="auto, (max-width: 887px) 100vw, 887px" /></p>
<div><strong><u>Höhe/Stärke</u></strong></div>
<p>6-10 Meter</p>
<div><strong><u>Halm/Halmscheiden</u></strong></div>
<p>Halme grün, bis 8 cm Durchmesser, ältere Halme bekommen auf der Sonnenseite gelblichbraune Flecken, sehr ausgeprägte Nodien (daher der Name). Halmscheiden glatt, leicht bläulich mit rötlicher und gelblicher Ausfärbung oder grünlich-weiß mit kleinen braunen Flecken und Strichen.</p>
<div><strong><u>Blatt</u></strong></div>
<p>matt grün, 12 cm lang und 2 cm breit.</p>
<p><img loading="lazy" decoding="async" class="aligncenter size-full wp-image-1065" src="https://ebs-d-de.prossl.de/wordpress/wordpress/wp-content/uploads/2017/01/prom_04.jpg" alt="" width="1064" height="1600" srcset="https://bambus-deutschland.de/wp-content/uploads/2017/01/prom_04.jpg 1064w, https://bambus-deutschland.de/wp-content/uploads/2017/01/prom_04-200x300.jpg 200w, https://bambus-deutschland.de/wp-content/uploads/2017/01/prom_04-768x1155.jpg 768w, https://bambus-deutschland.de/wp-content/uploads/2017/01/prom_04-681x1024.jpg 681w" sizes="auto, (max-width: 1064px) 100vw, 1064px" /></p>
<div><strong><u>Winterhärte</u></strong></div>
<p>Etwa -16 bis -18°C, In härteren Wintern an vielen Standorten oft nicht ausreichend winterhart. Regeneriert relativ langsam nach Winterschaden</p>
<div><strong><u>Standort</u></strong></div>
<p>Sonne bis Halbschatten, wärmeliebend.</p>
<p><strong><u>Gartenpraxis Pflegeanforderung</u></strong></p>
<p>Solitärpflanzung oder Freistellung der unteren Halmpartien wegen besserer Sichtbarkeit der attraktiven Knoten. Rhizomsperre!</p>
<div><strong><u>Topfkultur Raumbegrünung</u></strong></div>
<p>Nur vorübergehend Topfkultur. Winterschutz!</p>
<div><strong><u>Bemerkungen</u></strong></div>
<p>Die neuen Sprossen kommen oft sehr schräg aus der Erde, richten sich aber von selbst bogenförmig in die Senkrechte. Insgesamt stehen alle Halme sehr straff aufrecht.</p>
<p><img loading="lazy" decoding="async" class="aligncenter size-full wp-image-1067" src="https://ebs-d-de.prossl.de/wordpress/wordpress/wp-content/uploads/2017/01/prom_02.jpg" alt="" width="1600" height="1064" srcset="https://bambus-deutschland.de/wp-content/uploads/2017/01/prom_02.jpg 1600w, https://bambus-deutschland.de/wp-content/uploads/2017/01/prom_02-300x200.jpg 300w, https://bambus-deutschland.de/wp-content/uploads/2017/01/prom_02-768x511.jpg 768w, https://bambus-deutschland.de/wp-content/uploads/2017/01/prom_02-1024x681.jpg 1024w" sizes="auto, (max-width: 1600px) 100vw, 1600px" /></p>
<p>Abschließend möchten wir noch einmal auf die Ähnlichkeiten dieses Bambus zu <em>Phyllostachys vivax</em> und <em>Phyllostachys dulcis</em> zurückkommen. Gewisse Gemeinsamkeiten dieser drei Arten haben in der Vergangenheit zu leicht verständlichen Verwechslungen geführt und vielleicht war daher dem einen oder anderen EBS Mitglied zum Zeitpunkt der Wahl gar nicht bewusst, welcher Bambus da eigentlich zur Wahl stand. Um die Identifizierung zukünftig etwas leichter zu machen, haben wir versucht, die wichtigsten Unterschiede anhand der Artbeschreibungen [2] zusammenzufassen (Tabelle 1).</p>
<table>
<tbody>
<tr>
<td><strong><em>P. prominens</em></strong></td>
<td><strong><em>P. dulcis</em></strong></td>
<td><strong><em>P. vivax</em></strong></td>
</tr>
<tr>
<td>sehr auffällige Verdickung der Nodien</td>
<td>weniger auffällige Verdickung der Nodien</td>
<td>kaum verdickte Nodien und wenn dann asymetrisch</td>
</tr>
<tr>
<td>Internodien bis 22 cm</td>
<td>Internodien bis 25 cm</td>
<td>Internodien 25-35 cm</td>
</tr>
<tr>
<td>Halmscheiden gelbbraun, spärlich behaart, mit Flecken, die zum Apex hin deutlich dichter sind</td>
<td>Halmscheiden gelb oder schmutzig weiß gelegentlich grün oder violett meliert (insgesamt viel heller als bei Prominens), spärlich behaart, wenige kleine Flecken</td>
<td>Halmscheiden gelbgrün oder gelbbraun gelegentlich violett meliert, unbehaart, viele Flecken, am dichtesten in der Mitte der Halmscheiden</td>
</tr>
<tr>
<td>Halme normalerweise <strong>nicht</strong> bemehlt</td>
<td>Halme anfangs leicht bemehlt</td>
<td>Halme anfangs leicht bemehlt</td>
</tr>
<tr>
<td>Öhrchen (Halmscheiden) grün oder violett mit langen Haaren/Fransen</td>
<td>Öhrchen (Halmscheiden) grün oder grün/violett mit Haaren/Fransen</td>
<td>Halmscheiden ohne Öhrchen und Haare/Fransen</td>
</tr>
</tbody>
</table>
<p><sup>Tabelle 1: Wichtigste Unterscheidungsmerkmale zwischen <em>Phyllostachys prominens</em>, <em>Phyllostachys dulcis</em> und <em>Phyllostachys vivax</em>.</sup></p>
<p><img loading="lazy" decoding="async" class="aligncenter size-full wp-image-1066" src="https://ebs-d-de.prossl.de/wordpress/wordpress/wp-content/uploads/2017/01/prom_01.jpg" alt="" width="1600" height="1064" srcset="https://bambus-deutschland.de/wp-content/uploads/2017/01/prom_01.jpg 1600w, https://bambus-deutschland.de/wp-content/uploads/2017/01/prom_01-300x200.jpg 300w, https://bambus-deutschland.de/wp-content/uploads/2017/01/prom_01-768x511.jpg 768w, https://bambus-deutschland.de/wp-content/uploads/2017/01/prom_01-1024x681.jpg 1024w" sizes="auto, (max-width: 1600px) 100vw, 1600px" /></p>

<p>Dr. Steffen Greiner Vorkommen/Herkunft China besonders in den Provinzen Jiangsu und Zhejiang verbreitet in Kultur, ein natürliches Vorkommen ist nicht bekannt. Nach Europa eingeführt wurde er 1995 aus dem Botanischen Garten Shanghai durch die Baumschule &#8222;Kimmei&#8220;. Wuchsform Straff aufrechte Halme, schnelles Wachstum. Höhe/Stärke 6-10 Meter Halm/Halmscheiden Halme grün, bis 8 cm Durchmesser, ältere Halme bekommen &hellip; <a href="https://bambus-deutschland.de/index.php/beispiel-seite/bambus-des-jahres/bambus-des-jahres-portraits/phyllostachys-prominens-w-y-xiong-bambus-des-jahres-2009/" class="more-link"><span class="screen-reader-text">Phyllostachys prominens (W.Y. Xiong), Bambus des Jahres 2009</span> weiterlesen <span class="meta-nav">&rarr;</span></a></p>
