{"id":1048,"date":"2017-01-20T18:17:47","date_gmt":"2017-01-20T17:17:47","guid":{"rendered":"https:\/\/ebs-d-de.prossl.de\/wordpress\/wordpress\/?page_id=1048"},"modified":"2019-05-27T15:58:22","modified_gmt":"2019-05-27T13:58:22","slug":"phyllostachys-parvifolia-bambus-des-jahres-2006","status":"publish","type":"page","link":"https:\/\/bambus-deutschland.de\/index.php\/beispiel-seite\/bambus-des-jahres\/bambus-des-jahres-portraits\/phyllostachys-parvifolia-bambus-des-jahres-2006\/","title":{"rendered":"Phyllostachys parvifolia, Bambus des Jahres 2006"},"content":{"rendered":"<h6>Dr. Steffen Greiner<\/h6>\n<div><span style=\"text-decoration: underline;\"><strong>Vorkommen\/Herkunft<\/strong><\/span><\/div>\n<p>Einf\u00fchrung 1990 aus China, Zheijang, N\u00e4he Hangzhou, im Gebiet um Anji am 29. Breitengrad (ca. 230 km westlich von Shanghai) auf einer H\u00f6he um 200 m \u00fcNN.<\/p>\n<div><strong><u>Wuchsform<\/u><\/strong><\/div>\n<p>Halme anfangs schr\u00e4g, sp\u00e4ter straff aufrecht und sehr dicht, ausl\u00e4ufertreibend.<\/p>\n<p><img loading=\"lazy\" decoding=\"async\" class=\"aligncenter wp-image-1096 size-full\" src=\"https:\/\/ebs-d-de.prossl.de\/wordpress\/wordpress\/wp-content\/uploads\/2017\/01\/2-Bestand-29-8-05-.jpg\" width=\"1067\" height=\"1600\" srcset=\"https:\/\/bambus-deutschland.de\/wp-content\/uploads\/2017\/01\/2-Bestand-29-8-05-.jpg 1067w, https:\/\/bambus-deutschland.de\/wp-content\/uploads\/2017\/01\/2-Bestand-29-8-05--200x300.jpg 200w, https:\/\/bambus-deutschland.de\/wp-content\/uploads\/2017\/01\/2-Bestand-29-8-05--768x1152.jpg 768w, https:\/\/bambus-deutschland.de\/wp-content\/uploads\/2017\/01\/2-Bestand-29-8-05--683x1024.jpg 683w\" sizes=\"auto, (max-width: 1067px) 100vw, 1067px\" \/><\/p>\n<div><strong><u>H\u00f6he\/St\u00e4rke<\/u><\/strong><\/div>\n<p>6-10 Meter bei bis zu 6 cm Durchmesser<\/p>\n<div><strong><u>Halm\/Halmscheiden<\/u><\/strong><\/div>\n<p>Junger Halm gr\u00fcn, purpur streifig, stark bereift unter den Nodien, alte Halme gr\u00e4ulich, leichte W\u00f6lbung der Nodien. Scheidenbl\u00e4tter blassbr\u00e4unlich bis rotbr\u00e4unlich, ohne Flecken, nur l\u00e4ngsgestreift mit einem rosa Hauch; ohne \u00d6hrchen.<\/p>\n<div><strong><u>Blatt<\/u><\/strong><\/div>\n<p>Schmal, kurz, lanzettlich, 4 bis 6 cm lang, 0,8 bis 1,2 cm breit, behaarte Blattunterseite. Bebl\u00e4tterung oft bis in Bodenn\u00e4he.<\/p>\n<figure id=\"attachment_1111\" aria-describedby=\"caption-attachment-1111\" style=\"width: 3264px\" class=\"wp-caption aligncenter\"><img loading=\"lazy\" decoding=\"async\" class=\"wp-image-1111 size-full\" src=\"https:\/\/ebs-d-de.prossl.de\/wordpress\/wordpress\/wp-content\/uploads\/2017\/01\/parvi-P1100793.jpg\" width=\"3264\" height=\"2448\" srcset=\"https:\/\/bambus-deutschland.de\/wp-content\/uploads\/2017\/01\/parvi-P1100793.jpg 3264w, https:\/\/bambus-deutschland.de\/wp-content\/uploads\/2017\/01\/parvi-P1100793-300x225.jpg 300w, https:\/\/bambus-deutschland.de\/wp-content\/uploads\/2017\/01\/parvi-P1100793-768x576.jpg 768w, https:\/\/bambus-deutschland.de\/wp-content\/uploads\/2017\/01\/parvi-P1100793-1024x768.jpg 1024w\" sizes=\"auto, (max-width: 3264px) 100vw, 3264px\" \/><figcaption id=\"caption-attachment-1111\" class=\"wp-caption-text\">Phyllostachys parvifolia, Foto: Ute Au\u00dfem<\/figcaption><\/figure>\n<div><strong><u>Winterh\u00e4rte<\/u><\/strong><\/div>\n<p>Gut winterhart, etwa -20\u00b0C, evtl. noch etwas tiefer.<\/p>\n<div><strong><u>Standort<\/u><\/strong><\/div>\n<p>Solit\u00e4r, Sichtschutz\/Hecke, Hain, Formschnitt\/Topiary.<\/p>\n<p><img loading=\"lazy\" decoding=\"async\" class=\"aligncenter size-full wp-image-1097\" src=\"https:\/\/ebs-d-de.prossl.de\/wordpress\/wordpress\/wp-content\/uploads\/2017\/01\/Austriebe-Bestand-10-6-05.jpg\" alt=\"\" width=\"1067\" height=\"1600\" srcset=\"https:\/\/bambus-deutschland.de\/wp-content\/uploads\/2017\/01\/Austriebe-Bestand-10-6-05.jpg 1067w, https:\/\/bambus-deutschland.de\/wp-content\/uploads\/2017\/01\/Austriebe-Bestand-10-6-05-200x300.jpg 200w, https:\/\/bambus-deutschland.de\/wp-content\/uploads\/2017\/01\/Austriebe-Bestand-10-6-05-768x1152.jpg 768w, https:\/\/bambus-deutschland.de\/wp-content\/uploads\/2017\/01\/Austriebe-Bestand-10-6-05-683x1024.jpg 683w\" sizes=\"auto, (max-width: 1067px) 100vw, 1067px\" \/><\/p>\n<div><strong><u>Gartenpraxis Pflegeanforderung<\/u><\/strong><\/div>\n<p>Ausl\u00e4ufertreibend, daher Rhizomsperre empfohlen, Ausbreitungsdrang aber an vielen Standorten geringer als bei anderen Phyllostachys.<\/p>\n<div><strong><u>Topfkultur Raumbegr\u00fcnung<\/u><\/strong><\/div>\n<p>F\u00fcr Topfhaltung vor\u00fcbergehend geeignet. Achtung, im K\u00fcbel deutlich frostempfindlicher.<\/p>\n<div><strong><u>Bemerkungen<\/u><\/strong><\/div>\n<p>Wegen der meist tief ansetzenden Seitenzweige als Sichtschutz, L\u00e4rmschutz und Windschutz geeignet. Es gibt Hinweise auf verschiedene Klone mit unterschiedlichen Eigenschaften.<\/p>\n<figure id=\"attachment_1094\" aria-describedby=\"caption-attachment-1094\" style=\"width: 1291px\" class=\"wp-caption aligncenter\"><img loading=\"lazy\" decoding=\"async\" class=\"size-full wp-image-1094\" src=\"https:\/\/ebs-d-de.prossl.de\/wordpress\/wordpress\/wp-content\/uploads\/2017\/01\/parvifolia-Nodien-r\u00f6tl-Zwe.jpg\" alt=\"\" width=\"1291\" height=\"861\" srcset=\"https:\/\/bambus-deutschland.de\/wp-content\/uploads\/2017\/01\/parvifolia-Nodien-r\u00f6tl-Zwe.jpg 1291w, https:\/\/bambus-deutschland.de\/wp-content\/uploads\/2017\/01\/parvifolia-Nodien-r\u00f6tl-Zwe-300x200.jpg 300w, https:\/\/bambus-deutschland.de\/wp-content\/uploads\/2017\/01\/parvifolia-Nodien-r\u00f6tl-Zwe-768x512.jpg 768w, https:\/\/bambus-deutschland.de\/wp-content\/uploads\/2017\/01\/parvifolia-Nodien-r\u00f6tl-Zwe-1024x683.jpg 1024w\" sizes=\"auto, (max-width: 1291px) 100vw, 1291px\" \/><figcaption id=\"caption-attachment-1094\" class=\"wp-caption-text\">R\u00f6tliche Zweige an einem vollsonnigen Standort<\/figcaption><\/figure>\n","protected":false},"excerpt":{"rendered":"<p>Dr. Steffen Greiner Vorkommen\/Herkunft Einf\u00fchrung 1990 aus China, Zheijang, N\u00e4he Hangzhou, im Gebiet um Anji am 29. Breitengrad (ca. 230 km westlich von Shanghai) auf einer H\u00f6he um 200 m \u00fcNN. Wuchsform Halme anfangs schr\u00e4g, sp\u00e4ter straff aufrecht und sehr dicht, ausl\u00e4ufertreibend. H\u00f6he\/St\u00e4rke 6-10 Meter bei bis zu 6 cm Durchmesser Halm\/Halmscheiden Junger Halm gr\u00fcn, &hellip; <a href=\"https:\/\/bambus-deutschland.de\/index.php\/beispiel-seite\/bambus-des-jahres\/bambus-des-jahres-portraits\/phyllostachys-parvifolia-bambus-des-jahres-2006\/\" class=\"more-link\"><span class=\"screen-reader-text\">Phyllostachys parvifolia, Bambus des Jahres 2006<\/span> weiterlesen <span class=\"meta-nav\">&rarr;<\/span><\/a><\/p>\n","protected":false},"author":6,"featured_media":0,"parent":930,"menu_order":0,"comment_status":"closed","ping_status":"closed","template":"","meta":{"iawp_total_views":238,"footnotes":""},"class_list":["post-1048","page","type-page","status-publish","hentry"],"_links":{"self":[{"href":"https:\/\/bambus-deutschland.de\/index.php\/wp-json\/wp\/v2\/pages\/1048","targetHints":{"allow":["GET"]}}],"collection":[{"href":"https:\/\/bambus-deutschland.de\/index.php\/wp-json\/wp\/v2\/pages"}],"about":[{"href":"https:\/\/bambus-deutschland.de\/index.php\/wp-json\/wp\/v2\/types\/page"}],"author":[{"embeddable":true,"href":"https:\/\/bambus-deutschland.de\/index.php\/wp-json\/wp\/v2\/users\/6"}],"replies":[{"embeddable":true,"href":"https:\/\/bambus-deutschland.de\/index.php\/wp-json\/wp\/v2\/comments?post=1048"}],"version-history":[{"count":12,"href":"https:\/\/bambus-deutschland.de\/index.php\/wp-json\/wp\/v2\/pages\/1048\/revisions"}],"predecessor-version":[{"id":2389,"href":"https:\/\/bambus-deutschland.de\/index.php\/wp-json\/wp\/v2\/pages\/1048\/revisions\/2389"}],"up":[{"embeddable":true,"href":"https:\/\/bambus-deutschland.de\/index.php\/wp-json\/wp\/v2\/pages\/930"}],"wp:attachment":[{"href":"https:\/\/bambus-deutschland.de\/index.php\/wp-json\/wp\/v2\/media?parent=1048"}],"curies":[{"name":"wp","href":"https:\/\/api.w.org\/{rel}","templated":true}]}}

<h6>Dr. Steffen Greiner</h6>
<div><span style="text-decoration: underline;"><strong>Vorkommen/Herkunft</strong></span></div>
<p>Einführung 1990 aus China, Zheijang, Nähe Hangzhou, im Gebiet um Anji am 29. Breitengrad (ca. 230 km westlich von Shanghai) auf einer Höhe um 200 m üNN.</p>
<div><strong><u>Wuchsform</u></strong></div>
<p>Halme anfangs schräg, später straff aufrecht und sehr dicht, ausläufertreibend.</p>
<p><img loading="lazy" decoding="async" class="aligncenter wp-image-1096 size-full" src="https://ebs-d-de.prossl.de/wordpress/wordpress/wp-content/uploads/2017/01/2-Bestand-29-8-05-.jpg" width="1067" height="1600" srcset="https://bambus-deutschland.de/wp-content/uploads/2017/01/2-Bestand-29-8-05-.jpg 1067w, https://bambus-deutschland.de/wp-content/uploads/2017/01/2-Bestand-29-8-05--200x300.jpg 200w, https://bambus-deutschland.de/wp-content/uploads/2017/01/2-Bestand-29-8-05--768x1152.jpg 768w, https://bambus-deutschland.de/wp-content/uploads/2017/01/2-Bestand-29-8-05--683x1024.jpg 683w" sizes="auto, (max-width: 1067px) 100vw, 1067px" /></p>
<div><strong><u>Höhe/Stärke</u></strong></div>
<p>6-10 Meter bei bis zu 6 cm Durchmesser</p>
<div><strong><u>Halm/Halmscheiden</u></strong></div>
<p>Junger Halm grün, purpur streifig, stark bereift unter den Nodien, alte Halme gräulich, leichte Wölbung der Nodien. Scheidenblätter blassbräunlich bis rotbräunlich, ohne Flecken, nur längsgestreift mit einem rosa Hauch; ohne Öhrchen.</p>
<div><strong><u>Blatt</u></strong></div>
<p>Schmal, kurz, lanzettlich, 4 bis 6 cm lang, 0,8 bis 1,2 cm breit, behaarte Blattunterseite. Beblätterung oft bis in Bodennähe.</p>
<figure id="attachment_1111" aria-describedby="caption-attachment-1111" style="width: 3264px" class="wp-caption aligncenter"><img loading="lazy" decoding="async" class="wp-image-1111 size-full" src="https://ebs-d-de.prossl.de/wordpress/wordpress/wp-content/uploads/2017/01/parvi-P1100793.jpg" width="3264" height="2448" srcset="https://bambus-deutschland.de/wp-content/uploads/2017/01/parvi-P1100793.jpg 3264w, https://bambus-deutschland.de/wp-content/uploads/2017/01/parvi-P1100793-300x225.jpg 300w, https://bambus-deutschland.de/wp-content/uploads/2017/01/parvi-P1100793-768x576.jpg 768w, https://bambus-deutschland.de/wp-content/uploads/2017/01/parvi-P1100793-1024x768.jpg 1024w" sizes="auto, (max-width: 3264px) 100vw, 3264px" /><figcaption id="caption-attachment-1111" class="wp-caption-text">Phyllostachys parvifolia, Foto: Ute Außem</figcaption></figure>
<div><strong><u>Winterhärte</u></strong></div>
<p>Gut winterhart, etwa -20°C, evtl. noch etwas tiefer.</p>
<div><strong><u>Standort</u></strong></div>
<p>Solitär, Sichtschutz/Hecke, Hain, Formschnitt/Topiary.</p>
<p><img loading="lazy" decoding="async" class="aligncenter size-full wp-image-1097" src="https://ebs-d-de.prossl.de/wordpress/wordpress/wp-content/uploads/2017/01/Austriebe-Bestand-10-6-05.jpg" alt="" width="1067" height="1600" srcset="https://bambus-deutschland.de/wp-content/uploads/2017/01/Austriebe-Bestand-10-6-05.jpg 1067w, https://bambus-deutschland.de/wp-content/uploads/2017/01/Austriebe-Bestand-10-6-05-200x300.jpg 200w, https://bambus-deutschland.de/wp-content/uploads/2017/01/Austriebe-Bestand-10-6-05-768x1152.jpg 768w, https://bambus-deutschland.de/wp-content/uploads/2017/01/Austriebe-Bestand-10-6-05-683x1024.jpg 683w" sizes="auto, (max-width: 1067px) 100vw, 1067px" /></p>
<div><strong><u>Gartenpraxis Pflegeanforderung</u></strong></div>
<p>Ausläufertreibend, daher Rhizomsperre empfohlen, Ausbreitungsdrang aber an vielen Standorten geringer als bei anderen Phyllostachys.</p>
<div><strong><u>Topfkultur Raumbegrünung</u></strong></div>
<p>Für Topfhaltung vorübergehend geeignet. Achtung, im Kübel deutlich frostempfindlicher.</p>
<div><strong><u>Bemerkungen</u></strong></div>
<p>Wegen der meist tief ansetzenden Seitenzweige als Sichtschutz, Lärmschutz und Windschutz geeignet. Es gibt Hinweise auf verschiedene Klone mit unterschiedlichen Eigenschaften.</p>
<figure id="attachment_1094" aria-describedby="caption-attachment-1094" style="width: 1291px" class="wp-caption aligncenter"><img loading="lazy" decoding="async" class="size-full wp-image-1094" src="https://ebs-d-de.prossl.de/wordpress/wordpress/wp-content/uploads/2017/01/parvifolia-Nodien-rötl-Zwe.jpg" alt="" width="1291" height="861" srcset="https://bambus-deutschland.de/wp-content/uploads/2017/01/parvifolia-Nodien-rötl-Zwe.jpg 1291w, https://bambus-deutschland.de/wp-content/uploads/2017/01/parvifolia-Nodien-rötl-Zwe-300x200.jpg 300w, https://bambus-deutschland.de/wp-content/uploads/2017/01/parvifolia-Nodien-rötl-Zwe-768x512.jpg 768w, https://bambus-deutschland.de/wp-content/uploads/2017/01/parvifolia-Nodien-rötl-Zwe-1024x683.jpg 1024w" sizes="auto, (max-width: 1291px) 100vw, 1291px" /><figcaption id="caption-attachment-1094" class="wp-caption-text">Rötliche Zweige an einem vollsonnigen Standort</figcaption></figure>

<p>Dr. Steffen Greiner Vorkommen/Herkunft Einführung 1990 aus China, Zheijang, Nähe Hangzhou, im Gebiet um Anji am 29. Breitengrad (ca. 230 km westlich von Shanghai) auf einer Höhe um 200 m üNN. Wuchsform Halme anfangs schräg, später straff aufrecht und sehr dicht, ausläufertreibend. Höhe/Stärke 6-10 Meter bei bis zu 6 cm Durchmesser Halm/Halmscheiden Junger Halm grün, &hellip; <a href="https://bambus-deutschland.de/index.php/beispiel-seite/bambus-des-jahres/bambus-des-jahres-portraits/phyllostachys-parvifolia-bambus-des-jahres-2006/" class="more-link"><span class="screen-reader-text">Phyllostachys parvifolia, Bambus des Jahres 2006</span> weiterlesen <span class="meta-nav">&rarr;</span></a></p>
