{"id":1122,"date":"2017-01-20T19:57:55","date_gmt":"2017-01-20T18:57:55","guid":{"rendered":"https:\/\/ebs-d-de.prossl.de\/wordpress\/wordpress\/?page_id=1122"},"modified":"2024-01-15T13:08:32","modified_gmt":"2024-01-15T12:08:32","slug":"ebs-d-regionalgruppen","status":"publish","type":"page","link":"https:\/\/bambus-deutschland.de\/index.php\/members-area\/ebs-d-regionalgruppen\/","title":{"rendered":"EBS-D Regionalgruppen"},"content":{"rendered":"<h3><strong>Ihre Ansprechpartner in den Regionalgruppen<\/strong><\/h3>\n<p>Wir w\u00fcnschen uns einen besseren Kontakt untereinander. Alle Bambusbegeisterten sollen wissen, welche anderen Mitglieder in ihrer N\u00e4he zu finden sind, mit denen sie sich austauschen k\u00f6nnen. Das Ziel ist, kurzfristige aktuelle Informationen aus der Region an einen definierten Kreis heranzutragen und so das Vereinsleben zu aktivieren.<\/p>\n<p>F\u00fcnf Ansprechpartner, \u00fcber die die Kontakte hergestellt werden k\u00f6nnen, haben sich inzwischen gefunden. Sie sind \u00fcber EBS-D Mailadressen zu erreichen und \u2013 f\u00fcr die Mitglieder, die nicht \u00fcber Internet verf\u00fcgen \u2013 \u00fcber Telefon. Ab jetzt werden diese Angaben in jeder Ausgabe des Bambus-Journals im Impressum zu finden sein.<\/p>\n<p>Machen Sie Gebrauch von dieser Kontaktm\u00f6glichkeit, unterst\u00fctzen Sie diese Mitglieder, indem Sie Vorschl\u00e4ge f\u00fcr Aktivit\u00e4ten machen oder z.B. eine Einladung in Ihren Garten \u00fcber diese Regionalgruppen Ansprechpartner weiterleiten lassen.<\/p>\n<div><strong>Nord:<\/strong> Hendrik Brauer<\/div>\n<div><a href=\"mailto:hendrik.brauer@bambus-deutschland.de\">hendrik.brauer@bambus-deutschland.de<\/a><\/div>\n<p>Tel. 0160 95145890<\/p>\n<div><strong>West:<\/strong> J\u00fcrgen Schmitz<\/div>\n<div><a href=\"mailto:juergen.schmitz@bambus-deutschland.de\">juergen.schmitz@bambus-deutschland.de<\/a><\/div>\n<p>Tel. 02454 9348875<\/p>\n<div><strong>Ost:<\/strong> Andreas Milz<\/div>\n<div><a href=\"mailto:andreas.milz@bambus-deutschland.de\">andreas.milz@bambus-deutschland.de<\/a><\/div>\n<p>Tel. 0160 3515666 (nach 18.00 Uhr)<\/p>\n<div><strong>Mitte:<\/strong> Ilse Rauch<\/div>\n<div><a href=\"mailto:ilse.rauch@bambus-deutschland.de\">ilse.rauch@bambus-deutschland.de<\/a><\/div>\n<p>Tel. 06144 401982<\/p>\n<div><strong>S\u00fcd:<\/strong> Karl-Martin Schott<\/div>\n<div><a href=\"mailto:karl-martin.schott@bambus-deutschland.de\">karl-martin.schott@bambus-deutschland.de<\/a><\/div>\n<p>Tel. 07644 1655<\/p>\n<p><img loading=\"lazy\" decoding=\"async\" class=\"wp-image-3841 size-full alignnone\" src=\"https:\/\/bambus-deutschland.de\/wp-content\/uploads\/2020\/10\/Regionalgruppen-nach-PLZ.jpg\" alt=\"\" width=\"495\" height=\"667\" srcset=\"https:\/\/bambus-deutschland.de\/wp-content\/uploads\/2020\/10\/Regionalgruppen-nach-PLZ.jpg 495w, https:\/\/bambus-deutschland.de\/wp-content\/uploads\/2020\/10\/Regionalgruppen-nach-PLZ-223x300.jpg 223w\" sizes=\"auto, (max-width: 495px) 100vw, 495px\" \/><\/p>\n<h6>Bericht aus dem Bambus-Journal 4 2016<\/h6>\n","protected":false},"excerpt":{"rendered":"<p>Ihre Ansprechpartner in den Regionalgruppen Wir w\u00fcnschen uns einen besseren Kontakt untereinander. Alle Bambusbegeisterten sollen wissen, welche anderen Mitglieder in ihrer N\u00e4he zu finden sind, mit denen sie sich austauschen k\u00f6nnen. Das Ziel ist, kurzfristige aktuelle Informationen aus der Region an einen definierten Kreis heranzutragen und so das Vereinsleben zu aktivieren. F\u00fcnf Ansprechpartner, \u00fcber die &hellip; <a href=\"https:\/\/bambus-deutschland.de\/index.php\/members-area\/ebs-d-regionalgruppen\/\" class=\"more-link\"><span class=\"screen-reader-text\">EBS-D Regionalgruppen<\/span> weiterlesen <span class=\"meta-nav\">&rarr;<\/span><\/a><\/p>\n","protected":false},"author":6,"featured_media":0,"parent":111,"menu_order":0,"comment_status":"closed","ping_status":"closed","template":"","meta":{"iawp_total_views":68,"footnotes":""},"class_list":["post-1122","page","type-page","status-publish","hentry"],"_links":{"self":[{"href":"https:\/\/bambus-deutschland.de\/index.php\/wp-json\/wp\/v2\/pages\/1122","targetHints":{"allow":["GET"]}}],"collection":[{"href":"https:\/\/bambus-deutschland.de\/index.php\/wp-json\/wp\/v2\/pages"}],"about":[{"href":"https:\/\/bambus-deutschland.de\/index.php\/wp-json\/wp\/v2\/types\/page"}],"author":[{"embeddable":true,"href":"https:\/\/bambus-deutschland.de\/index.php\/wp-json\/wp\/v2\/users\/6"}],"replies":[{"embeddable":true,"href":"https:\/\/bambus-deutschland.de\/index.php\/wp-json\/wp\/v2\/comments?post=1122"}],"version-history":[{"count":19,"href":"https:\/\/bambus-deutschland.de\/index.php\/wp-json\/wp\/v2\/pages\/1122\/revisions"}],"predecessor-version":[{"id":4348,"href":"https:\/\/bambus-deutschland.de\/index.php\/wp-json\/wp\/v2\/pages\/1122\/revisions\/4348"}],"up":[{"embeddable":true,"href":"https:\/\/bambus-deutschland.de\/index.php\/wp-json\/wp\/v2\/pages\/111"}],"wp:attachment":[{"href":"https:\/\/bambus-deutschland.de\/index.php\/wp-json\/wp\/v2\/media?parent=1122"}],"curies":[{"name":"wp","href":"https:\/\/api.w.org\/{rel}","templated":true}]}}

<h3><strong>Ihre Ansprechpartner in den Regionalgruppen</strong></h3>
<p>Wir wünschen uns einen besseren Kontakt untereinander. Alle Bambusbegeisterten sollen wissen, welche anderen Mitglieder in ihrer Nähe zu finden sind, mit denen sie sich austauschen können. Das Ziel ist, kurzfristige aktuelle Informationen aus der Region an einen definierten Kreis heranzutragen und so das Vereinsleben zu aktivieren.</p>
<p>Fünf Ansprechpartner, über die die Kontakte hergestellt werden können, haben sich inzwischen gefunden. Sie sind über EBS-D Mailadressen zu erreichen und – für die Mitglieder, die nicht über Internet verfügen – über Telefon. Ab jetzt werden diese Angaben in jeder Ausgabe des Bambus-Journals im Impressum zu finden sein.</p>
<p>Machen Sie Gebrauch von dieser Kontaktmöglichkeit, unterstützen Sie diese Mitglieder, indem Sie Vorschläge für Aktivitäten machen oder z.B. eine Einladung in Ihren Garten über diese Regionalgruppen Ansprechpartner weiterleiten lassen.</p>
<div><strong>Nord:</strong> Hendrik Brauer</div>
<div><a href="mailto:hendrik.brauer@bambus-deutschland.de">hendrik.brauer@bambus-deutschland.de</a></div>
<p>Tel. 0160 95145890</p>
<div><strong>West:</strong> Jürgen Schmitz</div>
<div><a href="mailto:juergen.schmitz@bambus-deutschland.de">juergen.schmitz@bambus-deutschland.de</a></div>
<p>Tel. 02454 9348875</p>
<div><strong>Ost:</strong> Andreas Milz</div>
<div><a href="mailto:andreas.milz@bambus-deutschland.de">andreas.milz@bambus-deutschland.de</a></div>
<p>Tel. 0160 3515666 (nach 18.00 Uhr)</p>
<div><strong>Mitte:</strong> Ilse Rauch</div>
<div><a href="mailto:ilse.rauch@bambus-deutschland.de">ilse.rauch@bambus-deutschland.de</a></div>
<p>Tel. 06144 401982</p>
<div><strong>Süd:</strong> Karl-Martin Schott</div>
<div><a href="mailto:karl-martin.schott@bambus-deutschland.de">karl-martin.schott@bambus-deutschland.de</a></div>
<p>Tel. 07644 1655</p>
<p><img loading="lazy" decoding="async" class="wp-image-3841 size-full alignnone" src="https://bambus-deutschland.de/wp-content/uploads/2020/10/Regionalgruppen-nach-PLZ.jpg" alt="" width="495" height="667" srcset="https://bambus-deutschland.de/wp-content/uploads/2020/10/Regionalgruppen-nach-PLZ.jpg 495w, https://bambus-deutschland.de/wp-content/uploads/2020/10/Regionalgruppen-nach-PLZ-223x300.jpg 223w" sizes="auto, (max-width: 495px) 100vw, 495px" /></p>
<h6>Bericht aus dem Bambus-Journal 4 2016</h6>

<p>Ihre Ansprechpartner in den Regionalgruppen Wir wünschen uns einen besseren Kontakt untereinander. Alle Bambusbegeisterten sollen wissen, welche anderen Mitglieder in ihrer Nähe zu finden sind, mit denen sie sich austauschen können. Das Ziel ist, kurzfristige aktuelle Informationen aus der Region an einen definierten Kreis heranzutragen und so das Vereinsleben zu aktivieren. Fünf Ansprechpartner, über die &hellip; <a href="https://bambus-deutschland.de/index.php/members-area/ebs-d-regionalgruppen/" class="more-link"><span class="screen-reader-text">EBS-D Regionalgruppen</span> weiterlesen <span class="meta-nav">&rarr;</span></a></p>
