{"id":1133,"date":"2017-01-20T20:23:44","date_gmt":"2017-01-20T19:23:44","guid":{"rendered":"https:\/\/ebs-d-de.prossl.de\/wordpress\/wordpress\/?page_id=1133"},"modified":"2019-05-27T15:59:03","modified_gmt":"2019-05-27T13:59:03","slug":"wochenende-in-anduze","status":"publish","type":"page","link":"https:\/\/bambus-deutschland.de\/index.php\/members-area\/aktvitaeten-der-ebs-deutschland\/wochenende-in-anduze\/","title":{"rendered":"Wochenende in Anduze 10. bis 12. Oktober 2014"},"content":{"rendered":"<h1><strong>\u201eLa Bambouseraie d&#8217;Anduze&#8220;<\/strong><\/h1>\n<p><img loading=\"lazy\" decoding=\"async\" class=\"aligncenter size-full wp-image-1139\" src=\"https:\/\/ebs-d-de.prossl.de\/wordpress\/wordpress\/wp-content\/uploads\/2017\/01\/P1120737.jpg\" alt=\"\" width=\"3654\" height=\"2079\" srcset=\"https:\/\/bambus-deutschland.de\/wp-content\/uploads\/2017\/01\/P1120737.jpg 3654w, https:\/\/bambus-deutschland.de\/wp-content\/uploads\/2017\/01\/P1120737-300x171.jpg 300w, https:\/\/bambus-deutschland.de\/wp-content\/uploads\/2017\/01\/P1120737-768x437.jpg 768w, https:\/\/bambus-deutschland.de\/wp-content\/uploads\/2017\/01\/P1120737-1024x583.jpg 1024w\" sizes=\"auto, (max-width: 3654px) 100vw, 3654px\" \/><\/p>\n<p>Nachdem es innerhalb weniger Wochen drei Unwetter mit schweren Regenf\u00e4llen und St\u00fcrmen gab und Wetterexperten die h\u00f6chste Alarmstufe f\u00fcr die Region unseres Reiseziels aussprachen, erhielten wir am Tag unserer Anreise den Anruf der Rezeption: \u201eKommen Sie besser nicht. Es droht wieder ein Unwetter!\u201c Die Entscheidung der Reisegruppe stand jedoch schnell fest: Wir wollen nach Anduze! Dabei war die Palette der Gem\u00fctsverfassung der einzelnen Reiseteilnehmer sehr breit gef\u00e4chert von enthusiastischer Vorfreude bis zu nerv\u00f6sem Unwohlsein. Was wird uns erwarten?<\/p>\n<p>Der Landeanflug auf Montpellier am Abend des 10. Oktober wurde dann von einer Art \u201eBlitzmarathon\u201c begleitet, jedoch war es trocken. 7 Personen mit Gep\u00e4ck fanden dann im Mietwagen Platz und so begaben wir uns mitten in der Nacht auf die Suche nach unserem Ferienh\u00e4uschen in Sauve. Das war nicht einfach, wir umkreisten das Ziel mehrfach und Einheimische halfen uns weiter, denn die Hauptzufahrtstra\u00dfe zur Ferienanlage war durch die Folgen der Unwetter gesperrt und wir mussten durch den \u201eHintereingang\u201c, der kaum zu erkennen war. Unser Fahrer J\u00fcrgen und Copilot Arndt brachten uns trotz aller Widrigkeiten sicher ans Ziel. Mittlerweile hatte es angefangen zu regnen.<\/p>\n<p>Aber was war das? Unglaublich, der n\u00e4chste Tag zeigte sich dann von einer ganz anderen Seite: Bilderbuchwetter! Herrlich! Und los ging\u2019s zur <strong>\u201eLa Bambouseraie d&#8217;Anduze&#8220;<\/strong>. Vorher besorgten wir uns alles, was man so an Proviant braucht.<\/p>\n<p><img loading=\"lazy\" decoding=\"async\" class=\"aligncenter size-full wp-image-1135\" src=\"https:\/\/ebs-d-de.prossl.de\/wordpress\/wordpress\/wp-content\/uploads\/2017\/01\/Aussem_Ute_P1120537.jpg\" alt=\"\" width=\"4000\" height=\"3000\" srcset=\"https:\/\/bambus-deutschland.de\/wp-content\/uploads\/2017\/01\/Aussem_Ute_P1120537.jpg 4000w, https:\/\/bambus-deutschland.de\/wp-content\/uploads\/2017\/01\/Aussem_Ute_P1120537-300x225.jpg 300w, https:\/\/bambus-deutschland.de\/wp-content\/uploads\/2017\/01\/Aussem_Ute_P1120537-768x576.jpg 768w, https:\/\/bambus-deutschland.de\/wp-content\/uploads\/2017\/01\/Aussem_Ute_P1120537-1024x768.jpg 1024w\" sizes=\"auto, (max-width: 4000px) 100vw, 4000px\" \/><\/p>\n<p>Wir konnten heilfroh sein, dass der Park \u00fcberhaupt ge\u00f6ffnet hatte &#8211; und zwar (fast) nur f\u00fcr uns. Es war menschenleer und es war einfach gigantisch. Nat\u00fcrlich muss es im Fr\u00fchjahr zur Bambusaustriebzeit und zur Kamelienbl\u00fcte fantastisch sein, aber der Herbst hat auch ganz bestimmt seine Highlights.<\/p>\n<p><img loading=\"lazy\" decoding=\"async\" class=\"aligncenter size-full wp-image-1136\" src=\"https:\/\/ebs-d-de.prossl.de\/wordpress\/wordpress\/wp-content\/uploads\/2017\/01\/Aussem-Ute-Bambouseraie-dAnduze-11.10.2014.jpg\" alt=\"\" width=\"3000\" height=\"4000\" srcset=\"https:\/\/bambus-deutschland.de\/wp-content\/uploads\/2017\/01\/Aussem-Ute-Bambouseraie-dAnduze-11.10.2014.jpg 3000w, https:\/\/bambus-deutschland.de\/wp-content\/uploads\/2017\/01\/Aussem-Ute-Bambouseraie-dAnduze-11.10.2014-225x300.jpg 225w, https:\/\/bambus-deutschland.de\/wp-content\/uploads\/2017\/01\/Aussem-Ute-Bambouseraie-dAnduze-11.10.2014-768x1024.jpg 768w\" sizes=\"auto, (max-width: 3000px) 100vw, 3000px\" \/><\/p>\n<p>Die Bambushaine zeigten sich sehr gut gepflegt und fast makellos und die fruchtenden Musabest\u00e4nde wird man auch nur zum Ende der Vegetationszeit in dieser \u00fcppigen Pracht erleben.<\/p>\n<p><img loading=\"lazy\" decoding=\"async\" class=\"aligncenter size-full wp-image-1138\" src=\"https:\/\/ebs-d-de.prossl.de\/wordpress\/wordpress\/wp-content\/uploads\/2017\/01\/Aussem_Ute_Le-village-laotien-P1120668.jpg\" alt=\"\" width=\"4000\" height=\"3000\" srcset=\"https:\/\/bambus-deutschland.de\/wp-content\/uploads\/2017\/01\/Aussem_Ute_Le-village-laotien-P1120668.jpg 4000w, https:\/\/bambus-deutschland.de\/wp-content\/uploads\/2017\/01\/Aussem_Ute_Le-village-laotien-P1120668-300x225.jpg 300w, https:\/\/bambus-deutschland.de\/wp-content\/uploads\/2017\/01\/Aussem_Ute_Le-village-laotien-P1120668-768x576.jpg 768w, https:\/\/bambus-deutschland.de\/wp-content\/uploads\/2017\/01\/Aussem_Ute_Le-village-laotien-P1120668-1024x768.jpg 1024w\" sizes=\"auto, (max-width: 4000px) 100vw, 4000px\" \/><\/p>\n<p>In den einzelnen Themenbereichen, z.B. im laotischen Dorf (Le village laotien) f\u00fchlte man sich mit dem passenden blauen Himmel und bei T-Shirt-Temperaturen fast wie in den Tropen. Im \u201ePavillon du Phoenix\u201c breiteten wir unsere Mitbringsel aus. Picknick im Bambuspark &#8211; was gibt es sch\u00f6neres? Bei normalem Besucheraufkommen w\u00e4re das wahrscheinlich gar nicht m\u00f6glich gewesen.<\/p>\n<p><img loading=\"lazy\" decoding=\"async\" class=\"aligncenter size-full wp-image-1137\" src=\"https:\/\/ebs-d-de.prossl.de\/wordpress\/wordpress\/wp-content\/uploads\/2017\/01\/Aussem_Ute_P1120726.jpg\" alt=\"\" width=\"3905\" height=\"2931\" srcset=\"https:\/\/bambus-deutschland.de\/wp-content\/uploads\/2017\/01\/Aussem_Ute_P1120726.jpg 3905w, https:\/\/bambus-deutschland.de\/wp-content\/uploads\/2017\/01\/Aussem_Ute_P1120726-300x225.jpg 300w, https:\/\/bambus-deutschland.de\/wp-content\/uploads\/2017\/01\/Aussem_Ute_P1120726-768x576.jpg 768w, https:\/\/bambus-deutschland.de\/wp-content\/uploads\/2017\/01\/Aussem_Ute_P1120726-1024x769.jpg 1024w\" sizes=\"auto, (max-width: 3905px) 100vw, 3905px\" \/><\/p>\n<p>Am zweiten Tag sahen wir uns bei ebenfalls herrlichem Wetter in der Gegend um und abschlie\u00dfend Montpellier mit seinen engen G\u00e4sschen an. Der \u201eJardin des plantes\u201c, der 1593 als der erste Botanische Garten Frankreichs angelegt wurde, hatte aufgrund der Unwetterfolgen geschlossen und wir konnten nur \u00fcber die Mauer einige Eindr\u00fccke erhalten. Hier k\u00f6nnte man ja beim n\u00e4chsten Besuch mal reinschauen.<\/p>\n<p>Ich kannte die Bambousairie bisher nur von Euren Berichten und Fotos und es war noch beeindruckender, als ich mir vorgestellt hatte. Eines steht fest: da will ich unbedingt wieder hin und am liebsten mit Bambusfreunden!<\/p>\n<p><img loading=\"lazy\" decoding=\"async\" class=\"aligncenter size-full wp-image-1144\" src=\"https:\/\/ebs-d-de.prossl.de\/wordpress\/wordpress\/wp-content\/uploads\/2017\/01\/kikko-chiku-P1120574.jpg\" alt=\"\" width=\"3769\" height=\"2834\" srcset=\"https:\/\/bambus-deutschland.de\/wp-content\/uploads\/2017\/01\/kikko-chiku-P1120574.jpg 3769w, https:\/\/bambus-deutschland.de\/wp-content\/uploads\/2017\/01\/kikko-chiku-P1120574-300x226.jpg 300w, https:\/\/bambus-deutschland.de\/wp-content\/uploads\/2017\/01\/kikko-chiku-P1120574-768x577.jpg 768w, https:\/\/bambus-deutschland.de\/wp-content\/uploads\/2017\/01\/kikko-chiku-P1120574-1024x770.jpg 1024w\" sizes=\"auto, (max-width: 3769px) 100vw, 3769px\" \/><\/p>\n<p><strong>Bericht und Fotos aus dem Bambus-Journal 4 2014 von Ute Au\u00dfem f\u00fcr J\u00fcrgen und Marlies, Klaus-Peter und B\u00e4rbel, Arndt und Hanne<\/strong><\/p>\n<p><strong>Informationen: <\/strong>La Bambouseraie, 552 rue de Montsauve, 30140 G\u00e9n\u00e9rargues, France, <a href=\"http:\/\/www.bambouseraie.com\/\">http:\/\/www.bambouseraie.com\/<\/a><\/p>\n","protected":false},"excerpt":{"rendered":"<p>\u201eLa Bambouseraie d&#8217;Anduze&#8220; Nachdem es innerhalb weniger Wochen drei Unwetter mit schweren Regenf\u00e4llen und St\u00fcrmen gab und Wetterexperten die h\u00f6chste Alarmstufe f\u00fcr die Region unseres Reiseziels aussprachen, erhielten wir am Tag unserer Anreise den Anruf der Rezeption: \u201eKommen Sie besser nicht. Es droht wieder ein Unwetter!\u201c Die Entscheidung der Reisegruppe stand jedoch schnell fest: Wir &hellip; <a href=\"https:\/\/bambus-deutschland.de\/index.php\/members-area\/aktvitaeten-der-ebs-deutschland\/wochenende-in-anduze\/\" class=\"more-link\"><span class=\"screen-reader-text\">Wochenende in Anduze 10. bis 12. Oktober 2014<\/span> weiterlesen <span class=\"meta-nav\">&rarr;<\/span><\/a><\/p>\n","protected":false},"author":6,"featured_media":0,"parent":640,"menu_order":0,"comment_status":"closed","ping_status":"closed","template":"","meta":{"iawp_total_views":15,"footnotes":""},"class_list":["post-1133","page","type-page","status-publish","hentry"],"_links":{"self":[{"href":"https:\/\/bambus-deutschland.de\/index.php\/wp-json\/wp\/v2\/pages\/1133","targetHints":{"allow":["GET"]}}],"collection":[{"href":"https:\/\/bambus-deutschland.de\/index.php\/wp-json\/wp\/v2\/pages"}],"about":[{"href":"https:\/\/bambus-deutschland.de\/index.php\/wp-json\/wp\/v2\/types\/page"}],"author":[{"embeddable":true,"href":"https:\/\/bambus-deutschland.de\/index.php\/wp-json\/wp\/v2\/users\/6"}],"replies":[{"embeddable":true,"href":"https:\/\/bambus-deutschland.de\/index.php\/wp-json\/wp\/v2\/comments?post=1133"}],"version-history":[{"count":4,"href":"https:\/\/bambus-deutschland.de\/index.php\/wp-json\/wp\/v2\/pages\/1133\/revisions"}],"predecessor-version":[{"id":1145,"href":"https:\/\/bambus-deutschland.de\/index.php\/wp-json\/wp\/v2\/pages\/1133\/revisions\/1145"}],"up":[{"embeddable":true,"href":"https:\/\/bambus-deutschland.de\/index.php\/wp-json\/wp\/v2\/pages\/640"}],"wp:attachment":[{"href":"https:\/\/bambus-deutschland.de\/index.php\/wp-json\/wp\/v2\/media?parent=1133"}],"curies":[{"name":"wp","href":"https:\/\/api.w.org\/{rel}","templated":true}]}}

<h1><strong>„La Bambouseraie d&#8217;Anduze&#8220;</strong></h1>
<p><img loading="lazy" decoding="async" class="aligncenter size-full wp-image-1139" src="https://ebs-d-de.prossl.de/wordpress/wordpress/wp-content/uploads/2017/01/P1120737.jpg" alt="" width="3654" height="2079" srcset="https://bambus-deutschland.de/wp-content/uploads/2017/01/P1120737.jpg 3654w, https://bambus-deutschland.de/wp-content/uploads/2017/01/P1120737-300x171.jpg 300w, https://bambus-deutschland.de/wp-content/uploads/2017/01/P1120737-768x437.jpg 768w, https://bambus-deutschland.de/wp-content/uploads/2017/01/P1120737-1024x583.jpg 1024w" sizes="auto, (max-width: 3654px) 100vw, 3654px" /></p>
<p>Nachdem es innerhalb weniger Wochen drei Unwetter mit schweren Regenfällen und Stürmen gab und Wetterexperten die höchste Alarmstufe für die Region unseres Reiseziels aussprachen, erhielten wir am Tag unserer Anreise den Anruf der Rezeption: „Kommen Sie besser nicht. Es droht wieder ein Unwetter!“ Die Entscheidung der Reisegruppe stand jedoch schnell fest: Wir wollen nach Anduze! Dabei war die Palette der Gemütsverfassung der einzelnen Reiseteilnehmer sehr breit gefächert von enthusiastischer Vorfreude bis zu nervösem Unwohlsein. Was wird uns erwarten?</p>
<p>Der Landeanflug auf Montpellier am Abend des 10. Oktober wurde dann von einer Art „Blitzmarathon“ begleitet, jedoch war es trocken. 7 Personen mit Gepäck fanden dann im Mietwagen Platz und so begaben wir uns mitten in der Nacht auf die Suche nach unserem Ferienhäuschen in Sauve. Das war nicht einfach, wir umkreisten das Ziel mehrfach und Einheimische halfen uns weiter, denn die Hauptzufahrtstraße zur Ferienanlage war durch die Folgen der Unwetter gesperrt und wir mussten durch den „Hintereingang“, der kaum zu erkennen war. Unser Fahrer Jürgen und Copilot Arndt brachten uns trotz aller Widrigkeiten sicher ans Ziel. Mittlerweile hatte es angefangen zu regnen.</p>
<p>Aber was war das? Unglaublich, der nächste Tag zeigte sich dann von einer ganz anderen Seite: Bilderbuchwetter! Herrlich! Und los ging’s zur <strong>„La Bambouseraie d&#8217;Anduze&#8220;</strong>. Vorher besorgten wir uns alles, was man so an Proviant braucht.</p>
<p><img loading="lazy" decoding="async" class="aligncenter size-full wp-image-1135" src="https://ebs-d-de.prossl.de/wordpress/wordpress/wp-content/uploads/2017/01/Aussem_Ute_P1120537.jpg" alt="" width="4000" height="3000" srcset="https://bambus-deutschland.de/wp-content/uploads/2017/01/Aussem_Ute_P1120537.jpg 4000w, https://bambus-deutschland.de/wp-content/uploads/2017/01/Aussem_Ute_P1120537-300x225.jpg 300w, https://bambus-deutschland.de/wp-content/uploads/2017/01/Aussem_Ute_P1120537-768x576.jpg 768w, https://bambus-deutschland.de/wp-content/uploads/2017/01/Aussem_Ute_P1120537-1024x768.jpg 1024w" sizes="auto, (max-width: 4000px) 100vw, 4000px" /></p>
<p>Wir konnten heilfroh sein, dass der Park überhaupt geöffnet hatte &#8211; und zwar (fast) nur für uns. Es war menschenleer und es war einfach gigantisch. Natürlich muss es im Frühjahr zur Bambusaustriebzeit und zur Kamelienblüte fantastisch sein, aber der Herbst hat auch ganz bestimmt seine Highlights.</p>
<p><img loading="lazy" decoding="async" class="aligncenter size-full wp-image-1136" src="https://ebs-d-de.prossl.de/wordpress/wordpress/wp-content/uploads/2017/01/Aussem-Ute-Bambouseraie-dAnduze-11.10.2014.jpg" alt="" width="3000" height="4000" srcset="https://bambus-deutschland.de/wp-content/uploads/2017/01/Aussem-Ute-Bambouseraie-dAnduze-11.10.2014.jpg 3000w, https://bambus-deutschland.de/wp-content/uploads/2017/01/Aussem-Ute-Bambouseraie-dAnduze-11.10.2014-225x300.jpg 225w, https://bambus-deutschland.de/wp-content/uploads/2017/01/Aussem-Ute-Bambouseraie-dAnduze-11.10.2014-768x1024.jpg 768w" sizes="auto, (max-width: 3000px) 100vw, 3000px" /></p>
<p>Die Bambushaine zeigten sich sehr gut gepflegt und fast makellos und die fruchtenden Musabestände wird man auch nur zum Ende der Vegetationszeit in dieser üppigen Pracht erleben.</p>
<p><img loading="lazy" decoding="async" class="aligncenter size-full wp-image-1138" src="https://ebs-d-de.prossl.de/wordpress/wordpress/wp-content/uploads/2017/01/Aussem_Ute_Le-village-laotien-P1120668.jpg" alt="" width="4000" height="3000" srcset="https://bambus-deutschland.de/wp-content/uploads/2017/01/Aussem_Ute_Le-village-laotien-P1120668.jpg 4000w, https://bambus-deutschland.de/wp-content/uploads/2017/01/Aussem_Ute_Le-village-laotien-P1120668-300x225.jpg 300w, https://bambus-deutschland.de/wp-content/uploads/2017/01/Aussem_Ute_Le-village-laotien-P1120668-768x576.jpg 768w, https://bambus-deutschland.de/wp-content/uploads/2017/01/Aussem_Ute_Le-village-laotien-P1120668-1024x768.jpg 1024w" sizes="auto, (max-width: 4000px) 100vw, 4000px" /></p>
<p>In den einzelnen Themenbereichen, z.B. im laotischen Dorf (Le village laotien) fühlte man sich mit dem passenden blauen Himmel und bei T-Shirt-Temperaturen fast wie in den Tropen. Im „Pavillon du Phoenix“ breiteten wir unsere Mitbringsel aus. Picknick im Bambuspark &#8211; was gibt es schöneres? Bei normalem Besucheraufkommen wäre das wahrscheinlich gar nicht möglich gewesen.</p>
<p><img loading="lazy" decoding="async" class="aligncenter size-full wp-image-1137" src="https://ebs-d-de.prossl.de/wordpress/wordpress/wp-content/uploads/2017/01/Aussem_Ute_P1120726.jpg" alt="" width="3905" height="2931" srcset="https://bambus-deutschland.de/wp-content/uploads/2017/01/Aussem_Ute_P1120726.jpg 3905w, https://bambus-deutschland.de/wp-content/uploads/2017/01/Aussem_Ute_P1120726-300x225.jpg 300w, https://bambus-deutschland.de/wp-content/uploads/2017/01/Aussem_Ute_P1120726-768x576.jpg 768w, https://bambus-deutschland.de/wp-content/uploads/2017/01/Aussem_Ute_P1120726-1024x769.jpg 1024w" sizes="auto, (max-width: 3905px) 100vw, 3905px" /></p>
<p>Am zweiten Tag sahen wir uns bei ebenfalls herrlichem Wetter in der Gegend um und abschließend Montpellier mit seinen engen Gässchen an. Der „Jardin des plantes“, der 1593 als der erste Botanische Garten Frankreichs angelegt wurde, hatte aufgrund der Unwetterfolgen geschlossen und wir konnten nur über die Mauer einige Eindrücke erhalten. Hier könnte man ja beim nächsten Besuch mal reinschauen.</p>
<p>Ich kannte die Bambousairie bisher nur von Euren Berichten und Fotos und es war noch beeindruckender, als ich mir vorgestellt hatte. Eines steht fest: da will ich unbedingt wieder hin und am liebsten mit Bambusfreunden!</p>
<p><img loading="lazy" decoding="async" class="aligncenter size-full wp-image-1144" src="https://ebs-d-de.prossl.de/wordpress/wordpress/wp-content/uploads/2017/01/kikko-chiku-P1120574.jpg" alt="" width="3769" height="2834" srcset="https://bambus-deutschland.de/wp-content/uploads/2017/01/kikko-chiku-P1120574.jpg 3769w, https://bambus-deutschland.de/wp-content/uploads/2017/01/kikko-chiku-P1120574-300x226.jpg 300w, https://bambus-deutschland.de/wp-content/uploads/2017/01/kikko-chiku-P1120574-768x577.jpg 768w, https://bambus-deutschland.de/wp-content/uploads/2017/01/kikko-chiku-P1120574-1024x770.jpg 1024w" sizes="auto, (max-width: 3769px) 100vw, 3769px" /></p>
<p><strong>Bericht und Fotos aus dem Bambus-Journal 4 2014 von Ute Außem für Jürgen und Marlies, Klaus-Peter und Bärbel, Arndt und Hanne</strong></p>
<p><strong>Informationen: </strong>La Bambouseraie, 552 rue de Montsauve, 30140 Générargues, France, <a href="http://www.bambouseraie.com/">http://www.bambouseraie.com/</a></p>

<p>„La Bambouseraie d&#8217;Anduze&#8220; Nachdem es innerhalb weniger Wochen drei Unwetter mit schweren Regenfällen und Stürmen gab und Wetterexperten die höchste Alarmstufe für die Region unseres Reiseziels aussprachen, erhielten wir am Tag unserer Anreise den Anruf der Rezeption: „Kommen Sie besser nicht. Es droht wieder ein Unwetter!“ Die Entscheidung der Reisegruppe stand jedoch schnell fest: Wir &hellip; <a href="https://bambus-deutschland.de/index.php/members-area/aktvitaeten-der-ebs-deutschland/wochenende-in-anduze/" class="more-link"><span class="screen-reader-text">Wochenende in Anduze 10. bis 12. Oktober 2014</span> weiterlesen <span class="meta-nav">&rarr;</span></a></p>
