{"id":2253,"date":"2018-03-28T20:10:32","date_gmt":"2018-03-28T18:10:32","guid":{"rendered":"https:\/\/bambus-deutschland.de\/?page_id=2253"},"modified":"2026-05-21T15:06:35","modified_gmt":"2026-05-21T13:06:35","slug":"ebs-d-fotowettbewerb-2026","status":"publish","type":"page","link":"https:\/\/bambus-deutschland.de\/index.php\/beispiel-seite\/ebs-d-fotowettbewerb-2026\/","title":{"rendered":"EBS-D Fotowettbewerb 2026"},"content":{"rendered":"<p>Auch in diesem Jahr rufen wir gerne wieder zu einem Bambus-Fotowettbewerb auf!<\/p>\n<p>Und das sind die Spielregeln: Jeder Teilnehmer kann ab sofort maximal 3 eigene Fotos rund um das Thema \u201cBambus\u201c ins Rennen schicken. Diese sind in h\u00f6chstm\u00f6glicher Aufl\u00f6sung an die Gesch\u00e4ftsstelle zu senden: <strong><a href=\"mailto:info@bambus-deutschland.de\">info@bambus-deutschland.de<\/a><\/strong><\/p>\n<p>Der Einsendeschluss f\u00fcr die Fotos <strong>war der 20. Mai 2026<\/strong>.<\/p>\n<p>Die eingereichten Fotos werden anschlie\u00dfend im \u00f6ffentlichen Bereich unserer Homepage zu sehen sein. Vom 21. Mai\u00a0 bis 11. Juni 2026 k\u00f6nnen die EBS-D Mitglieder im Mitgliederbereich unserer Homepage online abstimmen und dabei einmal 3, einmal 2 und einmal einen Punkt an 3 verschiedene Bilder vergeben.<\/p>\n<p>Zum Abschluss des Wettbewerbs werden die Fotos vom 12. bis 14. Juni 2026 auf dem EBS-D Sommerfest in Gangelt ausgestellt. Alle Teilnehmer des Festes haben dort eine letzte M\u00f6glichkeit, f\u00fcr ihre Favoritenfotos abzustimmen. Das Ergebnis wird an dem Wochenende vor Ort sowie in allen EBS-D Medien bekannt gegeben.<\/p>\n<p>Wie immer sind attraktive Preise sind zu gewinnen, die frei verwendbar sind, auch f\u00fcr den Mitgliedsbeitrag oder eine neue EBS-D Mitgliedschaft: Siegerfoto \u20ac 75,-, 2. Platz \u20ac 50,-, 3. Platz \u20ac 25,-.<\/p>\n<p>Au\u00dferdem bekommt jedes Teilnehmerfoto die Chance auf eine Ver\u00f6ffentlichung im Bambus-Journal. Bei Teilnahme erh\u00e4lt die EBS-D unbefristet die nicht-exklusiven Nutzungsrechte an den Fotos f\u00fcr alle Medien.<\/p>\n<p>Auch Nicht-EBS-D-Mitglieder k\u00f6nnen gerne mit ihren Fotos teilnehmen. Wir hoffen auf eine lebhafte Beteiligung, viele sch\u00f6ne Fotos und einen spannenden Wettbewerb!<\/p>\n","protected":false},"excerpt":{"rendered":"<p>Auch in diesem Jahr rufen wir gerne wieder zu einem Bambus-Fotowettbewerb auf! Und das sind die Spielregeln: Jeder Teilnehmer kann ab sofort maximal 3 eigene Fotos rund um das Thema \u201cBambus\u201c ins Rennen schicken. Diese sind in h\u00f6chstm\u00f6glicher Aufl\u00f6sung an die Gesch\u00e4ftsstelle zu senden: info@bambus-deutschland.de Der Einsendeschluss f\u00fcr die Fotos war der 20. Mai 2026. &hellip; <a href=\"https:\/\/bambus-deutschland.de\/index.php\/beispiel-seite\/ebs-d-fotowettbewerb-2026\/\" class=\"more-link\"><span class=\"screen-reader-text\">EBS-D Fotowettbewerb 2026<\/span> weiterlesen <span class=\"meta-nav\">&rarr;<\/span><\/a><\/p>\n","protected":false},"author":6,"featured_media":0,"parent":2,"menu_order":0,"comment_status":"closed","ping_status":"closed","template":"","meta":{"iawp_total_views":321,"footnotes":""},"class_list":["post-2253","page","type-page","status-publish","hentry"],"_links":{"self":[{"href":"https:\/\/bambus-deutschland.de\/index.php\/wp-json\/wp\/v2\/pages\/2253","targetHints":{"allow":["GET"]}}],"collection":[{"href":"https:\/\/bambus-deutschland.de\/index.php\/wp-json\/wp\/v2\/pages"}],"about":[{"href":"https:\/\/bambus-deutschland.de\/index.php\/wp-json\/wp\/v2\/types\/page"}],"author":[{"embeddable":true,"href":"https:\/\/bambus-deutschland.de\/index.php\/wp-json\/wp\/v2\/users\/6"}],"replies":[{"embeddable":true,"href":"https:\/\/bambus-deutschland.de\/index.php\/wp-json\/wp\/v2\/comments?post=2253"}],"version-history":[{"count":19,"href":"https:\/\/bambus-deutschland.de\/index.php\/wp-json\/wp\/v2\/pages\/2253\/revisions"}],"predecessor-version":[{"id":4556,"href":"https:\/\/bambus-deutschland.de\/index.php\/wp-json\/wp\/v2\/pages\/2253\/revisions\/4556"}],"up":[{"embeddable":true,"href":"https:\/\/bambus-deutschland.de\/index.php\/wp-json\/wp\/v2\/pages\/2"}],"wp:attachment":[{"href":"https:\/\/bambus-deutschland.de\/index.php\/wp-json\/wp\/v2\/media?parent=2253"}],"curies":[{"name":"wp","href":"https:\/\/api.w.org\/{rel}","templated":true}]}}

<p>Auch in diesem Jahr rufen wir gerne wieder zu einem Bambus-Fotowettbewerb auf!</p>
<p>Und das sind die Spielregeln: Jeder Teilnehmer kann ab sofort maximal 3 eigene Fotos rund um das Thema “Bambus“ ins Rennen schicken. Diese sind in höchstmöglicher Auflösung an die Geschäftsstelle zu senden: <strong><a href="mailto:info@bambus-deutschland.de">info@bambus-deutschland.de</a></strong></p>
<p>Der Einsendeschluss für die Fotos <strong>war der 20. Mai 2026</strong>.</p>
<p>Die eingereichten Fotos werden anschließend im öffentlichen Bereich unserer Homepage zu sehen sein. Vom 21. Mai  bis 11. Juni 2026 können die EBS-D Mitglieder im Mitgliederbereich unserer Homepage online abstimmen und dabei einmal 3, einmal 2 und einmal einen Punkt an 3 verschiedene Bilder vergeben.</p>
<p>Zum Abschluss des Wettbewerbs werden die Fotos vom 12. bis 14. Juni 2026 auf dem EBS-D Sommerfest in Gangelt ausgestellt. Alle Teilnehmer des Festes haben dort eine letzte Möglichkeit, für ihre Favoritenfotos abzustimmen. Das Ergebnis wird an dem Wochenende vor Ort sowie in allen EBS-D Medien bekannt gegeben.</p>
<p>Wie immer sind attraktive Preise sind zu gewinnen, die frei verwendbar sind, auch für den Mitgliedsbeitrag oder eine neue EBS-D Mitgliedschaft: Siegerfoto € 75,-, 2. Platz € 50,-, 3. Platz € 25,-.</p>
<p>Außerdem bekommt jedes Teilnehmerfoto die Chance auf eine Veröffentlichung im Bambus-Journal. Bei Teilnahme erhält die EBS-D unbefristet die nicht-exklusiven Nutzungsrechte an den Fotos für alle Medien.</p>
<p>Auch Nicht-EBS-D-Mitglieder können gerne mit ihren Fotos teilnehmen. Wir hoffen auf eine lebhafte Beteiligung, viele schöne Fotos und einen spannenden Wettbewerb!</p>

<p>Auch in diesem Jahr rufen wir gerne wieder zu einem Bambus-Fotowettbewerb auf! Und das sind die Spielregeln: Jeder Teilnehmer kann ab sofort maximal 3 eigene Fotos rund um das Thema “Bambus“ ins Rennen schicken. Diese sind in höchstmöglicher Auflösung an die Geschäftsstelle zu senden: info@bambus-deutschland.de Der Einsendeschluss für die Fotos war der 20. Mai 2026. &hellip; <a href="https://bambus-deutschland.de/index.php/beispiel-seite/ebs-d-fotowettbewerb-2026/" class="more-link"><span class="screen-reader-text">EBS-D Fotowettbewerb 2026</span> weiterlesen <span class="meta-nav">&rarr;</span></a></p>
