{"id":242,"date":"2016-12-04T00:11:35","date_gmt":"2016-12-03T23:11:35","guid":{"rendered":"https:\/\/ebs-d-de.prossl.de\/wordpress\/wordpress\/?page_id=242"},"modified":"2019-05-27T15:58:45","modified_gmt":"2019-05-27T13:58:45","slug":"ebs-d-gartenreise-in-die-bretagne-2015","status":"publish","type":"page","link":"https:\/\/bambus-deutschland.de\/index.php\/beispiel-seite\/bambus-und-gartenreisen-der-ebs-d\/ebs-d-gartenreise-in-die-bretagne-2015\/","title":{"rendered":"Bretagne 2015"},"content":{"rendered":"<h6>Gartenreise in die Bretagne 2015<\/h6>\n<figure id=\"attachment_240\" aria-describedby=\"caption-attachment-240\" style=\"width: 3321px\" class=\"wp-caption aligncenter\"><img loading=\"lazy\" decoding=\"async\" class=\"wp-image-240 size-full\" src=\"https:\/\/ebs-d-de.prossl.de\/wordpress\/wordpress\/wp-content\/uploads\/2016\/10\/Au\u00dfem-Ute-Le-Mont-Saint-Miche-08.09.2015-P1170535-e1480957568453.jpg\" alt=\"Le Mont-Saint_Mich\u00e8le\" width=\"3321\" height=\"2487\" srcset=\"https:\/\/bambus-deutschland.de\/wp-content\/uploads\/2016\/10\/Au\u00dfem-Ute-Le-Mont-Saint-Miche-08.09.2015-P1170535-e1480957568453.jpg 3321w, https:\/\/bambus-deutschland.de\/wp-content\/uploads\/2016\/10\/Au\u00dfem-Ute-Le-Mont-Saint-Miche-08.09.2015-P1170535-e1480957568453-300x225.jpg 300w, https:\/\/bambus-deutschland.de\/wp-content\/uploads\/2016\/10\/Au\u00dfem-Ute-Le-Mont-Saint-Miche-08.09.2015-P1170535-e1480957568453-768x575.jpg 768w, https:\/\/bambus-deutschland.de\/wp-content\/uploads\/2016\/10\/Au\u00dfem-Ute-Le-Mont-Saint-Miche-08.09.2015-P1170535-e1480957568453-1024x767.jpg 1024w\" sizes=\"auto, (max-width: 3321px) 100vw, 3321px\" \/><figcaption id=\"caption-attachment-240\" class=\"wp-caption-text\">Le Mont-Saint-Mich\u00e8le<\/figcaption><\/figure>\n<p>Die Bretonen: Ein st\u00f6rrisches, eigensinniges Volk mit keltischen Wurzeln, das im Laufe der Geschichte immer seinen eigenen Willen durchsetzen und seine eigene Identit\u00e4t bewahren wollte. So ganz geschafft haben sie es nicht, seit langer Zeit geh\u00f6ren sie zu Frankreich und sie haben auch ihren Nationalstolz &#8211; aber nicht den f\u00fcr Frankreich sondern nat\u00fcrlich den f\u00fcr die Bretagne. Wir durften eine Weile bei ihnen sein und haben sie als als liebenswerte Menschen kennengelernt \u2013 irgendwie kamen einem immer wieder Asterix und Obelix in den Sinn \u2026<\/p>\n<p>Hier wie anderswo, richtige &#8218;Pflanzenverr\u00fcckte&#8216; gibt es \u00fcberall und einige ganz besondere haben wir auf unserer Reise gefunden.<\/p>\n<ul>\n<li>Da war zum Beispiel Monsieur Ruelleaux mit einem riesengro\u00dfen Waldgrundst\u00fcck mit einer ausgesuchten Auswahl von Geh\u00f6lzen, der nebenbei Hunderte von Bambussen pflegt. Eigentlich h\u00e4lt er Ziegen und lebt vom Verkauf des selbstgemachten K\u00e4ses, aber die Liebe zu den Pflanzen \u2026\n<p><figure id=\"attachment_241\" aria-describedby=\"caption-attachment-241\" style=\"width: 2816px\" class=\"wp-caption aligncenter\"><img loading=\"lazy\" decoding=\"async\" class=\"wp-image-241 size-full\" src=\"https:\/\/ebs-d-de.prossl.de\/wordpress\/wordpress\/wp-content\/uploads\/2016\/10\/Carpantier-B\u00e4rbel-Ziegenwirt-DSC07194.jpg\" alt=\"Beim Ziegenwirt\" width=\"2816\" height=\"2112\" srcset=\"https:\/\/bambus-deutschland.de\/wp-content\/uploads\/2016\/10\/Carpantier-B\u00e4rbel-Ziegenwirt-DSC07194.jpg 2816w, https:\/\/bambus-deutschland.de\/wp-content\/uploads\/2016\/10\/Carpantier-B\u00e4rbel-Ziegenwirt-DSC07194-300x225.jpg 300w, https:\/\/bambus-deutschland.de\/wp-content\/uploads\/2016\/10\/Carpantier-B\u00e4rbel-Ziegenwirt-DSC07194-768x576.jpg 768w, https:\/\/bambus-deutschland.de\/wp-content\/uploads\/2016\/10\/Carpantier-B\u00e4rbel-Ziegenwirt-DSC07194-1024x768.jpg 1024w\" sizes=\"auto, (max-width: 2816px) 100vw, 2816px\" \/><figcaption id=\"caption-attachment-241\" class=\"wp-caption-text\">Beim Ziegenwirt<\/figcaption><\/figure><\/li>\n<li>Oder Monsieur Cudennec. Er h\u00e4lt viele Gefl\u00fcgelarten und k\u00fcmmert sich z.B. liebevoll um die Nachzucht von Hawaiig\u00e4nsen, um die vor dem Aussterben bedrohte Art zu retten. Ganz nebenbei gab es Hunderte von Bambusarten, auch ganz seltene bzw. neu eingef\u00fchrte Arten.<\/li>\n<\/ul>\n<figure id=\"attachment_235\" aria-describedby=\"caption-attachment-235\" style=\"width: 4000px\" class=\"wp-caption aligncenter\"><img loading=\"lazy\" decoding=\"async\" class=\"wp-image-235 size-full\" src=\"https:\/\/ebs-d-de.prossl.de\/wordpress\/wordpress\/wp-content\/uploads\/2016\/10\/Au\u00dfem-Ute-1-bei-Gilbert-Cudennec-P1170663-1.jpg\" width=\"4000\" height=\"3000\" srcset=\"https:\/\/bambus-deutschland.de\/wp-content\/uploads\/2016\/10\/Au\u00dfem-Ute-1-bei-Gilbert-Cudennec-P1170663-1.jpg 4000w, https:\/\/bambus-deutschland.de\/wp-content\/uploads\/2016\/10\/Au\u00dfem-Ute-1-bei-Gilbert-Cudennec-P1170663-1-300x225.jpg 300w, https:\/\/bambus-deutschland.de\/wp-content\/uploads\/2016\/10\/Au\u00dfem-Ute-1-bei-Gilbert-Cudennec-P1170663-1-768x576.jpg 768w, https:\/\/bambus-deutschland.de\/wp-content\/uploads\/2016\/10\/Au\u00dfem-Ute-1-bei-Gilbert-Cudennec-P1170663-1-1024x768.jpg 1024w\" sizes=\"auto, (max-width: 4000px) 100vw, 4000px\" \/><figcaption id=\"caption-attachment-235\" class=\"wp-caption-text\">Bei Gilbert Cudennec<\/figcaption><\/figure>\n<ul>\n<li>Oder das junge Paar, mit kleinem Kind , das sich ein Grundst\u00fcck kaufte, die G\u00e4rtnerei Vert&#8217;Tige er\u00f6ffnete und so das Hobby zum Beruf machte.<\/li>\n<\/ul>\n<p>Aber auch die Profis und die \u00f6ffentlichen Einrichtungen d\u00fcrfen nicht vergessen werden.<\/p>\n<ul>\n<li>Zum Beispiel die G\u00e4rtnerei Crea&#8217;Paysage von Madame Verdes und Monsieur Fogaras, die mittlerweile eine Filiale im S\u00fcden Frankreichs haben.<\/li>\n<li>Oder der Garten im Parc Botanique de Haute Bretagne mit dem Schlo\u00df Folti\u00e8re mit den Pl\u00fcschb\u00e4ren in den B\u00e4umen, um den Garten auch f\u00fcr Kinder interessant zu machen.<\/li>\n<\/ul>\n<figure id=\"attachment_234\" aria-describedby=\"caption-attachment-234\" style=\"width: 4000px\" class=\"wp-caption aligncenter\"><img loading=\"lazy\" decoding=\"async\" class=\"wp-image-234 size-full\" src=\"https:\/\/ebs-d-de.prossl.de\/wordpress\/wordpress\/wp-content\/uploads\/2016\/10\/Au\u00dfem-Ute-0d-Jardin-botanique-de-Haute-Bretagne-2-P1170575.jpg\" width=\"4000\" height=\"3000\" srcset=\"https:\/\/bambus-deutschland.de\/wp-content\/uploads\/2016\/10\/Au\u00dfem-Ute-0d-Jardin-botanique-de-Haute-Bretagne-2-P1170575.jpg 4000w, https:\/\/bambus-deutschland.de\/wp-content\/uploads\/2016\/10\/Au\u00dfem-Ute-0d-Jardin-botanique-de-Haute-Bretagne-2-P1170575-300x225.jpg 300w, https:\/\/bambus-deutschland.de\/wp-content\/uploads\/2016\/10\/Au\u00dfem-Ute-0d-Jardin-botanique-de-Haute-Bretagne-2-P1170575-768x576.jpg 768w, https:\/\/bambus-deutschland.de\/wp-content\/uploads\/2016\/10\/Au\u00dfem-Ute-0d-Jardin-botanique-de-Haute-Bretagne-2-P1170575-1024x768.jpg 1024w\" sizes=\"auto, (max-width: 4000px) 100vw, 4000px\" \/><figcaption id=\"caption-attachment-234\" class=\"wp-caption-text\">Jardin botanique de Haute Bretagne<\/figcaption><\/figure>\n<ul>\n<li>Oder die G\u00e4rten von Kerdalo, mit der Italienischen Grotte, einst angelegt um 1960 von einem russischem Maler. Er geh\u00f6rt zu den sch\u00f6nsten G\u00e4rten Frankreichs und wird heute von seiner Tochter Madame Vaughn gef\u00fchrt.<\/li>\n<li>Oder der botanische Garten in Brest mit einer Baumfarnallee wie ich sie weder in Cornwall noch in\u00a0 Irland gesehen habe.\n<p><figure id=\"attachment_236\" aria-describedby=\"caption-attachment-236\" style=\"width: 4000px\" class=\"wp-caption aligncenter\"><img loading=\"lazy\" decoding=\"async\" class=\"wp-image-236 size-full\" src=\"https:\/\/ebs-d-de.prossl.de\/wordpress\/wordpress\/wp-content\/uploads\/2016\/10\/Au\u00dfem-Ute-3-Conservatoire-botanique-national-de-Brest-P1170869.jpg\" alt=\"Conservatoire botanique national de Brest\" width=\"4000\" height=\"2415\" srcset=\"https:\/\/bambus-deutschland.de\/wp-content\/uploads\/2016\/10\/Au\u00dfem-Ute-3-Conservatoire-botanique-national-de-Brest-P1170869.jpg 4000w, https:\/\/bambus-deutschland.de\/wp-content\/uploads\/2016\/10\/Au\u00dfem-Ute-3-Conservatoire-botanique-national-de-Brest-P1170869-300x181.jpg 300w, https:\/\/bambus-deutschland.de\/wp-content\/uploads\/2016\/10\/Au\u00dfem-Ute-3-Conservatoire-botanique-national-de-Brest-P1170869-768x464.jpg 768w, https:\/\/bambus-deutschland.de\/wp-content\/uploads\/2016\/10\/Au\u00dfem-Ute-3-Conservatoire-botanique-national-de-Brest-P1170869-1024x618.jpg 1024w\" sizes=\"auto, (max-width: 4000px) 100vw, 4000px\" \/><figcaption id=\"caption-attachment-236\" class=\"wp-caption-text\">Conservatoire botanique national de Brest<\/figcaption><\/figure><\/li>\n<li>Oder der Garten der Sinne in Nantes, wohl der \u00e4lteste der G\u00e4rten. Die Sinne werden nicht nur durch die herrliche Bepflanzung angesprochen, sondern z.B. auch durch gro\u00dfe, kleine, wackelnde oder schaukelnde B\u00e4nke oder durch den Bereich in dem man bei Ann\u00e4herung aus vielen Richtungen lachende, kichernde Kindergnome h\u00f6rt.<\/li>\n<\/ul>\n<figure id=\"attachment_237\" aria-describedby=\"caption-attachment-237\" style=\"width: 2816px\" class=\"wp-caption aligncenter\"><img loading=\"lazy\" decoding=\"async\" class=\"wp-image-237 size-full\" src=\"https:\/\/ebs-d-de.prossl.de\/wordpress\/wordpress\/wp-content\/uploads\/2016\/10\/DSC07072.jpg\" alt=\"Kalvarienberg in Guimillau\" width=\"2816\" height=\"2112\" srcset=\"https:\/\/bambus-deutschland.de\/wp-content\/uploads\/2016\/10\/DSC07072.jpg 2816w, https:\/\/bambus-deutschland.de\/wp-content\/uploads\/2016\/10\/DSC07072-300x225.jpg 300w, https:\/\/bambus-deutschland.de\/wp-content\/uploads\/2016\/10\/DSC07072-768x576.jpg 768w, https:\/\/bambus-deutschland.de\/wp-content\/uploads\/2016\/10\/DSC07072-1024x768.jpg 1024w\" sizes=\"auto, (max-width: 2816px) 100vw, 2816px\" \/><figcaption id=\"caption-attachment-237\" class=\"wp-caption-text\">Kalvarienberg in Guimilliau<\/figcaption><\/figure>\n<p>Kultur und 6.000 Jahre Geschichte kamen auch nicht zu kurz. Angefangen bei den &#8218;Hinkelsteinen&#8216; von Carnac, einer Hinterlassenschaft der Megalithkultur, von der man auch heute noch nicht viel wei\u00df, \u00fcber den Kalvarienberg in Guimilliau mit \u00fcber 200 Heiligenfiguren, den Ruinen der riesigen Abtei St Mathieu bis hin zu den riesigen U-Boot Bunkern in Lorient, einst Hafen der fr\u00fcheren Ostindienkompanie, haben wir viel gesehen.<\/p>\n<p>Kurz und gut, f\u00fcr jeden war etwas dabei, nat\u00fcrlich auch Cidre und Rotwein. \u00dcbrigens haben die Bretonen auch unz\u00e4hlbar viele Heilige, f\u00fcr jedes Problem gleich mehrere. Einige von ihnen sind offensichtlich auch f\u00fcr EBSler zust\u00e4ndig, jedenfalls sind wir alle wieder gesund heimgekehrt.<\/p>\n<p><strong>Ausf\u00fchrlicher Reisebericht (mit einzelnen Gartenbeschreibungen)\u00a0 im Bambus-Journal 4\/2015, zu bestellen bei der Gesch\u00e4ftsstelle.<\/strong><\/p>\n","protected":false},"excerpt":{"rendered":"<p>Gartenreise in die Bretagne 2015 Die Bretonen: Ein st\u00f6rrisches, eigensinniges Volk mit keltischen Wurzeln, das im Laufe der Geschichte immer seinen eigenen Willen durchsetzen und seine eigene Identit\u00e4t bewahren wollte. So ganz geschafft haben sie es nicht, seit langer Zeit geh\u00f6ren sie zu Frankreich und sie haben auch ihren Nationalstolz &#8211; aber nicht den f\u00fcr &hellip; <a href=\"https:\/\/bambus-deutschland.de\/index.php\/beispiel-seite\/bambus-und-gartenreisen-der-ebs-d\/ebs-d-gartenreise-in-die-bretagne-2015\/\" class=\"more-link\"><span class=\"screen-reader-text\">Bretagne 2015<\/span> weiterlesen <span class=\"meta-nav\">&rarr;<\/span><\/a><\/p>\n","protected":false},"author":9,"featured_media":0,"parent":206,"menu_order":0,"comment_status":"closed","ping_status":"closed","template":"page-templates\/full-width.php","meta":{"iawp_total_views":49,"footnotes":""},"class_list":["post-242","page","type-page","status-publish","hentry"],"_links":{"self":[{"href":"https:\/\/bambus-deutschland.de\/index.php\/wp-json\/wp\/v2\/pages\/242","targetHints":{"allow":["GET"]}}],"collection":[{"href":"https:\/\/bambus-deutschland.de\/index.php\/wp-json\/wp\/v2\/pages"}],"about":[{"href":"https:\/\/bambus-deutschland.de\/index.php\/wp-json\/wp\/v2\/types\/page"}],"author":[{"embeddable":true,"href":"https:\/\/bambus-deutschland.de\/index.php\/wp-json\/wp\/v2\/users\/9"}],"replies":[{"embeddable":true,"href":"https:\/\/bambus-deutschland.de\/index.php\/wp-json\/wp\/v2\/comments?post=242"}],"version-history":[{"count":12,"href":"https:\/\/bambus-deutschland.de\/index.php\/wp-json\/wp\/v2\/pages\/242\/revisions"}],"predecessor-version":[{"id":851,"href":"https:\/\/bambus-deutschland.de\/index.php\/wp-json\/wp\/v2\/pages\/242\/revisions\/851"}],"up":[{"embeddable":true,"href":"https:\/\/bambus-deutschland.de\/index.php\/wp-json\/wp\/v2\/pages\/206"}],"wp:attachment":[{"href":"https:\/\/bambus-deutschland.de\/index.php\/wp-json\/wp\/v2\/media?parent=242"}],"curies":[{"name":"wp","href":"https:\/\/api.w.org\/{rel}","templated":true}]}}

<h6>Gartenreise in die Bretagne 2015</h6>
<figure id="attachment_240" aria-describedby="caption-attachment-240" style="width: 3321px" class="wp-caption aligncenter"><img loading="lazy" decoding="async" class="wp-image-240 size-full" src="https://ebs-d-de.prossl.de/wordpress/wordpress/wp-content/uploads/2016/10/Außem-Ute-Le-Mont-Saint-Miche-08.09.2015-P1170535-e1480957568453.jpg" alt="Le Mont-Saint_Michèle" width="3321" height="2487" srcset="https://bambus-deutschland.de/wp-content/uploads/2016/10/Außem-Ute-Le-Mont-Saint-Miche-08.09.2015-P1170535-e1480957568453.jpg 3321w, https://bambus-deutschland.de/wp-content/uploads/2016/10/Außem-Ute-Le-Mont-Saint-Miche-08.09.2015-P1170535-e1480957568453-300x225.jpg 300w, https://bambus-deutschland.de/wp-content/uploads/2016/10/Außem-Ute-Le-Mont-Saint-Miche-08.09.2015-P1170535-e1480957568453-768x575.jpg 768w, https://bambus-deutschland.de/wp-content/uploads/2016/10/Außem-Ute-Le-Mont-Saint-Miche-08.09.2015-P1170535-e1480957568453-1024x767.jpg 1024w" sizes="auto, (max-width: 3321px) 100vw, 3321px" /><figcaption id="caption-attachment-240" class="wp-caption-text">Le Mont-Saint-Michèle</figcaption></figure>
<p>Die Bretonen: Ein störrisches, eigensinniges Volk mit keltischen Wurzeln, das im Laufe der Geschichte immer seinen eigenen Willen durchsetzen und seine eigene Identität bewahren wollte. So ganz geschafft haben sie es nicht, seit langer Zeit gehören sie zu Frankreich und sie haben auch ihren Nationalstolz &#8211; aber nicht den für Frankreich sondern natürlich den für die Bretagne. Wir durften eine Weile bei ihnen sein und haben sie als als liebenswerte Menschen kennengelernt – irgendwie kamen einem immer wieder Asterix und Obelix in den Sinn …</p>
<p>Hier wie anderswo, richtige &#8218;Pflanzenverrückte&#8216; gibt es überall und einige ganz besondere haben wir auf unserer Reise gefunden.</p>
<ul>
<li>Da war zum Beispiel Monsieur Ruelleaux mit einem riesengroßen Waldgrundstück mit einer ausgesuchten Auswahl von Gehölzen, der nebenbei Hunderte von Bambussen pflegt. Eigentlich hält er Ziegen und lebt vom Verkauf des selbstgemachten Käses, aber die Liebe zu den Pflanzen …
<p><figure id="attachment_241" aria-describedby="caption-attachment-241" style="width: 2816px" class="wp-caption aligncenter"><img loading="lazy" decoding="async" class="wp-image-241 size-full" src="https://ebs-d-de.prossl.de/wordpress/wordpress/wp-content/uploads/2016/10/Carpantier-Bärbel-Ziegenwirt-DSC07194.jpg" alt="Beim Ziegenwirt" width="2816" height="2112" srcset="https://bambus-deutschland.de/wp-content/uploads/2016/10/Carpantier-Bärbel-Ziegenwirt-DSC07194.jpg 2816w, https://bambus-deutschland.de/wp-content/uploads/2016/10/Carpantier-Bärbel-Ziegenwirt-DSC07194-300x225.jpg 300w, https://bambus-deutschland.de/wp-content/uploads/2016/10/Carpantier-Bärbel-Ziegenwirt-DSC07194-768x576.jpg 768w, https://bambus-deutschland.de/wp-content/uploads/2016/10/Carpantier-Bärbel-Ziegenwirt-DSC07194-1024x768.jpg 1024w" sizes="auto, (max-width: 2816px) 100vw, 2816px" /><figcaption id="caption-attachment-241" class="wp-caption-text">Beim Ziegenwirt</figcaption></figure></li>
<li>Oder Monsieur Cudennec. Er hält viele Geflügelarten und kümmert sich z.B. liebevoll um die Nachzucht von Hawaiigänsen, um die vor dem Aussterben bedrohte Art zu retten. Ganz nebenbei gab es Hunderte von Bambusarten, auch ganz seltene bzw. neu eingeführte Arten.</li>
</ul>
<figure id="attachment_235" aria-describedby="caption-attachment-235" style="width: 4000px" class="wp-caption aligncenter"><img loading="lazy" decoding="async" class="wp-image-235 size-full" src="https://ebs-d-de.prossl.de/wordpress/wordpress/wp-content/uploads/2016/10/Außem-Ute-1-bei-Gilbert-Cudennec-P1170663-1.jpg" width="4000" height="3000" srcset="https://bambus-deutschland.de/wp-content/uploads/2016/10/Außem-Ute-1-bei-Gilbert-Cudennec-P1170663-1.jpg 4000w, https://bambus-deutschland.de/wp-content/uploads/2016/10/Außem-Ute-1-bei-Gilbert-Cudennec-P1170663-1-300x225.jpg 300w, https://bambus-deutschland.de/wp-content/uploads/2016/10/Außem-Ute-1-bei-Gilbert-Cudennec-P1170663-1-768x576.jpg 768w, https://bambus-deutschland.de/wp-content/uploads/2016/10/Außem-Ute-1-bei-Gilbert-Cudennec-P1170663-1-1024x768.jpg 1024w" sizes="auto, (max-width: 4000px) 100vw, 4000px" /><figcaption id="caption-attachment-235" class="wp-caption-text">Bei Gilbert Cudennec</figcaption></figure>
<ul>
<li>Oder das junge Paar, mit kleinem Kind , das sich ein Grundstück kaufte, die Gärtnerei Vert&#8217;Tige eröffnete und so das Hobby zum Beruf machte.</li>
</ul>
<p>Aber auch die Profis und die öffentlichen Einrichtungen dürfen nicht vergessen werden.</p>
<ul>
<li>Zum Beispiel die Gärtnerei Crea&#8217;Paysage von Madame Verdes und Monsieur Fogaras, die mittlerweile eine Filiale im Süden Frankreichs haben.</li>
<li>Oder der Garten im Parc Botanique de Haute Bretagne mit dem Schloß Foltière mit den Plüschbären in den Bäumen, um den Garten auch für Kinder interessant zu machen.</li>
</ul>
<figure id="attachment_234" aria-describedby="caption-attachment-234" style="width: 4000px" class="wp-caption aligncenter"><img loading="lazy" decoding="async" class="wp-image-234 size-full" src="https://ebs-d-de.prossl.de/wordpress/wordpress/wp-content/uploads/2016/10/Außem-Ute-0d-Jardin-botanique-de-Haute-Bretagne-2-P1170575.jpg" width="4000" height="3000" srcset="https://bambus-deutschland.de/wp-content/uploads/2016/10/Außem-Ute-0d-Jardin-botanique-de-Haute-Bretagne-2-P1170575.jpg 4000w, https://bambus-deutschland.de/wp-content/uploads/2016/10/Außem-Ute-0d-Jardin-botanique-de-Haute-Bretagne-2-P1170575-300x225.jpg 300w, https://bambus-deutschland.de/wp-content/uploads/2016/10/Außem-Ute-0d-Jardin-botanique-de-Haute-Bretagne-2-P1170575-768x576.jpg 768w, https://bambus-deutschland.de/wp-content/uploads/2016/10/Außem-Ute-0d-Jardin-botanique-de-Haute-Bretagne-2-P1170575-1024x768.jpg 1024w" sizes="auto, (max-width: 4000px) 100vw, 4000px" /><figcaption id="caption-attachment-234" class="wp-caption-text">Jardin botanique de Haute Bretagne</figcaption></figure>
<ul>
<li>Oder die Gärten von Kerdalo, mit der Italienischen Grotte, einst angelegt um 1960 von einem russischem Maler. Er gehört zu den schönsten Gärten Frankreichs und wird heute von seiner Tochter Madame Vaughn geführt.</li>
<li>Oder der botanische Garten in Brest mit einer Baumfarnallee wie ich sie weder in Cornwall noch in  Irland gesehen habe.
<p><figure id="attachment_236" aria-describedby="caption-attachment-236" style="width: 4000px" class="wp-caption aligncenter"><img loading="lazy" decoding="async" class="wp-image-236 size-full" src="https://ebs-d-de.prossl.de/wordpress/wordpress/wp-content/uploads/2016/10/Außem-Ute-3-Conservatoire-botanique-national-de-Brest-P1170869.jpg" alt="Conservatoire botanique national de Brest" width="4000" height="2415" srcset="https://bambus-deutschland.de/wp-content/uploads/2016/10/Außem-Ute-3-Conservatoire-botanique-national-de-Brest-P1170869.jpg 4000w, https://bambus-deutschland.de/wp-content/uploads/2016/10/Außem-Ute-3-Conservatoire-botanique-national-de-Brest-P1170869-300x181.jpg 300w, https://bambus-deutschland.de/wp-content/uploads/2016/10/Außem-Ute-3-Conservatoire-botanique-national-de-Brest-P1170869-768x464.jpg 768w, https://bambus-deutschland.de/wp-content/uploads/2016/10/Außem-Ute-3-Conservatoire-botanique-national-de-Brest-P1170869-1024x618.jpg 1024w" sizes="auto, (max-width: 4000px) 100vw, 4000px" /><figcaption id="caption-attachment-236" class="wp-caption-text">Conservatoire botanique national de Brest</figcaption></figure></li>
<li>Oder der Garten der Sinne in Nantes, wohl der älteste der Gärten. Die Sinne werden nicht nur durch die herrliche Bepflanzung angesprochen, sondern z.B. auch durch große, kleine, wackelnde oder schaukelnde Bänke oder durch den Bereich in dem man bei Annäherung aus vielen Richtungen lachende, kichernde Kindergnome hört.</li>
</ul>
<figure id="attachment_237" aria-describedby="caption-attachment-237" style="width: 2816px" class="wp-caption aligncenter"><img loading="lazy" decoding="async" class="wp-image-237 size-full" src="https://ebs-d-de.prossl.de/wordpress/wordpress/wp-content/uploads/2016/10/DSC07072.jpg" alt="Kalvarienberg in Guimillau" width="2816" height="2112" srcset="https://bambus-deutschland.de/wp-content/uploads/2016/10/DSC07072.jpg 2816w, https://bambus-deutschland.de/wp-content/uploads/2016/10/DSC07072-300x225.jpg 300w, https://bambus-deutschland.de/wp-content/uploads/2016/10/DSC07072-768x576.jpg 768w, https://bambus-deutschland.de/wp-content/uploads/2016/10/DSC07072-1024x768.jpg 1024w" sizes="auto, (max-width: 2816px) 100vw, 2816px" /><figcaption id="caption-attachment-237" class="wp-caption-text">Kalvarienberg in Guimilliau</figcaption></figure>
<p>Kultur und 6.000 Jahre Geschichte kamen auch nicht zu kurz. Angefangen bei den &#8218;Hinkelsteinen&#8216; von Carnac, einer Hinterlassenschaft der Megalithkultur, von der man auch heute noch nicht viel weiß, über den Kalvarienberg in Guimilliau mit über 200 Heiligenfiguren, den Ruinen der riesigen Abtei St Mathieu bis hin zu den riesigen U-Boot Bunkern in Lorient, einst Hafen der früheren Ostindienkompanie, haben wir viel gesehen.</p>
<p>Kurz und gut, für jeden war etwas dabei, natürlich auch Cidre und Rotwein. Übrigens haben die Bretonen auch unzählbar viele Heilige, für jedes Problem gleich mehrere. Einige von ihnen sind offensichtlich auch für EBSler zuständig, jedenfalls sind wir alle wieder gesund heimgekehrt.</p>
<p><strong>Ausführlicher Reisebericht (mit einzelnen Gartenbeschreibungen)  im Bambus-Journal 4/2015, zu bestellen bei der Geschäftsstelle.</strong></p>

<p>Gartenreise in die Bretagne 2015 Die Bretonen: Ein störrisches, eigensinniges Volk mit keltischen Wurzeln, das im Laufe der Geschichte immer seinen eigenen Willen durchsetzen und seine eigene Identität bewahren wollte. So ganz geschafft haben sie es nicht, seit langer Zeit gehören sie zu Frankreich und sie haben auch ihren Nationalstolz &#8211; aber nicht den für &hellip; <a href="https://bambus-deutschland.de/index.php/beispiel-seite/bambus-und-gartenreisen-der-ebs-d/ebs-d-gartenreise-in-die-bretagne-2015/" class="more-link"><span class="screen-reader-text">Bretagne 2015</span> weiterlesen <span class="meta-nav">&rarr;</span></a></p>
