{"id":2945,"date":"2020-09-01T13:09:04","date_gmt":"2020-09-01T11:09:04","guid":{"rendered":"https:\/\/bambus-deutschland.de\/?page_id=2945"},"modified":"2020-10-08T22:45:55","modified_gmt":"2020-10-08T20:45:55","slug":"phyllostachys-aureosulcata-argus","status":"publish","type":"page","link":"https:\/\/bambus-deutschland.de\/index.php\/arten-und-sorten\/phyllostachys\/phyllostachys-aureosulcata-argus\/","title":{"rendered":"Phyllostachys aureosulcata \u2018Argus\u2019"},"content":{"rendered":"<h5><strong><em>Phyllostachys aureosulcata <\/em>\u2018Argus\u2019<\/strong> <span id=\"likeBadge\"><\/span><\/h5>\n<p><strong>H\u00f6he:<\/strong> 6-8 m, bisher noch kaum voll ausgewachsenen Best\u00e4nde<br \/>\n<strong>Halme:<\/strong> Rau, gelb, in der Sonne orange bis rot ausf\u00e4rbend, im unteren Bereich mit Zick Zack Wuchs, gr\u00fcner Sulcus, h\u00e4ufig unregelm\u00e4\u00dfig gr\u00fcn gestreift, bisher bis 25 mm Durchmesser, scheint nicht den Durchmesser anderer <em>aureosulcata<\/em>-Formen zu erreichen. Internodien etwa 30 cm lang.<br \/>\n<strong>Bl\u00e4tter:<\/strong> Bis 15 cm lang und 2 cm breit, dunkelgr\u00fcn.<br \/>\n<strong>Halmscheiden:<\/strong> Violett-gr\u00fcn mit gelben Streifen, nur gelegentlich mit wenigen kleinen braunen Punkten, unbehaart.<br \/>\n<strong>Wuchs:<\/strong> Aufrecht, Spize leicht \u00fcberh\u00e4ngend, \u00e4ltere Halme oft schr\u00e4g.<br \/>\n<strong>Winterh\u00e4rte:<\/strong> Vermutlich wie andere <em>aureosulcata<\/em>-Formen bis &#8211; 24\u00b0C.<br \/>\n<strong>Standort:<\/strong> Sonnig bis halbschattig<br \/>\n<strong>Platzbedarf:<\/strong> Ab 4 m\u00b2<br \/>\n<strong>Verwendung:<\/strong> Solit\u00e4r, Hain<br \/>\n<strong>Herkunft:<\/strong> Um das Jahr 2000 in einer aus China kommenden Lieferung von <em>Phyllostachys aureosulcata<\/em> \u2018Spectabilis\u2019 von Michael Brisbane entdeckt. Sp\u00e4ter von Paul Whittaker (UK) vermehrt und im Jahr 2005 auch nach Deutschland verkauft. Scheint identisch mit der Form \u2018Flavostriata\u2019.<br \/>\n<strong>Bemerkungen:<\/strong> Die Pflanze ist <em>Phyllostachys aureosulcata<\/em> \u2018Spectabilis\u2019 \u00e4hnlich, allerdings mit viel h\u00e4ufigeren und breiteren gr\u00fcnen Streifen au\u00dferhalb des Sulcus. In dieser Hinsicht \u00e4hnlich \u2018Harbin inversa\u2019, die aber schmalere Streifen besitzt. Einziger &#8222;Nachteil&#8220; dieser sehr sch\u00f6nen Pflanze scheint zu sein, dass die Halme nicht die Dicke erreichen wie bei \u2018Spectabilis\u2019 oder \u2018Habin inversa\u2019, aber vielleicht \u00e4ndert sich das noch, wenn gro\u00dfe ausgewachsene Best\u00e4nde existieren. Aufgrund der erst k\u00fcrzlichen Einf\u00fchrung noch selten im Handel.<\/p>\n<div id='gallery-1' class='gallery galleryid-2945 gallery-columns-3 gallery-size-thumbnail'><figure class='gallery-item'>\n\t\t\t<div class='gallery-icon portrait'>\n\t\t\t\t<a href='https:\/\/bambus-deutschland.de\/wp-content\/uploads\/2020\/10\/Argus-P1280635-scaled.jpg' title=\"Phyllostachys aureosulcata \u2018Argus\u2019 Spross (Foto: Ute Au\u00dfem)\" data-rl_title=\"Phyllostachys aureosulcata \u2018Argus\u2019 Spross (Foto: Ute Au\u00dfem)\" class=\"rl-gallery-link\" data-rl_caption=\"\" data-rel=\"lightbox-gallery-1\"><img loading=\"lazy\" decoding=\"async\" width=\"150\" height=\"150\" src=\"https:\/\/bambus-deutschland.de\/wp-content\/uploads\/2020\/10\/Argus-P1280635-150x150.jpg\" class=\"attachment-thumbnail size-thumbnail\" alt=\"\" aria-describedby=\"gallery-1-3437\" \/><\/a>\n\t\t\t<\/div>\n\t\t\t\t<figcaption class='wp-caption-text gallery-caption' id='gallery-1-3437'>\n\t\t\t\tPhyllostachys aureosulcata \u2018Argus\u2019 Spross (Foto: Ute Au\u00dfem)\n\t\t\t\t<\/figcaption><\/figure><figure class='gallery-item'>\n\t\t\t<div class='gallery-icon portrait'>\n\t\t\t\t<a href='https:\/\/bambus-deutschland.de\/wp-content\/uploads\/2020\/10\/Argus-P1360192-scaled.jpg' title=\"Phyllostachys aureosulcata \u2018Argus\u2019 Spross (Foto: Ute Au\u00dfem)\" data-rl_title=\"Phyllostachys aureosulcata \u2018Argus\u2019 Spross (Foto: Ute Au\u00dfem)\" class=\"rl-gallery-link\" data-rl_caption=\"\" data-rel=\"lightbox-gallery-1\"><img loading=\"lazy\" decoding=\"async\" width=\"150\" height=\"150\" src=\"https:\/\/bambus-deutschland.de\/wp-content\/uploads\/2020\/10\/Argus-P1360192-150x150.jpg\" class=\"attachment-thumbnail size-thumbnail\" alt=\"\" aria-describedby=\"gallery-1-3436\" \/><\/a>\n\t\t\t<\/div>\n\t\t\t\t<figcaption class='wp-caption-text gallery-caption' id='gallery-1-3436'>\n\t\t\t\tPhyllostachys aureosulcata \u2018Argus\u2019 Spross (Foto: Ute Au\u00dfem)\n\t\t\t\t<\/figcaption><\/figure><figure class='gallery-item'>\n\t\t\t<div class='gallery-icon portrait'>\n\t\t\t\t<a href='https:\/\/bambus-deutschland.de\/wp-content\/uploads\/2020\/09\/argus.jpg' title=\"Phyllostachys aureosulcata &#039;Argus&#039; (Foto: Steffen Greiner)\" data-rl_title=\"Phyllostachys aureosulcata &#039;Argus&#039; (Foto: Steffen Greiner)\" class=\"rl-gallery-link\" data-rl_caption=\"\" data-rel=\"lightbox-gallery-1\"><img loading=\"lazy\" decoding=\"async\" width=\"150\" height=\"150\" src=\"https:\/\/bambus-deutschland.de\/wp-content\/uploads\/2020\/09\/argus-150x150.jpg\" class=\"attachment-thumbnail size-thumbnail\" alt=\"\" aria-describedby=\"gallery-1-2951\" \/><\/a>\n\t\t\t<\/div>\n\t\t\t\t<figcaption class='wp-caption-text gallery-caption' id='gallery-1-2951'>\n\t\t\t\tPhyllostachys aureosulcata &#8218;Argus&#8216; (Foto: Steffen Greiner)\n\t\t\t\t<\/figcaption><\/figure><figure class='gallery-item'>\n\t\t\t<div class='gallery-icon portrait'>\n\t\t\t\t<a href='https:\/\/bambus-deutschland.de\/wp-content\/uploads\/2020\/09\/Argus_Steffen_20200624_224810-scaled.jpg' title=\"Phyllostachys aureosulcata &#039;Argus&#039; (Foto: Steffen Greiner)\" data-rl_title=\"Phyllostachys aureosulcata &#039;Argus&#039; (Foto: Steffen Greiner)\" class=\"rl-gallery-link\" data-rl_caption=\"\" data-rel=\"lightbox-gallery-1\"><img loading=\"lazy\" decoding=\"async\" width=\"150\" height=\"150\" src=\"https:\/\/bambus-deutschland.de\/wp-content\/uploads\/2020\/09\/Argus_Steffen_20200624_224810-150x150.jpg\" class=\"attachment-thumbnail size-thumbnail\" alt=\"\" aria-describedby=\"gallery-1-2960\" \/><\/a>\n\t\t\t<\/div>\n\t\t\t\t<figcaption class='wp-caption-text gallery-caption' id='gallery-1-2960'>\n\t\t\t\tPhyllostachys aureosulcata &#8218;Argus&#8216; (Foto: Steffen Greiner)\n\t\t\t\t<\/figcaption><\/figure><figure class='gallery-item'>\n\t\t\t<div class='gallery-icon portrait'>\n\t\t\t\t<a href='https:\/\/bambus-deutschland.de\/wp-content\/uploads\/2020\/09\/Argus_Steffen_20200624_224752-scaled.jpg' title=\"Phyllostachys aureosulcata &#039;Argus&#039; (Foto: Steffen Greiner)\" data-rl_title=\"Phyllostachys aureosulcata &#039;Argus&#039; (Foto: Steffen Greiner)\" class=\"rl-gallery-link\" data-rl_caption=\"\" data-rel=\"lightbox-gallery-1\"><img loading=\"lazy\" decoding=\"async\" width=\"150\" height=\"150\" src=\"https:\/\/bambus-deutschland.de\/wp-content\/uploads\/2020\/09\/Argus_Steffen_20200624_224752-150x150.jpg\" class=\"attachment-thumbnail size-thumbnail\" alt=\"\" aria-describedby=\"gallery-1-2959\" \/><\/a>\n\t\t\t<\/div>\n\t\t\t\t<figcaption class='wp-caption-text gallery-caption' id='gallery-1-2959'>\n\t\t\t\tPhyllostachys aureosulcata &#8218;Argus&#8216; (Foto: Steffen Greiner)\n\t\t\t\t<\/figcaption><\/figure><figure class='gallery-item'>\n\t\t\t<div class='gallery-icon portrait'>\n\t\t\t\t<a href='https:\/\/bambus-deutschland.de\/wp-content\/uploads\/2020\/09\/Argus_Steffen_20200624_224741-scaled.jpg' title=\"\" data-rl_title=\"\" class=\"rl-gallery-link\" data-rl_caption=\"\" data-rel=\"lightbox-gallery-1\"><img loading=\"lazy\" decoding=\"async\" width=\"150\" height=\"150\" src=\"https:\/\/bambus-deutschland.de\/wp-content\/uploads\/2020\/09\/Argus_Steffen_20200624_224741-150x150.jpg\" class=\"attachment-thumbnail size-thumbnail\" alt=\"\" \/><\/a>\n\t\t\t<\/div><\/figure><figure class='gallery-item'>\n\t\t\t<div class='gallery-icon portrait'>\n\t\t\t\t<a href='https:\/\/bambus-deutschland.de\/wp-content\/uploads\/2020\/10\/Argus-2-P1250639-scaled.jpg' title=\"Phyllostachys aureosulcata \u2018Argus\u2019 (Foto: Ute Au\u00dfem)\" data-rl_title=\"Phyllostachys aureosulcata \u2018Argus\u2019 (Foto: Ute Au\u00dfem)\" class=\"rl-gallery-link\" data-rl_caption=\"\" data-rel=\"lightbox-gallery-1\"><img loading=\"lazy\" decoding=\"async\" width=\"150\" height=\"150\" src=\"https:\/\/bambus-deutschland.de\/wp-content\/uploads\/2020\/10\/Argus-2-P1250639-150x150.jpg\" class=\"attachment-thumbnail size-thumbnail\" alt=\"\" aria-describedby=\"gallery-1-3438\" \/><\/a>\n\t\t\t<\/div>\n\t\t\t\t<figcaption class='wp-caption-text gallery-caption' id='gallery-1-3438'>\n\t\t\t\tPhyllostachys aureosulcata \u2018Argus\u2019 (Foto: Ute Au\u00dfem)\n\t\t\t\t<\/figcaption><\/figure>\n\t\t<\/div>\n\n<p>&nbsp;<\/p>\n","protected":false},"excerpt":{"rendered":"<p>Phyllostachys aureosulcata \u2018Argus\u2019 H\u00f6he: 6-8 m, bisher noch kaum voll ausgewachsenen Best\u00e4nde Halme: Rau, gelb, in der Sonne orange bis rot ausf\u00e4rbend, im unteren Bereich mit Zick Zack Wuchs, gr\u00fcner Sulcus, h\u00e4ufig unregelm\u00e4\u00dfig gr\u00fcn gestreift, bisher bis 25 mm Durchmesser, scheint nicht den Durchmesser anderer aureosulcata-Formen zu erreichen. Internodien etwa 30 cm lang. Bl\u00e4tter: Bis &hellip; <a href=\"https:\/\/bambus-deutschland.de\/index.php\/arten-und-sorten\/phyllostachys\/phyllostachys-aureosulcata-argus\/\" class=\"more-link\"><span class=\"screen-reader-text\">Phyllostachys aureosulcata \u2018Argus\u2019<\/span> weiterlesen <span class=\"meta-nav\">&rarr;<\/span><\/a><\/p>\n","protected":false},"author":1,"featured_media":0,"parent":2900,"menu_order":0,"comment_status":"closed","ping_status":"closed","template":"","meta":{"iawp_total_views":180,"footnotes":""},"class_list":["post-2945","page","type-page","status-publish","hentry"],"_links":{"self":[{"href":"https:\/\/bambus-deutschland.de\/index.php\/wp-json\/wp\/v2\/pages\/2945","targetHints":{"allow":["GET"]}}],"collection":[{"href":"https:\/\/bambus-deutschland.de\/index.php\/wp-json\/wp\/v2\/pages"}],"about":[{"href":"https:\/\/bambus-deutschland.de\/index.php\/wp-json\/wp\/v2\/types\/page"}],"author":[{"embeddable":true,"href":"https:\/\/bambus-deutschland.de\/index.php\/wp-json\/wp\/v2\/users\/1"}],"replies":[{"embeddable":true,"href":"https:\/\/bambus-deutschland.de\/index.php\/wp-json\/wp\/v2\/comments?post=2945"}],"version-history":[{"count":14,"href":"https:\/\/bambus-deutschland.de\/index.php\/wp-json\/wp\/v2\/pages\/2945\/revisions"}],"predecessor-version":[{"id":3522,"href":"https:\/\/bambus-deutschland.de\/index.php\/wp-json\/wp\/v2\/pages\/2945\/revisions\/3522"}],"up":[{"embeddable":true,"href":"https:\/\/bambus-deutschland.de\/index.php\/wp-json\/wp\/v2\/pages\/2900"}],"wp:attachment":[{"href":"https:\/\/bambus-deutschland.de\/index.php\/wp-json\/wp\/v2\/media?parent=2945"}],"curies":[{"name":"wp","href":"https:\/\/api.w.org\/{rel}","templated":true}]}}

<h5><strong><em>Phyllostachys aureosulcata </em>‘Argus’</strong> <span id="likeBadge"></span></h5>
<p><strong>Höhe:</strong> 6-8 m, bisher noch kaum voll ausgewachsenen Bestände<br />
<strong>Halme:</strong> Rau, gelb, in der Sonne orange bis rot ausfärbend, im unteren Bereich mit Zick Zack Wuchs, grüner Sulcus, häufig unregelmäßig grün gestreift, bisher bis 25 mm Durchmesser, scheint nicht den Durchmesser anderer <em>aureosulcata</em>-Formen zu erreichen. Internodien etwa 30 cm lang.<br />
<strong>Blätter:</strong> Bis 15 cm lang und 2 cm breit, dunkelgrün.<br />
<strong>Halmscheiden:</strong> Violett-grün mit gelben Streifen, nur gelegentlich mit wenigen kleinen braunen Punkten, unbehaart.<br />
<strong>Wuchs:</strong> Aufrecht, Spize leicht überhängend, ältere Halme oft schräg.<br />
<strong>Winterhärte:</strong> Vermutlich wie andere <em>aureosulcata</em>-Formen bis &#8211; 24°C.<br />
<strong>Standort:</strong> Sonnig bis halbschattig<br />
<strong>Platzbedarf:</strong> Ab 4 m²<br />
<strong>Verwendung:</strong> Solitär, Hain<br />
<strong>Herkunft:</strong> Um das Jahr 2000 in einer aus China kommenden Lieferung von <em>Phyllostachys aureosulcata</em> ‘Spectabilis’ von Michael Brisbane entdeckt. Später von Paul Whittaker (UK) vermehrt und im Jahr 2005 auch nach Deutschland verkauft. Scheint identisch mit der Form ‘Flavostriata’.<br />
<strong>Bemerkungen:</strong> Die Pflanze ist <em>Phyllostachys aureosulcata</em> ‘Spectabilis’ ähnlich, allerdings mit viel häufigeren und breiteren grünen Streifen außerhalb des Sulcus. In dieser Hinsicht ähnlich ‘Harbin inversa’, die aber schmalere Streifen besitzt. Einziger &#8222;Nachteil&#8220; dieser sehr schönen Pflanze scheint zu sein, dass die Halme nicht die Dicke erreichen wie bei ‘Spectabilis’ oder ‘Habin inversa’, aber vielleicht ändert sich das noch, wenn große ausgewachsene Bestände existieren. Aufgrund der erst kürzlichen Einführung noch selten im Handel.</p>
<div id='gallery-1' class='gallery galleryid-2945 gallery-columns-3 gallery-size-thumbnail'><figure class='gallery-item'>
			<div class='gallery-icon portrait'>
				<a href='https://bambus-deutschland.de/wp-content/uploads/2020/10/Argus-P1280635-scaled.jpg' title="Phyllostachys aureosulcata ‘Argus’ Spross (Foto: Ute Außem)" data-rl_title="Phyllostachys aureosulcata ‘Argus’ Spross (Foto: Ute Außem)" class="rl-gallery-link" data-rl_caption="" data-rel="lightbox-gallery-1"><img loading="lazy" decoding="async" width="150" height="150" src="https://bambus-deutschland.de/wp-content/uploads/2020/10/Argus-P1280635-150x150.jpg" class="attachment-thumbnail size-thumbnail" alt="" aria-describedby="gallery-1-3437" /></a>
			</div>
				<figcaption class='wp-caption-text gallery-caption' id='gallery-1-3437'>
				Phyllostachys aureosulcata ‘Argus’ Spross (Foto: Ute Außem)
				</figcaption></figure><figure class='gallery-item'>
			<div class='gallery-icon portrait'>
				<a href='https://bambus-deutschland.de/wp-content/uploads/2020/10/Argus-P1360192-scaled.jpg' title="Phyllostachys aureosulcata ‘Argus’ Spross (Foto: Ute Außem)" data-rl_title="Phyllostachys aureosulcata ‘Argus’ Spross (Foto: Ute Außem)" class="rl-gallery-link" data-rl_caption="" data-rel="lightbox-gallery-1"><img loading="lazy" decoding="async" width="150" height="150" src="https://bambus-deutschland.de/wp-content/uploads/2020/10/Argus-P1360192-150x150.jpg" class="attachment-thumbnail size-thumbnail" alt="" aria-describedby="gallery-1-3436" /></a>
			</div>
				<figcaption class='wp-caption-text gallery-caption' id='gallery-1-3436'>
				Phyllostachys aureosulcata ‘Argus’ Spross (Foto: Ute Außem)
				</figcaption></figure><figure class='gallery-item'>
			<div class='gallery-icon portrait'>
				<a href='https://bambus-deutschland.de/wp-content/uploads/2020/09/argus.jpg' title="Phyllostachys aureosulcata &#039;Argus&#039; (Foto: Steffen Greiner)" data-rl_title="Phyllostachys aureosulcata &#039;Argus&#039; (Foto: Steffen Greiner)" class="rl-gallery-link" data-rl_caption="" data-rel="lightbox-gallery-1"><img loading="lazy" decoding="async" width="150" height="150" src="https://bambus-deutschland.de/wp-content/uploads/2020/09/argus-150x150.jpg" class="attachment-thumbnail size-thumbnail" alt="" aria-describedby="gallery-1-2951" /></a>
			</div>
				<figcaption class='wp-caption-text gallery-caption' id='gallery-1-2951'>
				Phyllostachys aureosulcata &#8218;Argus&#8216; (Foto: Steffen Greiner)
				</figcaption></figure><figure class='gallery-item'>
			<div class='gallery-icon portrait'>
				<a href='https://bambus-deutschland.de/wp-content/uploads/2020/09/Argus_Steffen_20200624_224810-scaled.jpg' title="Phyllostachys aureosulcata &#039;Argus&#039; (Foto: Steffen Greiner)" data-rl_title="Phyllostachys aureosulcata &#039;Argus&#039; (Foto: Steffen Greiner)" class="rl-gallery-link" data-rl_caption="" data-rel="lightbox-gallery-1"><img loading="lazy" decoding="async" width="150" height="150" src="https://bambus-deutschland.de/wp-content/uploads/2020/09/Argus_Steffen_20200624_224810-150x150.jpg" class="attachment-thumbnail size-thumbnail" alt="" aria-describedby="gallery-1-2960" /></a>
			</div>
				<figcaption class='wp-caption-text gallery-caption' id='gallery-1-2960'>
				Phyllostachys aureosulcata &#8218;Argus&#8216; (Foto: Steffen Greiner)
				</figcaption></figure><figure class='gallery-item'>
			<div class='gallery-icon portrait'>
				<a href='https://bambus-deutschland.de/wp-content/uploads/2020/09/Argus_Steffen_20200624_224752-scaled.jpg' title="Phyllostachys aureosulcata &#039;Argus&#039; (Foto: Steffen Greiner)" data-rl_title="Phyllostachys aureosulcata &#039;Argus&#039; (Foto: Steffen Greiner)" class="rl-gallery-link" data-rl_caption="" data-rel="lightbox-gallery-1"><img loading="lazy" decoding="async" width="150" height="150" src="https://bambus-deutschland.de/wp-content/uploads/2020/09/Argus_Steffen_20200624_224752-150x150.jpg" class="attachment-thumbnail size-thumbnail" alt="" aria-describedby="gallery-1-2959" /></a>
			</div>
				<figcaption class='wp-caption-text gallery-caption' id='gallery-1-2959'>
				Phyllostachys aureosulcata &#8218;Argus&#8216; (Foto: Steffen Greiner)
				</figcaption></figure><figure class='gallery-item'>
			<div class='gallery-icon portrait'>
				<a href='https://bambus-deutschland.de/wp-content/uploads/2020/09/Argus_Steffen_20200624_224741-scaled.jpg' title="" data-rl_title="" class="rl-gallery-link" data-rl_caption="" data-rel="lightbox-gallery-1"><img loading="lazy" decoding="async" width="150" height="150" src="https://bambus-deutschland.de/wp-content/uploads/2020/09/Argus_Steffen_20200624_224741-150x150.jpg" class="attachment-thumbnail size-thumbnail" alt="" /></a>
			</div></figure><figure class='gallery-item'>
			<div class='gallery-icon portrait'>
				<a href='https://bambus-deutschland.de/wp-content/uploads/2020/10/Argus-2-P1250639-scaled.jpg' title="Phyllostachys aureosulcata ‘Argus’ (Foto: Ute Außem)" data-rl_title="Phyllostachys aureosulcata ‘Argus’ (Foto: Ute Außem)" class="rl-gallery-link" data-rl_caption="" data-rel="lightbox-gallery-1"><img loading="lazy" decoding="async" width="150" height="150" src="https://bambus-deutschland.de/wp-content/uploads/2020/10/Argus-2-P1250639-150x150.jpg" class="attachment-thumbnail size-thumbnail" alt="" aria-describedby="gallery-1-3438" /></a>
			</div>
				<figcaption class='wp-caption-text gallery-caption' id='gallery-1-3438'>
				Phyllostachys aureosulcata ‘Argus’ (Foto: Ute Außem)
				</figcaption></figure>
		</div>

<p>&nbsp;</p>

<p>Phyllostachys aureosulcata ‘Argus’ Höhe: 6-8 m, bisher noch kaum voll ausgewachsenen Bestände Halme: Rau, gelb, in der Sonne orange bis rot ausfärbend, im unteren Bereich mit Zick Zack Wuchs, grüner Sulcus, häufig unregelmäßig grün gestreift, bisher bis 25 mm Durchmesser, scheint nicht den Durchmesser anderer aureosulcata-Formen zu erreichen. Internodien etwa 30 cm lang. Blätter: Bis &hellip; <a href="https://bambus-deutschland.de/index.php/arten-und-sorten/phyllostachys/phyllostachys-aureosulcata-argus/" class="more-link"><span class="screen-reader-text">Phyllostachys aureosulcata ‘Argus’</span> weiterlesen <span class="meta-nav">&rarr;</span></a></p>
