{"id":2954,"date":"2020-09-04T10:20:42","date_gmt":"2020-09-04T08:20:42","guid":{"rendered":"https:\/\/bambus-deutschland.de\/?page_id=2954"},"modified":"2020-10-08T20:14:56","modified_gmt":"2020-10-08T18:14:56","slug":"phyllostachys-bambusoides-albovariegata","status":"publish","type":"page","link":"https:\/\/bambus-deutschland.de\/index.php\/arten-und-sorten\/phyllostachys\/phyllostachys-bambusoides-albovariegata\/","title":{"rendered":"Phyllostachys bambusoides \u2018Albovariegata\u2019"},"content":{"rendered":"<h5><strong><em>Phyllostachys bambusoides<\/em> \u2018Albovariegata\u2019<\/strong><\/h5>\n<p><strong>H\u00f6he:<\/strong> Bis 6 m<br \/>\n<strong>Halme:<\/strong> Austrieb gr\u00fcn, in der Sonne gelb, Nodien wenig ausgepr\u00e4gt, bei einer Halml\u00e4nge von 3 m, Zweige 80 cm, Internodien 18 cm und Halmdicke\u00a0 von 15 mm, \u00e4ltere Best\u00e4nde 30-40 mm Halmdurchmesser<br \/>\n<strong>Bl\u00e4tter:<\/strong> 9-11 cm lang, 2 cm breit, gl\u00e4nzend gr\u00fcn, teilweise<br \/>\nau\u00dfergew\u00f6hnlich lebhaft wei\u00df gelb gestreifte Bl\u00e4tter, neue Bl\u00e4tter<br \/>\nvereinzelnd kupferfarben, im Winter fast nur gr\u00fcne Bl\u00e4tter<br \/>\n<strong>Halmscheiden:<\/strong> Braun\/beige cremefarben mit dunkelbraunen Flecken<br \/>\n<strong>Wuchs:<\/strong> Sehr kompakt, enger Halmabstand<br \/>\n<strong>Winterh\u00e4rte:<\/strong>\u00a0 Etwa &#8211; 14\u00b0C<br \/>\n<strong>Standort:<\/strong> Sonne bis halbschatten, bei vollsonnigen Standort verlieren die Bl\u00e4tter relativ schnell ihre wundersch\u00f6ne Panaschierung<br \/>\n<strong>Platzbedarf:<\/strong> Ab 2 m\u00b2<br \/>\n<strong>Verwendung:<\/strong> Solit\u00e4r<br \/>\n<strong>Herkunft:<\/strong> 1993 aus China eingf\u00fchrt.<br \/>\n<strong>Bemerkungen:<\/strong> Paul Whittaker und David Crompton schreiben<br \/>\n\u00fcbereinstimmend, dass zwei unterschiedlich Klone kultiviert werden. Der USA Klon ist st\u00e4rker panaschiert und empfindlicher, w\u00e4hrend der Klon aus Europa weniger panaschiert ist und daf\u00fcr w\u00fcchsiger und robuster. Die Bilder, sowie die Beschreibung bezieht sich auf den Europa-Klon. Nur f\u00fcr milde Regionen, seltene wertvolle Liebhaberpflanze.<\/p>\n<div id='gallery-1' class='gallery galleryid-2954 gallery-columns-3 gallery-size-thumbnail'><figure class='gallery-item'>\n\t\t\t<div class='gallery-icon portrait'>\n\t\t\t\t<a href='https:\/\/bambus-deutschland.de\/wp-content\/uploads\/2020\/09\/20200830_163744-scaled.jpg' title=\"Albovariegata (Foto: Steffen Greiner)\" data-rl_title=\"Albovariegata (Foto: Steffen Greiner)\" class=\"rl-gallery-link\" data-rl_caption=\"\" data-rel=\"lightbox-gallery-1\"><img loading=\"lazy\" decoding=\"async\" width=\"150\" height=\"150\" src=\"https:\/\/bambus-deutschland.de\/wp-content\/uploads\/2020\/09\/20200830_163744-150x150.jpg\" class=\"attachment-thumbnail size-thumbnail\" alt=\"\" aria-describedby=\"gallery-1-3001\" \/><\/a>\n\t\t\t<\/div>\n\t\t\t\t<figcaption class='wp-caption-text gallery-caption' id='gallery-1-3001'>\n\t\t\t\tAlbovariegata (Foto: Steffen Greiner)\n\t\t\t\t<\/figcaption><\/figure><figure class='gallery-item'>\n\t\t\t<div class='gallery-icon portrait'>\n\t\t\t\t<a href='https:\/\/bambus-deutschland.de\/wp-content\/uploads\/2020\/09\/20200830_163820-scaled.jpg' title=\"Albovariegata (Foto: Steffen Greiner)\" data-rl_title=\"Albovariegata (Foto: Steffen Greiner)\" class=\"rl-gallery-link\" data-rl_caption=\"\" data-rel=\"lightbox-gallery-1\"><img loading=\"lazy\" decoding=\"async\" width=\"150\" height=\"150\" src=\"https:\/\/bambus-deutschland.de\/wp-content\/uploads\/2020\/09\/20200830_163820-150x150.jpg\" class=\"attachment-thumbnail size-thumbnail\" alt=\"\" aria-describedby=\"gallery-1-3002\" \/><\/a>\n\t\t\t<\/div>\n\t\t\t\t<figcaption class='wp-caption-text gallery-caption' id='gallery-1-3002'>\n\t\t\t\tAlbovariegata (Foto: Steffen Greiner)\n\t\t\t\t<\/figcaption><\/figure><figure class='gallery-item'>\n\t\t\t<div class='gallery-icon portrait'>\n\t\t\t\t<a href='https:\/\/bambus-deutschland.de\/wp-content\/uploads\/2020\/09\/20200830_163927-scaled.jpg' title=\"Albovariegata (Foto: Steffen Greiner)\" data-rl_title=\"Albovariegata (Foto: Steffen Greiner)\" class=\"rl-gallery-link\" data-rl_caption=\"\" data-rel=\"lightbox-gallery-1\"><img loading=\"lazy\" decoding=\"async\" width=\"150\" height=\"150\" src=\"https:\/\/bambus-deutschland.de\/wp-content\/uploads\/2020\/09\/20200830_163927-150x150.jpg\" class=\"attachment-thumbnail size-thumbnail\" alt=\"\" aria-describedby=\"gallery-1-3003\" \/><\/a>\n\t\t\t<\/div>\n\t\t\t\t<figcaption class='wp-caption-text gallery-caption' id='gallery-1-3003'>\n\t\t\t\tAlbovariegata (Foto: Steffen Greiner)\n\t\t\t\t<\/figcaption><\/figure>\n\t\t<\/div>\n\n","protected":false},"excerpt":{"rendered":"<p>Phyllostachys bambusoides \u2018Albovariegata\u2019 H\u00f6he: Bis 6 m Halme: Austrieb gr\u00fcn, in der Sonne gelb, Nodien wenig ausgepr\u00e4gt, bei einer Halml\u00e4nge von 3 m, Zweige 80 cm, Internodien 18 cm und Halmdicke\u00a0 von 15 mm, \u00e4ltere Best\u00e4nde 30-40 mm Halmdurchmesser Bl\u00e4tter: 9-11 cm lang, 2 cm breit, gl\u00e4nzend gr\u00fcn, teilweise au\u00dfergew\u00f6hnlich lebhaft wei\u00df gelb gestreifte Bl\u00e4tter, &hellip; <a href=\"https:\/\/bambus-deutschland.de\/index.php\/arten-und-sorten\/phyllostachys\/phyllostachys-bambusoides-albovariegata\/\" class=\"more-link\"><span class=\"screen-reader-text\">Phyllostachys bambusoides \u2018Albovariegata\u2019<\/span> weiterlesen <span class=\"meta-nav\">&rarr;<\/span><\/a><\/p>\n","protected":false},"author":1,"featured_media":0,"parent":2900,"menu_order":0,"comment_status":"closed","ping_status":"closed","template":"","meta":{"iawp_total_views":63,"footnotes":""},"class_list":["post-2954","page","type-page","status-publish","hentry"],"_links":{"self":[{"href":"https:\/\/bambus-deutschland.de\/index.php\/wp-json\/wp\/v2\/pages\/2954","targetHints":{"allow":["GET"]}}],"collection":[{"href":"https:\/\/bambus-deutschland.de\/index.php\/wp-json\/wp\/v2\/pages"}],"about":[{"href":"https:\/\/bambus-deutschland.de\/index.php\/wp-json\/wp\/v2\/types\/page"}],"author":[{"embeddable":true,"href":"https:\/\/bambus-deutschland.de\/index.php\/wp-json\/wp\/v2\/users\/1"}],"replies":[{"embeddable":true,"href":"https:\/\/bambus-deutschland.de\/index.php\/wp-json\/wp\/v2\/comments?post=2954"}],"version-history":[{"count":6,"href":"https:\/\/bambus-deutschland.de\/index.php\/wp-json\/wp\/v2\/pages\/2954\/revisions"}],"predecessor-version":[{"id":3472,"href":"https:\/\/bambus-deutschland.de\/index.php\/wp-json\/wp\/v2\/pages\/2954\/revisions\/3472"}],"up":[{"embeddable":true,"href":"https:\/\/bambus-deutschland.de\/index.php\/wp-json\/wp\/v2\/pages\/2900"}],"wp:attachment":[{"href":"https:\/\/bambus-deutschland.de\/index.php\/wp-json\/wp\/v2\/media?parent=2954"}],"curies":[{"name":"wp","href":"https:\/\/api.w.org\/{rel}","templated":true}]}}

<h5><strong><em>Phyllostachys bambusoides</em> ‘Albovariegata’</strong></h5>
<p><strong>Höhe:</strong> Bis 6 m<br />
<strong>Halme:</strong> Austrieb grün, in der Sonne gelb, Nodien wenig ausgeprägt, bei einer Halmlänge von 3 m, Zweige 80 cm, Internodien 18 cm und Halmdicke  von 15 mm, ältere Bestände 30-40 mm Halmdurchmesser<br />
<strong>Blätter:</strong> 9-11 cm lang, 2 cm breit, glänzend grün, teilweise<br />
außergewöhnlich lebhaft weiß gelb gestreifte Blätter, neue Blätter<br />
vereinzelnd kupferfarben, im Winter fast nur grüne Blätter<br />
<strong>Halmscheiden:</strong> Braun/beige cremefarben mit dunkelbraunen Flecken<br />
<strong>Wuchs:</strong> Sehr kompakt, enger Halmabstand<br />
<strong>Winterhärte:</strong>  Etwa &#8211; 14°C<br />
<strong>Standort:</strong> Sonne bis halbschatten, bei vollsonnigen Standort verlieren die Blätter relativ schnell ihre wunderschöne Panaschierung<br />
<strong>Platzbedarf:</strong> Ab 2 m²<br />
<strong>Verwendung:</strong> Solitär<br />
<strong>Herkunft:</strong> 1993 aus China eingführt.<br />
<strong>Bemerkungen:</strong> Paul Whittaker und David Crompton schreiben<br />
übereinstimmend, dass zwei unterschiedlich Klone kultiviert werden. Der USA Klon ist stärker panaschiert und empfindlicher, während der Klon aus Europa weniger panaschiert ist und dafür wüchsiger und robuster. Die Bilder, sowie die Beschreibung bezieht sich auf den Europa-Klon. Nur für milde Regionen, seltene wertvolle Liebhaberpflanze.</p>
<div id='gallery-1' class='gallery galleryid-2954 gallery-columns-3 gallery-size-thumbnail'><figure class='gallery-item'>
			<div class='gallery-icon portrait'>
				<a href='https://bambus-deutschland.de/wp-content/uploads/2020/09/20200830_163744-scaled.jpg' title="Albovariegata (Foto: Steffen Greiner)" data-rl_title="Albovariegata (Foto: Steffen Greiner)" class="rl-gallery-link" data-rl_caption="" data-rel="lightbox-gallery-1"><img loading="lazy" decoding="async" width="150" height="150" src="https://bambus-deutschland.de/wp-content/uploads/2020/09/20200830_163744-150x150.jpg" class="attachment-thumbnail size-thumbnail" alt="" aria-describedby="gallery-1-3001" /></a>
			</div>
				<figcaption class='wp-caption-text gallery-caption' id='gallery-1-3001'>
				Albovariegata (Foto: Steffen Greiner)
				</figcaption></figure><figure class='gallery-item'>
			<div class='gallery-icon portrait'>
				<a href='https://bambus-deutschland.de/wp-content/uploads/2020/09/20200830_163820-scaled.jpg' title="Albovariegata (Foto: Steffen Greiner)" data-rl_title="Albovariegata (Foto: Steffen Greiner)" class="rl-gallery-link" data-rl_caption="" data-rel="lightbox-gallery-1"><img loading="lazy" decoding="async" width="150" height="150" src="https://bambus-deutschland.de/wp-content/uploads/2020/09/20200830_163820-150x150.jpg" class="attachment-thumbnail size-thumbnail" alt="" aria-describedby="gallery-1-3002" /></a>
			</div>
				<figcaption class='wp-caption-text gallery-caption' id='gallery-1-3002'>
				Albovariegata (Foto: Steffen Greiner)
				</figcaption></figure><figure class='gallery-item'>
			<div class='gallery-icon portrait'>
				<a href='https://bambus-deutschland.de/wp-content/uploads/2020/09/20200830_163927-scaled.jpg' title="Albovariegata (Foto: Steffen Greiner)" data-rl_title="Albovariegata (Foto: Steffen Greiner)" class="rl-gallery-link" data-rl_caption="" data-rel="lightbox-gallery-1"><img loading="lazy" decoding="async" width="150" height="150" src="https://bambus-deutschland.de/wp-content/uploads/2020/09/20200830_163927-150x150.jpg" class="attachment-thumbnail size-thumbnail" alt="" aria-describedby="gallery-1-3003" /></a>
			</div>
				<figcaption class='wp-caption-text gallery-caption' id='gallery-1-3003'>
				Albovariegata (Foto: Steffen Greiner)
				</figcaption></figure>
		</div>

<p>Phyllostachys bambusoides ‘Albovariegata’ Höhe: Bis 6 m Halme: Austrieb grün, in der Sonne gelb, Nodien wenig ausgeprägt, bei einer Halmlänge von 3 m, Zweige 80 cm, Internodien 18 cm und Halmdicke  von 15 mm, ältere Bestände 30-40 mm Halmdurchmesser Blätter: 9-11 cm lang, 2 cm breit, glänzend grün, teilweise außergewöhnlich lebhaft weiß gelb gestreifte Blätter, &hellip; <a href="https://bambus-deutschland.de/index.php/arten-und-sorten/phyllostachys/phyllostachys-bambusoides-albovariegata/" class="more-link"><span class="screen-reader-text">Phyllostachys bambusoides ‘Albovariegata’</span> weiterlesen <span class="meta-nav">&rarr;</span></a></p>
