{"id":2978,"date":"2020-09-02T21:41:50","date_gmt":"2020-09-02T19:41:50","guid":{"rendered":"https:\/\/bambus-deutschland.de\/?page_id=2978"},"modified":"2020-10-08T18:54:08","modified_gmt":"2020-10-08T16:54:08","slug":"arundinaria-viridistriata","status":"publish","type":"page","link":"https:\/\/bambus-deutschland.de\/index.php\/arten-und-sorten\/arundinaria\/arundinaria-viridistriata\/","title":{"rendered":"Arundinaria viridistriata"},"content":{"rendered":"<h5><em>Arundinaria viridistriata, <\/em>Syn. P<em>leioblastus viridistriatus<\/em> oder <em>Pleioblastus auricoma<\/em><\/h5>\n<p><strong>H\u00f6he:<\/strong> 20-60 (80) cm<br \/>\n<strong>Halme:<\/strong> Halme mit 1 &#8211; 2 mm Durchmesser, wenige Zweige.<br \/>\n<strong>Bl\u00e4tter:<\/strong> Lanzettlich, d\u00fcnn, 15-20 cm lang, 15-25 mm breit. Die Blattspreite ist stark panaschiert, besonders im fr\u00fchen Sommer mit einer Vielzahl von gr\u00fcnen, sehr auff\u00e4lligen Streifen auf goldenem Hintergrund. Im Verlaufe des Sommers nimmt das Gr\u00fcn vor dem goldenen Hintergrund zu, so dass der Streifenkontrast immer mehr verdeckt wird, bis er zuletzt verschwindet.<br \/>\n<strong>Halmscheiden:<\/strong> Wie die ganze Pflanze dicht behaart.<br \/>\n<strong>Wuchs:<\/strong> Zwergf\u00f6rmig, fl\u00e4chendeckend, dichtlaubig.<br \/>\n<strong>Winterh\u00e4rte:<\/strong> Einer der winterh\u00e4rtesten panaschierten Zwergbambusse (bis unter -20\u00b0C).<br \/>\n<strong>Standort:<\/strong> Vielseitig verwendbarer Zwergbambus, f\u00fcr viele Pl\u00e4tze geeignet, von Vollsonne bis Teilschatten.<br \/>\n<strong>Platzbedarf:<\/strong> Auf kleinerer Fl\u00e4che zu halten, muss dann aber eingegrenzt werden.<br \/>\n<strong>Verwendung:<\/strong> Als Bodendecker. Auch geeignet f\u00fcr vor\u00fcbergehende Topfkultur, auch Raumbegr\u00fcnung. Besonders attraktiv von Fr\u00fchling bis Fr\u00fchsommer im dekorativen Topf und mit entsprechend repr\u00e4sentativer Aufstellung.<br \/>\n<strong>Herkunft:<\/strong> Die Gartenform ist in Japan entstanden, der Entstehungsort ist nicht bekannt, aber der Bambus wird in gro\u00dfem Umfang angepflanzt. Phylogenetisch ist diese Pflanze eine mutierte Form der <em>A. viridistriata<\/em> f. vagans (Gamble) Muroi, der rein gr\u00fcnen Ursprungs-Form.<br \/>\n<strong>Bemerkungen:<\/strong> Ein brillianter, sehr ornamentaler, universeller Zwergbambus. <em>Arundinaria viridistriata<\/em> hat k\u00fcrzlich eine Namens\u00e4nderung erfahren und d\u00fcrfte unter den Namen <em>Pleioblastus viridistriatus<\/em> oder <em>Pleioblastus auricoma<\/em> wesentlich bekannter sein.<\/p>\n<div id='gallery-1' class='gallery galleryid-2978 gallery-columns-2 gallery-size-thumbnail'><figure class='gallery-item'>\n\t\t\t<div class='gallery-icon landscape'>\n\t\t\t\t<a href='https:\/\/bambus-deutschland.de\/wp-content\/uploads\/2020\/09\/Aussem-Ute-Pleioblastus-viridistriatus-Syn.-Auricoma-DSC02619-scaled.jpg' title=\"Arundinaria viridistriata Syn. Auricoma (Foto: Ute Au\u00dfem)\" data-rl_title=\"Arundinaria viridistriata Syn. Auricoma (Foto: Ute Au\u00dfem)\" class=\"rl-gallery-link\" data-rl_caption=\"\" data-rel=\"lightbox-gallery-1\"><img loading=\"lazy\" decoding=\"async\" width=\"150\" height=\"150\" src=\"https:\/\/bambus-deutschland.de\/wp-content\/uploads\/2020\/09\/Aussem-Ute-Pleioblastus-viridistriatus-Syn.-Auricoma-DSC02619-150x150.jpg\" class=\"attachment-thumbnail size-thumbnail\" alt=\"\" aria-describedby=\"gallery-1-2983\" \/><\/a>\n\t\t\t<\/div>\n\t\t\t\t<figcaption class='wp-caption-text gallery-caption' id='gallery-1-2983'>\n\t\t\t\tArundinaria viridistriata Syn. Auricoma (Foto: Ute Au\u00dfem)\n\t\t\t\t<\/figcaption><\/figure><figure class='gallery-item'>\n\t\t\t<div class='gallery-icon landscape'>\n\t\t\t\t<a href='https:\/\/bambus-deutschland.de\/wp-content\/uploads\/2020\/09\/Ute-Aussem-bei-Josef-Pleioblastus-auricoma-DSC02777-scaled.jpg' title=\"Arundinaria viridistriata Syn. Auricoma (Foto: Ute Au\u00dfem)\" data-rl_title=\"Arundinaria viridistriata Syn. Auricoma (Foto: Ute Au\u00dfem)\" class=\"rl-gallery-link\" data-rl_caption=\"\" data-rel=\"lightbox-gallery-1\"><img loading=\"lazy\" decoding=\"async\" width=\"150\" height=\"150\" src=\"https:\/\/bambus-deutschland.de\/wp-content\/uploads\/2020\/09\/Ute-Aussem-bei-Josef-Pleioblastus-auricoma-DSC02777-150x150.jpg\" class=\"attachment-thumbnail size-thumbnail\" alt=\"\" aria-describedby=\"gallery-1-2982\" \/><\/a>\n\t\t\t<\/div>\n\t\t\t\t<figcaption class='wp-caption-text gallery-caption' id='gallery-1-2982'>\n\t\t\t\tArundinaria viridistriata Syn. Auricoma (Foto: Ute Au\u00dfem)\n\t\t\t\t<\/figcaption><\/figure><figure class='gallery-item'>\n\t\t\t<div class='gallery-icon landscape'>\n\t\t\t\t<a href='https:\/\/bambus-deutschland.de\/wp-content\/uploads\/2020\/09\/Bokrijk-Arundinaria-viridistriata-Syn.-Auricoma-P1030423.jpg' title=\"Arundinaria viridistriata Syn. Auricoma (Foto: Ute Au\u00dfem)\" data-rl_title=\"Arundinaria viridistriata Syn. Auricoma (Foto: Ute Au\u00dfem)\" class=\"rl-gallery-link\" data-rl_caption=\"\" data-rel=\"lightbox-gallery-1\"><img loading=\"lazy\" decoding=\"async\" width=\"150\" height=\"150\" src=\"https:\/\/bambus-deutschland.de\/wp-content\/uploads\/2020\/09\/Bokrijk-Arundinaria-viridistriata-Syn.-Auricoma-P1030423-150x150.jpg\" class=\"attachment-thumbnail size-thumbnail\" alt=\"\" aria-describedby=\"gallery-1-2980\" \/><\/a>\n\t\t\t<\/div>\n\t\t\t\t<figcaption class='wp-caption-text gallery-caption' id='gallery-1-2980'>\n\t\t\t\tArundinaria viridistriata Syn. Auricoma (Foto: Ute Au\u00dfem)\n\t\t\t\t<\/figcaption><\/figure><figure class='gallery-item'>\n\t\t\t<div class='gallery-icon portrait'>\n\t\t\t\t<a href='https:\/\/bambus-deutschland.de\/wp-content\/uploads\/2020\/09\/Aussem_Ute_Arundinaria_viridistriata_syn_Auricoma-scaled.jpg' title=\"Arundinaria viridistriata Syn. Auricoma (Foto: Ute Au\u00dfem)\" data-rl_title=\"Arundinaria viridistriata Syn. Auricoma (Foto: Ute Au\u00dfem)\" class=\"rl-gallery-link\" data-rl_caption=\"\" data-rel=\"lightbox-gallery-1\"><img loading=\"lazy\" decoding=\"async\" width=\"150\" height=\"150\" src=\"https:\/\/bambus-deutschland.de\/wp-content\/uploads\/2020\/09\/Aussem_Ute_Arundinaria_viridistriata_syn_Auricoma-150x150.jpg\" class=\"attachment-thumbnail size-thumbnail\" alt=\"\" aria-describedby=\"gallery-1-2981\" \/><\/a>\n\t\t\t<\/div>\n\t\t\t\t<figcaption class='wp-caption-text gallery-caption' id='gallery-1-2981'>\n\t\t\t\tArundinaria viridistriata Syn. Auricoma (Foto: Ute Au\u00dfem)\n\t\t\t\t<\/figcaption><\/figure>\n\t\t<\/div>\n\n<p>&nbsp;<\/p>\n<p>&nbsp;<\/p>\n<hr \/>\n","protected":false},"excerpt":{"rendered":"<p>Arundinaria viridistriata, Syn. Pleioblastus viridistriatus oder Pleioblastus auricoma H\u00f6he: 20-60 (80) cm Halme: Halme mit 1 &#8211; 2 mm Durchmesser, wenige Zweige. Bl\u00e4tter: Lanzettlich, d\u00fcnn, 15-20 cm lang, 15-25 mm breit. Die Blattspreite ist stark panaschiert, besonders im fr\u00fchen Sommer mit einer Vielzahl von gr\u00fcnen, sehr auff\u00e4lligen Streifen auf goldenem Hintergrund. Im Verlaufe des Sommers &hellip; <a href=\"https:\/\/bambus-deutschland.de\/index.php\/arten-und-sorten\/arundinaria\/arundinaria-viridistriata\/\" class=\"more-link\"><span class=\"screen-reader-text\">Arundinaria viridistriata<\/span> weiterlesen <span class=\"meta-nav\">&rarr;<\/span><\/a><\/p>\n","protected":false},"author":6,"featured_media":0,"parent":2885,"menu_order":0,"comment_status":"closed","ping_status":"closed","template":"","meta":{"iawp_total_views":229,"footnotes":""},"class_list":["post-2978","page","type-page","status-publish","hentry"],"_links":{"self":[{"href":"https:\/\/bambus-deutschland.de\/index.php\/wp-json\/wp\/v2\/pages\/2978","targetHints":{"allow":["GET"]}}],"collection":[{"href":"https:\/\/bambus-deutschland.de\/index.php\/wp-json\/wp\/v2\/pages"}],"about":[{"href":"https:\/\/bambus-deutschland.de\/index.php\/wp-json\/wp\/v2\/types\/page"}],"author":[{"embeddable":true,"href":"https:\/\/bambus-deutschland.de\/index.php\/wp-json\/wp\/v2\/users\/6"}],"replies":[{"embeddable":true,"href":"https:\/\/bambus-deutschland.de\/index.php\/wp-json\/wp\/v2\/comments?post=2978"}],"version-history":[{"count":9,"href":"https:\/\/bambus-deutschland.de\/index.php\/wp-json\/wp\/v2\/pages\/2978\/revisions"}],"predecessor-version":[{"id":3442,"href":"https:\/\/bambus-deutschland.de\/index.php\/wp-json\/wp\/v2\/pages\/2978\/revisions\/3442"}],"up":[{"embeddable":true,"href":"https:\/\/bambus-deutschland.de\/index.php\/wp-json\/wp\/v2\/pages\/2885"}],"wp:attachment":[{"href":"https:\/\/bambus-deutschland.de\/index.php\/wp-json\/wp\/v2\/media?parent=2978"}],"curies":[{"name":"wp","href":"https:\/\/api.w.org\/{rel}","templated":true}]}}

<h5><em>Arundinaria viridistriata, </em>Syn. P<em>leioblastus viridistriatus</em> oder <em>Pleioblastus auricoma</em></h5>
<p><strong>Höhe:</strong> 20-60 (80) cm<br />
<strong>Halme:</strong> Halme mit 1 &#8211; 2 mm Durchmesser, wenige Zweige.<br />
<strong>Blätter:</strong> Lanzettlich, dünn, 15-20 cm lang, 15-25 mm breit. Die Blattspreite ist stark panaschiert, besonders im frühen Sommer mit einer Vielzahl von grünen, sehr auffälligen Streifen auf goldenem Hintergrund. Im Verlaufe des Sommers nimmt das Grün vor dem goldenen Hintergrund zu, so dass der Streifenkontrast immer mehr verdeckt wird, bis er zuletzt verschwindet.<br />
<strong>Halmscheiden:</strong> Wie die ganze Pflanze dicht behaart.<br />
<strong>Wuchs:</strong> Zwergförmig, flächendeckend, dichtlaubig.<br />
<strong>Winterhärte:</strong> Einer der winterhärtesten panaschierten Zwergbambusse (bis unter -20°C).<br />
<strong>Standort:</strong> Vielseitig verwendbarer Zwergbambus, für viele Plätze geeignet, von Vollsonne bis Teilschatten.<br />
<strong>Platzbedarf:</strong> Auf kleinerer Fläche zu halten, muss dann aber eingegrenzt werden.<br />
<strong>Verwendung:</strong> Als Bodendecker. Auch geeignet für vorübergehende Topfkultur, auch Raumbegrünung. Besonders attraktiv von Frühling bis Frühsommer im dekorativen Topf und mit entsprechend repräsentativer Aufstellung.<br />
<strong>Herkunft:</strong> Die Gartenform ist in Japan entstanden, der Entstehungsort ist nicht bekannt, aber der Bambus wird in großem Umfang angepflanzt. Phylogenetisch ist diese Pflanze eine mutierte Form der <em>A. viridistriata</em> f. vagans (Gamble) Muroi, der rein grünen Ursprungs-Form.<br />
<strong>Bemerkungen:</strong> Ein brillianter, sehr ornamentaler, universeller Zwergbambus. <em>Arundinaria viridistriata</em> hat kürzlich eine Namensänderung erfahren und dürfte unter den Namen <em>Pleioblastus viridistriatus</em> oder <em>Pleioblastus auricoma</em> wesentlich bekannter sein.</p>
<div id='gallery-1' class='gallery galleryid-2978 gallery-columns-2 gallery-size-thumbnail'><figure class='gallery-item'>
			<div class='gallery-icon landscape'>
				<a href='https://bambus-deutschland.de/wp-content/uploads/2020/09/Aussem-Ute-Pleioblastus-viridistriatus-Syn.-Auricoma-DSC02619-scaled.jpg' title="Arundinaria viridistriata Syn. Auricoma (Foto: Ute Außem)" data-rl_title="Arundinaria viridistriata Syn. Auricoma (Foto: Ute Außem)" class="rl-gallery-link" data-rl_caption="" data-rel="lightbox-gallery-1"><img loading="lazy" decoding="async" width="150" height="150" src="https://bambus-deutschland.de/wp-content/uploads/2020/09/Aussem-Ute-Pleioblastus-viridistriatus-Syn.-Auricoma-DSC02619-150x150.jpg" class="attachment-thumbnail size-thumbnail" alt="" aria-describedby="gallery-1-2983" /></a>
			</div>
				<figcaption class='wp-caption-text gallery-caption' id='gallery-1-2983'>
				Arundinaria viridistriata Syn. Auricoma (Foto: Ute Außem)
				</figcaption></figure><figure class='gallery-item'>
			<div class='gallery-icon landscape'>
				<a href='https://bambus-deutschland.de/wp-content/uploads/2020/09/Ute-Aussem-bei-Josef-Pleioblastus-auricoma-DSC02777-scaled.jpg' title="Arundinaria viridistriata Syn. Auricoma (Foto: Ute Außem)" data-rl_title="Arundinaria viridistriata Syn. Auricoma (Foto: Ute Außem)" class="rl-gallery-link" data-rl_caption="" data-rel="lightbox-gallery-1"><img loading="lazy" decoding="async" width="150" height="150" src="https://bambus-deutschland.de/wp-content/uploads/2020/09/Ute-Aussem-bei-Josef-Pleioblastus-auricoma-DSC02777-150x150.jpg" class="attachment-thumbnail size-thumbnail" alt="" aria-describedby="gallery-1-2982" /></a>
			</div>
				<figcaption class='wp-caption-text gallery-caption' id='gallery-1-2982'>
				Arundinaria viridistriata Syn. Auricoma (Foto: Ute Außem)
				</figcaption></figure><figure class='gallery-item'>
			<div class='gallery-icon landscape'>
				<a href='https://bambus-deutschland.de/wp-content/uploads/2020/09/Bokrijk-Arundinaria-viridistriata-Syn.-Auricoma-P1030423.jpg' title="Arundinaria viridistriata Syn. Auricoma (Foto: Ute Außem)" data-rl_title="Arundinaria viridistriata Syn. Auricoma (Foto: Ute Außem)" class="rl-gallery-link" data-rl_caption="" data-rel="lightbox-gallery-1"><img loading="lazy" decoding="async" width="150" height="150" src="https://bambus-deutschland.de/wp-content/uploads/2020/09/Bokrijk-Arundinaria-viridistriata-Syn.-Auricoma-P1030423-150x150.jpg" class="attachment-thumbnail size-thumbnail" alt="" aria-describedby="gallery-1-2980" /></a>
			</div>
				<figcaption class='wp-caption-text gallery-caption' id='gallery-1-2980'>
				Arundinaria viridistriata Syn. Auricoma (Foto: Ute Außem)
				</figcaption></figure><figure class='gallery-item'>
			<div class='gallery-icon portrait'>
				<a href='https://bambus-deutschland.de/wp-content/uploads/2020/09/Aussem_Ute_Arundinaria_viridistriata_syn_Auricoma-scaled.jpg' title="Arundinaria viridistriata Syn. Auricoma (Foto: Ute Außem)" data-rl_title="Arundinaria viridistriata Syn. Auricoma (Foto: Ute Außem)" class="rl-gallery-link" data-rl_caption="" data-rel="lightbox-gallery-1"><img loading="lazy" decoding="async" width="150" height="150" src="https://bambus-deutschland.de/wp-content/uploads/2020/09/Aussem_Ute_Arundinaria_viridistriata_syn_Auricoma-150x150.jpg" class="attachment-thumbnail size-thumbnail" alt="" aria-describedby="gallery-1-2981" /></a>
			</div>
				<figcaption class='wp-caption-text gallery-caption' id='gallery-1-2981'>
				Arundinaria viridistriata Syn. Auricoma (Foto: Ute Außem)
				</figcaption></figure>
		</div>

<p>&nbsp;</p>
<p>&nbsp;</p>
<hr />

<p>Arundinaria viridistriata, Syn. Pleioblastus viridistriatus oder Pleioblastus auricoma Höhe: 20-60 (80) cm Halme: Halme mit 1 &#8211; 2 mm Durchmesser, wenige Zweige. Blätter: Lanzettlich, dünn, 15-20 cm lang, 15-25 mm breit. Die Blattspreite ist stark panaschiert, besonders im frühen Sommer mit einer Vielzahl von grünen, sehr auffälligen Streifen auf goldenem Hintergrund. Im Verlaufe des Sommers &hellip; <a href="https://bambus-deutschland.de/index.php/arten-und-sorten/arundinaria/arundinaria-viridistriata/" class="more-link"><span class="screen-reader-text">Arundinaria viridistriata</span> weiterlesen <span class="meta-nav">&rarr;</span></a></p>
