{"id":3184,"date":"2020-09-29T22:32:41","date_gmt":"2020-09-29T20:32:41","guid":{"rendered":"https:\/\/bambus-deutschland.de\/?page_id=3184"},"modified":"2020-10-08T19:42:54","modified_gmt":"2020-10-08T17:42:54","slug":"sasa-kurilensis-shimofuri","status":"publish","type":"page","link":"https:\/\/bambus-deutschland.de\/index.php\/arten-und-sorten\/sasa\/sasa-kurilensis-shimofuri\/","title":{"rendered":"Sasa kurilensis \u2018Shimofuri\u2019"},"content":{"rendered":"<h5><em>Sasa kurilensis <\/em>\u2018Shimofuri\u2019<em><br \/>\n<\/em><\/h5>\n<div><strong>H\u00f6he:<\/strong> 1,20 m.<br \/>\n<strong>Halme:\u00a0<\/strong> Gr\u00fcn bis gelb, Zweigl\u00e4nge 30 cm, Internodien 12 cm. Aus dem Nodium eines einzelnen Zweiges, fast so dick wie der Halm, entstehen b\u00fcschelweise wachsend gro\u00dfe Bl\u00e4tter bis in die Spitze des d\u00fcnnen Halmes.<br \/>\n<strong>Bl\u00e4tter<\/strong>: Sattgr\u00fcn, gl\u00e4nzend, 22 \u2013 25 cm lang; bis 4 cm breit. Lederartig, in der Spitze wie Finger (hand\u00e4hnlich) angeordnet, sehr attraktiv, ungew\u00f6hnlich viele, sehr feine gelb\/wei\u00dfe Linien, Gesamteindruck wie zart geb\u00fcrstet.<br \/>\n<strong>Halmscheiden:<\/strong> Lange Zeit anhaftend, schwach gr\u00fcn, fast durchscheinend.<br \/>\n<strong>Wuchs:<\/strong> Fl\u00e4chig, Ausl\u00e4ufer<br \/>\n<strong>Winterh\u00e4rte:\u00a0\u00a0 <\/strong>Etwa &#8211; 23\u00b0C<br \/>\n<strong>Standort: <\/strong>Um optimal zur Geltung zu kommen, ben\u00f6tigt er einen schattig bis teilschattigen Standort, in der Sonne bleichen die Bl\u00e4tter schnell aus.<\/div>\n<div><strong>Platzbedarf:<\/strong> Obwohl weniger ausl\u00e4ufertreibend als andere Sorten der <em>Sasa<\/em>-Gattung, ben\u00f6tigt er viel Platz oder eine Rhizomsperre. Die Rhizome bilden Ausl\u00e4ufer, jedoch sind diese nicht rein leptomorph, sondern weisen amphipodiale Merkmale auf, wodurch die Halme in Tuffs stehen.<br \/>\n<strong>Verwendung:<\/strong> Unterpflanzung, Begleitpflanze<br \/>\n<strong>Herkunft:<\/strong> Name abgeleitet und benannt nach seinem Naturstandort, den Kuril Inseln, einer Gruppe russischer Inseln nord\u00f6stlich Japans. Damit d\u00fcrfte dieser Bambus auch die am weitesten nach Norden reichende nat\u00fcrliche Verbreitung haben.<\/div>\n<p><strong>Bemerkungen:\u00a0<\/strong><em>Sasa<\/em> bezeichnet im japanischen kleine Bambusse. Sehr fr\u00fcher Austrieb im zeitigen Fr\u00fchjahr. Die neuen Sprossen vermitteln einen herrlichen Farbeindruck, blasses gr\u00fcn, Zitronengelb und ein tiefes lila.<\/p>\n<div id='gallery-1' class='gallery galleryid-3184 gallery-columns-1 gallery-size-large'><figure class='gallery-item'>\n\t\t\t<div class='gallery-icon landscape'>\n\t\t\t\t<a href='https:\/\/bambus-deutschland.de\/wp-content\/uploads\/2020\/09\/Aussem-Ute-Sasa-kurilensis-Shimofuri-P1310172-scaled.jpg' title=\"Sasa kurilensis &#039;Shimofuri&#039; im Parc aux Bambous (Foto: Ute Au\u00dfem)\" data-rl_title=\"Sasa kurilensis &#039;Shimofuri&#039; im Parc aux Bambous (Foto: Ute Au\u00dfem)\" class=\"rl-gallery-link\" data-rl_caption=\"\" data-rel=\"lightbox-gallery-1\"><img loading=\"lazy\" decoding=\"async\" width=\"474\" height=\"356\" src=\"https:\/\/bambus-deutschland.de\/wp-content\/uploads\/2020\/09\/Aussem-Ute-Sasa-kurilensis-Shimofuri-P1310172-1024x768.jpg\" class=\"attachment-large size-large\" alt=\"\" aria-describedby=\"gallery-1-3179\" srcset=\"https:\/\/bambus-deutschland.de\/wp-content\/uploads\/2020\/09\/Aussem-Ute-Sasa-kurilensis-Shimofuri-P1310172-1024x768.jpg 1024w, https:\/\/bambus-deutschland.de\/wp-content\/uploads\/2020\/09\/Aussem-Ute-Sasa-kurilensis-Shimofuri-P1310172-300x225.jpg 300w, https:\/\/bambus-deutschland.de\/wp-content\/uploads\/2020\/09\/Aussem-Ute-Sasa-kurilensis-Shimofuri-P1310172-768x576.jpg 768w, https:\/\/bambus-deutschland.de\/wp-content\/uploads\/2020\/09\/Aussem-Ute-Sasa-kurilensis-Shimofuri-P1310172-1536x1152.jpg 1536w, https:\/\/bambus-deutschland.de\/wp-content\/uploads\/2020\/09\/Aussem-Ute-Sasa-kurilensis-Shimofuri-P1310172-2048x1536.jpg 2048w\" sizes=\"auto, (max-width: 474px) 100vw, 474px\" \/><\/a>\n\t\t\t<\/div>\n\t\t\t\t<figcaption class='wp-caption-text gallery-caption' id='gallery-1-3179'>\n\t\t\t\tSasa kurilensis &#8218;Shimofuri&#8216; im Parc aux Bambous (Foto: Ute Au\u00dfem)\n\t\t\t\t<\/figcaption><\/figure>\n\t\t<\/div>\n\n<p>&nbsp;<\/p>\n<p>&nbsp;<\/p>\n<hr \/>\n","protected":false},"excerpt":{"rendered":"<p>Sasa kurilensis \u2018Shimofuri\u2019 H\u00f6he: 1,20 m. Halme:\u00a0 Gr\u00fcn bis gelb, Zweigl\u00e4nge 30 cm, Internodien 12 cm. Aus dem Nodium eines einzelnen Zweiges, fast so dick wie der Halm, entstehen b\u00fcschelweise wachsend gro\u00dfe Bl\u00e4tter bis in die Spitze des d\u00fcnnen Halmes. Bl\u00e4tter: Sattgr\u00fcn, gl\u00e4nzend, 22 \u2013 25 cm lang; bis 4 cm breit. Lederartig, in der &hellip; <a href=\"https:\/\/bambus-deutschland.de\/index.php\/arten-und-sorten\/sasa\/sasa-kurilensis-shimofuri\/\" class=\"more-link\"><span class=\"screen-reader-text\">Sasa kurilensis \u2018Shimofuri\u2019<\/span> weiterlesen <span class=\"meta-nav\">&rarr;<\/span><\/a><\/p>\n","protected":false},"author":6,"featured_media":0,"parent":2904,"menu_order":0,"comment_status":"closed","ping_status":"closed","template":"","meta":{"iawp_total_views":101,"footnotes":""},"class_list":["post-3184","page","type-page","status-publish","hentry"],"_links":{"self":[{"href":"https:\/\/bambus-deutschland.de\/index.php\/wp-json\/wp\/v2\/pages\/3184","targetHints":{"allow":["GET"]}}],"collection":[{"href":"https:\/\/bambus-deutschland.de\/index.php\/wp-json\/wp\/v2\/pages"}],"about":[{"href":"https:\/\/bambus-deutschland.de\/index.php\/wp-json\/wp\/v2\/types\/page"}],"author":[{"embeddable":true,"href":"https:\/\/bambus-deutschland.de\/index.php\/wp-json\/wp\/v2\/users\/6"}],"replies":[{"embeddable":true,"href":"https:\/\/bambus-deutschland.de\/index.php\/wp-json\/wp\/v2\/comments?post=3184"}],"version-history":[{"count":4,"href":"https:\/\/bambus-deutschland.de\/index.php\/wp-json\/wp\/v2\/pages\/3184\/revisions"}],"predecessor-version":[{"id":3463,"href":"https:\/\/bambus-deutschland.de\/index.php\/wp-json\/wp\/v2\/pages\/3184\/revisions\/3463"}],"up":[{"embeddable":true,"href":"https:\/\/bambus-deutschland.de\/index.php\/wp-json\/wp\/v2\/pages\/2904"}],"wp:attachment":[{"href":"https:\/\/bambus-deutschland.de\/index.php\/wp-json\/wp\/v2\/media?parent=3184"}],"curies":[{"name":"wp","href":"https:\/\/api.w.org\/{rel}","templated":true}]}}

<h5><em>Sasa kurilensis </em>‘Shimofuri’<em><br />
</em></h5>
<div><strong>Höhe:</strong> 1,20 m.<br />
<strong>Halme: </strong> Grün bis gelb, Zweiglänge 30 cm, Internodien 12 cm. Aus dem Nodium eines einzelnen Zweiges, fast so dick wie der Halm, entstehen büschelweise wachsend große Blätter bis in die Spitze des dünnen Halmes.<br />
<strong>Blätter</strong>: Sattgrün, glänzend, 22 – 25 cm lang; bis 4 cm breit. Lederartig, in der Spitze wie Finger (handähnlich) angeordnet, sehr attraktiv, ungewöhnlich viele, sehr feine gelb/weiße Linien, Gesamteindruck wie zart gebürstet.<br />
<strong>Halmscheiden:</strong> Lange Zeit anhaftend, schwach grün, fast durchscheinend.<br />
<strong>Wuchs:</strong> Flächig, Ausläufer<br />
<strong>Winterhärte:   </strong>Etwa &#8211; 23°C<br />
<strong>Standort: </strong>Um optimal zur Geltung zu kommen, benötigt er einen schattig bis teilschattigen Standort, in der Sonne bleichen die Blätter schnell aus.</div>
<div><strong>Platzbedarf:</strong> Obwohl weniger ausläufertreibend als andere Sorten der <em>Sasa</em>-Gattung, benötigt er viel Platz oder eine Rhizomsperre. Die Rhizome bilden Ausläufer, jedoch sind diese nicht rein leptomorph, sondern weisen amphipodiale Merkmale auf, wodurch die Halme in Tuffs stehen.<br />
<strong>Verwendung:</strong> Unterpflanzung, Begleitpflanze<br />
<strong>Herkunft:</strong> Name abgeleitet und benannt nach seinem Naturstandort, den Kuril Inseln, einer Gruppe russischer Inseln nordöstlich Japans. Damit dürfte dieser Bambus auch die am weitesten nach Norden reichende natürliche Verbreitung haben.</div>
<p><strong>Bemerkungen: </strong><em>Sasa</em> bezeichnet im japanischen kleine Bambusse. Sehr früher Austrieb im zeitigen Frühjahr. Die neuen Sprossen vermitteln einen herrlichen Farbeindruck, blasses grün, Zitronengelb und ein tiefes lila.</p>
<div id='gallery-1' class='gallery galleryid-3184 gallery-columns-1 gallery-size-large'><figure class='gallery-item'>
			<div class='gallery-icon landscape'>
				<a href='https://bambus-deutschland.de/wp-content/uploads/2020/09/Aussem-Ute-Sasa-kurilensis-Shimofuri-P1310172-scaled.jpg' title="Sasa kurilensis &#039;Shimofuri&#039; im Parc aux Bambous (Foto: Ute Außem)" data-rl_title="Sasa kurilensis &#039;Shimofuri&#039; im Parc aux Bambous (Foto: Ute Außem)" class="rl-gallery-link" data-rl_caption="" data-rel="lightbox-gallery-1"><img loading="lazy" decoding="async" width="474" height="356" src="https://bambus-deutschland.de/wp-content/uploads/2020/09/Aussem-Ute-Sasa-kurilensis-Shimofuri-P1310172-1024x768.jpg" class="attachment-large size-large" alt="" aria-describedby="gallery-1-3179" srcset="https://bambus-deutschland.de/wp-content/uploads/2020/09/Aussem-Ute-Sasa-kurilensis-Shimofuri-P1310172-1024x768.jpg 1024w, https://bambus-deutschland.de/wp-content/uploads/2020/09/Aussem-Ute-Sasa-kurilensis-Shimofuri-P1310172-300x225.jpg 300w, https://bambus-deutschland.de/wp-content/uploads/2020/09/Aussem-Ute-Sasa-kurilensis-Shimofuri-P1310172-768x576.jpg 768w, https://bambus-deutschland.de/wp-content/uploads/2020/09/Aussem-Ute-Sasa-kurilensis-Shimofuri-P1310172-1536x1152.jpg 1536w, https://bambus-deutschland.de/wp-content/uploads/2020/09/Aussem-Ute-Sasa-kurilensis-Shimofuri-P1310172-2048x1536.jpg 2048w" sizes="auto, (max-width: 474px) 100vw, 474px" /></a>
			</div>
				<figcaption class='wp-caption-text gallery-caption' id='gallery-1-3179'>
				Sasa kurilensis &#8218;Shimofuri&#8216; im Parc aux Bambous (Foto: Ute Außem)
				</figcaption></figure>
		</div>

<p>&nbsp;</p>
<p>&nbsp;</p>
<hr />

<p>Sasa kurilensis ‘Shimofuri’ Höhe: 1,20 m. Halme:  Grün bis gelb, Zweiglänge 30 cm, Internodien 12 cm. Aus dem Nodium eines einzelnen Zweiges, fast so dick wie der Halm, entstehen büschelweise wachsend große Blätter bis in die Spitze des dünnen Halmes. Blätter: Sattgrün, glänzend, 22 – 25 cm lang; bis 4 cm breit. Lederartig, in der &hellip; <a href="https://bambus-deutschland.de/index.php/arten-und-sorten/sasa/sasa-kurilensis-shimofuri/" class="more-link"><span class="screen-reader-text">Sasa kurilensis ‘Shimofuri’</span> weiterlesen <span class="meta-nav">&rarr;</span></a></p>
