{"id":3216,"date":"2020-10-01T21:52:40","date_gmt":"2020-10-01T19:52:40","guid":{"rendered":"https:\/\/bambus-deutschland.de\/?page_id=3216"},"modified":"2020-10-08T19:47:00","modified_gmt":"2020-10-08T17:47:00","slug":"semiarundinaria-fastuosa-viridis","status":"publish","type":"page","link":"https:\/\/bambus-deutschland.de\/index.php\/arten-und-sorten\/semiarundinaria\/semiarundinaria-fastuosa-viridis\/","title":{"rendered":"Semiarundinaria fastuosa \u2018Viridis\u2019"},"content":{"rendered":"<h5><em>Semiarundinaria fastuosa <\/em>\u2018Viridis\u2019<em><br \/>\n<\/em><\/h5>\n<div><strong>H\u00f6he:<\/strong> Bis 9 m.<br \/>\n<strong>Halme:\u00a0<\/strong> bis 4 cm, dunkelgr\u00fcn auch im Alter, 3 Seitenzweige pro Knoten.<br \/>\n<strong>Bl\u00e4tter<\/strong>: Recht variabel, 8 &#8211; 20 cm x 1,5 &#8211; 2,5 cm<br \/>\n<strong>Halmscheiden:<\/strong> Gr\u00fcne Halmscheiden, die recht schnell wei\u00df abtrocknen und dann noch einige Zeit anhaften, was sehr gut zu den dunkelgr\u00fcnen Junghalmen kontrastiert.<br \/>\n<strong>Wuchs:<\/strong> Halme stehen straff aufrecht mit kurzen Seitenzweigen, daher auch als S\u00e4ulenbambus bezeichnet. Bildet im Gegensatz zur Stammform fr\u00fch l\u00e4ngere Ausl\u00e4ufer und ist daher viel invasiver als diese.<br \/>\n<strong>Winterh\u00e4rte:\u00a0 <\/strong>Um &#8211; 20\u00b0C, deutlich h\u00e4rter als die Stammform.<br \/>\n<strong>Standort: <\/strong>Sonnig bis halbschattig.<\/div>\n<div><strong>Platzbedarf:<\/strong> Ab 4m\u00b2<br \/>\n<strong>Verwendung:<\/strong> Solit\u00e4r oder als straff aufrechte Hecke, der s\u00e4ulenf\u00f6rmige Wuchs erzeugt eine ganz besondere Wirkung.<br \/>\n<strong>Herkunft:<\/strong> Dieser Bambus kommt urspr\u00fcnglich aus Japan (SW Honshu), ist aber auch in China und Taiwan verbreitet in Kultur.<\/div>\n<p><strong>Bemerkungen:\u00a0<\/strong>Unterscheidet sich deutlich von der Stammform S<em>emiarundinaria fastuosa<\/em> durch st\u00e4rkeren Ausbreitungsdrang, gr\u00f6\u00dfere Winterh\u00e4rte und das Fehlen einer r\u00f6tlichen Ausf\u00e4rbung.<\/p>\n<div id='gallery-1' class='gallery galleryid-3216 gallery-columns-1 gallery-size-large'><figure class='gallery-item'>\n\t\t\t<div class='gallery-icon landscape'>\n\t\t\t\t<a href='https:\/\/bambus-deutschland.de\/wp-content\/uploads\/2020\/10\/Semiarundinaria_viridis_Jos_van_der-Palen2-scaled.jpg' title=\"Semiarundinaria fastuosa &#039;Viridis&#039; (Foto: Jos van der Palen)\" data-rl_title=\"Semiarundinaria fastuosa &#039;Viridis&#039; (Foto: Jos van der Palen)\" class=\"rl-gallery-link\" data-rl_caption=\"\" data-rel=\"lightbox-gallery-1\"><img loading=\"lazy\" decoding=\"async\" width=\"474\" height=\"317\" src=\"https:\/\/bambus-deutschland.de\/wp-content\/uploads\/2020\/10\/Semiarundinaria_viridis_Jos_van_der-Palen2-1024x684.jpg\" class=\"attachment-large size-large\" alt=\"\" aria-describedby=\"gallery-1-3218\" srcset=\"https:\/\/bambus-deutschland.de\/wp-content\/uploads\/2020\/10\/Semiarundinaria_viridis_Jos_van_der-Palen2-1024x684.jpg 1024w, https:\/\/bambus-deutschland.de\/wp-content\/uploads\/2020\/10\/Semiarundinaria_viridis_Jos_van_der-Palen2-300x200.jpg 300w, https:\/\/bambus-deutschland.de\/wp-content\/uploads\/2020\/10\/Semiarundinaria_viridis_Jos_van_der-Palen2-768x513.jpg 768w, https:\/\/bambus-deutschland.de\/wp-content\/uploads\/2020\/10\/Semiarundinaria_viridis_Jos_van_der-Palen2-1536x1025.jpg 1536w, https:\/\/bambus-deutschland.de\/wp-content\/uploads\/2020\/10\/Semiarundinaria_viridis_Jos_van_der-Palen2-2048x1367.jpg 2048w\" sizes=\"auto, (max-width: 474px) 100vw, 474px\" \/><\/a>\n\t\t\t<\/div>\n\t\t\t\t<figcaption class='wp-caption-text gallery-caption' id='gallery-1-3218'>\n\t\t\t\tSemiarundinaria fastuosa &#8218;Viridis&#8216; (Foto: Jos van der Palen)\n\t\t\t\t<\/figcaption><\/figure>\n\t\t<\/div>\n\n<p>&nbsp;<\/p>\n<p>&nbsp;<\/p>\n<hr \/>\n","protected":false},"excerpt":{"rendered":"<p>Semiarundinaria fastuosa \u2018Viridis\u2019 H\u00f6he: Bis 9 m. Halme:\u00a0 bis 4 cm, dunkelgr\u00fcn auch im Alter, 3 Seitenzweige pro Knoten. Bl\u00e4tter: Recht variabel, 8 &#8211; 20 cm x 1,5 &#8211; 2,5 cm Halmscheiden: Gr\u00fcne Halmscheiden, die recht schnell wei\u00df abtrocknen und dann noch einige Zeit anhaften, was sehr gut zu den dunkelgr\u00fcnen Junghalmen kontrastiert. Wuchs: Halme &hellip; <a href=\"https:\/\/bambus-deutschland.de\/index.php\/arten-und-sorten\/semiarundinaria\/semiarundinaria-fastuosa-viridis\/\" class=\"more-link\"><span class=\"screen-reader-text\">Semiarundinaria fastuosa \u2018Viridis\u2019<\/span> weiterlesen <span class=\"meta-nav\">&rarr;<\/span><\/a><\/p>\n","protected":false},"author":6,"featured_media":0,"parent":2908,"menu_order":0,"comment_status":"closed","ping_status":"closed","template":"","meta":{"iawp_total_views":223,"footnotes":""},"class_list":["post-3216","page","type-page","status-publish","hentry"],"_links":{"self":[{"href":"https:\/\/bambus-deutschland.de\/index.php\/wp-json\/wp\/v2\/pages\/3216","targetHints":{"allow":["GET"]}}],"collection":[{"href":"https:\/\/bambus-deutschland.de\/index.php\/wp-json\/wp\/v2\/pages"}],"about":[{"href":"https:\/\/bambus-deutschland.de\/index.php\/wp-json\/wp\/v2\/types\/page"}],"author":[{"embeddable":true,"href":"https:\/\/bambus-deutschland.de\/index.php\/wp-json\/wp\/v2\/users\/6"}],"replies":[{"embeddable":true,"href":"https:\/\/bambus-deutschland.de\/index.php\/wp-json\/wp\/v2\/comments?post=3216"}],"version-history":[{"count":3,"href":"https:\/\/bambus-deutschland.de\/index.php\/wp-json\/wp\/v2\/pages\/3216\/revisions"}],"predecessor-version":[{"id":3368,"href":"https:\/\/bambus-deutschland.de\/index.php\/wp-json\/wp\/v2\/pages\/3216\/revisions\/3368"}],"up":[{"embeddable":true,"href":"https:\/\/bambus-deutschland.de\/index.php\/wp-json\/wp\/v2\/pages\/2908"}],"wp:attachment":[{"href":"https:\/\/bambus-deutschland.de\/index.php\/wp-json\/wp\/v2\/media?parent=3216"}],"curies":[{"name":"wp","href":"https:\/\/api.w.org\/{rel}","templated":true}]}}

<h5><em>Semiarundinaria fastuosa </em>‘Viridis’<em><br />
</em></h5>
<div><strong>Höhe:</strong> Bis 9 m.<br />
<strong>Halme: </strong> bis 4 cm, dunkelgrün auch im Alter, 3 Seitenzweige pro Knoten.<br />
<strong>Blätter</strong>: Recht variabel, 8 &#8211; 20 cm x 1,5 &#8211; 2,5 cm<br />
<strong>Halmscheiden:</strong> Grüne Halmscheiden, die recht schnell weiß abtrocknen und dann noch einige Zeit anhaften, was sehr gut zu den dunkelgrünen Junghalmen kontrastiert.<br />
<strong>Wuchs:</strong> Halme stehen straff aufrecht mit kurzen Seitenzweigen, daher auch als Säulenbambus bezeichnet. Bildet im Gegensatz zur Stammform früh längere Ausläufer und ist daher viel invasiver als diese.<br />
<strong>Winterhärte:  </strong>Um &#8211; 20°C, deutlich härter als die Stammform.<br />
<strong>Standort: </strong>Sonnig bis halbschattig.</div>
<div><strong>Platzbedarf:</strong> Ab 4m²<br />
<strong>Verwendung:</strong> Solitär oder als straff aufrechte Hecke, der säulenförmige Wuchs erzeugt eine ganz besondere Wirkung.<br />
<strong>Herkunft:</strong> Dieser Bambus kommt ursprünglich aus Japan (SW Honshu), ist aber auch in China und Taiwan verbreitet in Kultur.</div>
<p><strong>Bemerkungen: </strong>Unterscheidet sich deutlich von der Stammform S<em>emiarundinaria fastuosa</em> durch stärkeren Ausbreitungsdrang, größere Winterhärte und das Fehlen einer rötlichen Ausfärbung.</p>
<div id='gallery-1' class='gallery galleryid-3216 gallery-columns-1 gallery-size-large'><figure class='gallery-item'>
			<div class='gallery-icon landscape'>
				<a href='https://bambus-deutschland.de/wp-content/uploads/2020/10/Semiarundinaria_viridis_Jos_van_der-Palen2-scaled.jpg' title="Semiarundinaria fastuosa &#039;Viridis&#039; (Foto: Jos van der Palen)" data-rl_title="Semiarundinaria fastuosa &#039;Viridis&#039; (Foto: Jos van der Palen)" class="rl-gallery-link" data-rl_caption="" data-rel="lightbox-gallery-1"><img loading="lazy" decoding="async" width="474" height="317" src="https://bambus-deutschland.de/wp-content/uploads/2020/10/Semiarundinaria_viridis_Jos_van_der-Palen2-1024x684.jpg" class="attachment-large size-large" alt="" aria-describedby="gallery-1-3218" srcset="https://bambus-deutschland.de/wp-content/uploads/2020/10/Semiarundinaria_viridis_Jos_van_der-Palen2-1024x684.jpg 1024w, https://bambus-deutschland.de/wp-content/uploads/2020/10/Semiarundinaria_viridis_Jos_van_der-Palen2-300x200.jpg 300w, https://bambus-deutschland.de/wp-content/uploads/2020/10/Semiarundinaria_viridis_Jos_van_der-Palen2-768x513.jpg 768w, https://bambus-deutschland.de/wp-content/uploads/2020/10/Semiarundinaria_viridis_Jos_van_der-Palen2-1536x1025.jpg 1536w, https://bambus-deutschland.de/wp-content/uploads/2020/10/Semiarundinaria_viridis_Jos_van_der-Palen2-2048x1367.jpg 2048w" sizes="auto, (max-width: 474px) 100vw, 474px" /></a>
			</div>
				<figcaption class='wp-caption-text gallery-caption' id='gallery-1-3218'>
				Semiarundinaria fastuosa &#8218;Viridis&#8216; (Foto: Jos van der Palen)
				</figcaption></figure>
		</div>

<p>&nbsp;</p>
<p>&nbsp;</p>
<hr />

<p>Semiarundinaria fastuosa ‘Viridis’ Höhe: Bis 9 m. Halme:  bis 4 cm, dunkelgrün auch im Alter, 3 Seitenzweige pro Knoten. Blätter: Recht variabel, 8 &#8211; 20 cm x 1,5 &#8211; 2,5 cm Halmscheiden: Grüne Halmscheiden, die recht schnell weiß abtrocknen und dann noch einige Zeit anhaften, was sehr gut zu den dunkelgrünen Junghalmen kontrastiert. Wuchs: Halme &hellip; <a href="https://bambus-deutschland.de/index.php/arten-und-sorten/semiarundinaria/semiarundinaria-fastuosa-viridis/" class="more-link"><span class="screen-reader-text">Semiarundinaria fastuosa ‘Viridis’</span> weiterlesen <span class="meta-nav">&rarr;</span></a></p>
