{"id":3283,"date":"2020-10-08T20:05:16","date_gmt":"2020-10-08T18:05:16","guid":{"rendered":"https:\/\/bambus-deutschland.de\/?page_id=3283"},"modified":"2020-10-08T20:16:07","modified_gmt":"2020-10-08T18:16:07","slug":"phyllostachys-bissetii","status":"publish","type":"page","link":"https:\/\/bambus-deutschland.de\/index.php\/arten-und-sorten\/phyllostachys\/phyllostachys-bissetii\/","title":{"rendered":"Phyllostachys bissetii"},"content":{"rendered":"<h5><em><strong>Phyllostachys bissetii<\/strong><\/em><\/h5>\n<p><strong>H\u00f6he:<\/strong> Bis 8m (meist aber deutlich niedriger)<br \/>\n<strong>Halme:<\/strong> Neue Halme blau-gr\u00fcn oder violettgr\u00fcn, im Alter gr\u00fcn bis<br \/>\ngrau-gr\u00fcn, bis 4,5 cm im Durchmesser (meist aber nur 2-3 cm), relativ d\u00fcnn im Verh\u00e4ltnis zu H\u00f6he, Internodien bis 25 cm.<br \/>\n<strong>Bl\u00e4tter:<\/strong> 7-12 cm x 1,2-1,6 cm lanzettf\u00f6rmig, auffallend dunkelgr\u00fcn<br \/>\n<strong>Halmscheiden:<\/strong> Gr\u00fcn manchmal mit etwas violett, ohne Flecken aber oft mit milchig wei\u00dfen Streifen, wei\u00df bemehlt.<br \/>\n<strong>Wuchs:<\/strong> Aufrecht, Spitze \u00fcberh\u00e4ngend, enger Halmabstand, viele Ausl\u00e4ufer.<br \/>\n<strong>Winterh\u00e4rte:<\/strong> Etwa -24\u00b0C, bis -20 \u00b0C in der Regel wintergr\u00fcn,<br \/>\nTotalverlust erst bei deutlich tieferen Temperaturen, vielleicht der<br \/>\nwinterh\u00e4rteste <em>Phyllostachys.<\/em><br \/>\n<strong>Standort:<\/strong> Unkritisch, w\u00e4chst fast \u00fcberall, selbst windige Standorte werden meist gut vertragen.<br \/>\n<strong>Platzbedarf:<\/strong> 4 m\u00b2 mit Rhizomsperre, f\u00fcr die starkw\u00fcchsige Pflanze ist aber mittelfristig mehr Platz empfehlenswert.<br \/>\n<strong>Verwendung:<\/strong> Solit\u00e4r, Hecke, Hain (v.a. f\u00fcr k\u00e4ltere Regionen), K\u00fcbel (regelm\u00e4\u00dfig umtopfen oder teilen!).<br \/>\n<strong>Herkunft:<\/strong> China: Sichuan, Zjejiang<br \/>\n<strong>Bemerkungen:<\/strong> Nicht zuletzt wegen der sehr guten Winterh\u00e4rte, der<br \/>\neinfachen Kultur und Vermehrbarkeit ein empfehlenswerter Bambus. In Extremsituationen (z. Bsp. beim Kampf ums Licht in einer Rotbuchenhecke) auch bis 10 m m\u00f6glich.<\/p>\n<div id='gallery-1' class='gallery galleryid-3283 gallery-columns-2 gallery-size-thumbnail'><figure class='gallery-item'>\n\t\t\t<div class='gallery-icon portrait'>\n\t\t\t\t<a href='https:\/\/bambus-deutschland.de\/wp-content\/uploads\/2020\/10\/IMG_7729_jens_schuette4-Ph.-bissetii-scaled.jpg' title=\"Phyllostachys bissetii (Foto: Jens Sch\u00fctte)\" data-rl_title=\"Phyllostachys bissetii (Foto: Jens Sch\u00fctte)\" class=\"rl-gallery-link\" data-rl_caption=\"\" data-rel=\"lightbox-gallery-1\"><img loading=\"lazy\" decoding=\"async\" width=\"150\" height=\"150\" src=\"https:\/\/bambus-deutschland.de\/wp-content\/uploads\/2020\/10\/IMG_7729_jens_schuette4-Ph.-bissetii-150x150.jpg\" class=\"attachment-thumbnail size-thumbnail\" alt=\"\" aria-describedby=\"gallery-1-3477\" \/><\/a>\n\t\t\t<\/div>\n\t\t\t\t<figcaption class='wp-caption-text gallery-caption' id='gallery-1-3477'>\n\t\t\t\tPhyllostachys bissetii (Foto: Jens Sch\u00fctte)\n\t\t\t\t<\/figcaption><\/figure><figure class='gallery-item'>\n\t\t\t<div class='gallery-icon portrait'>\n\t\t\t\t<a href='https:\/\/bambus-deutschland.de\/wp-content\/uploads\/2020\/10\/IMG_7726_jens_schuette2_Ph.-bissetii-scaled.jpg' title=\"Phyllostachys bissetii (Foto: Jens Sch\u00fctte)\" data-rl_title=\"Phyllostachys bissetii (Foto: Jens Sch\u00fctte)\" class=\"rl-gallery-link\" data-rl_caption=\"\" data-rel=\"lightbox-gallery-1\"><img loading=\"lazy\" decoding=\"async\" width=\"150\" height=\"150\" src=\"https:\/\/bambus-deutschland.de\/wp-content\/uploads\/2020\/10\/IMG_7726_jens_schuette2_Ph.-bissetii-150x150.jpg\" class=\"attachment-thumbnail size-thumbnail\" alt=\"\" aria-describedby=\"gallery-1-3478\" \/><\/a>\n\t\t\t<\/div>\n\t\t\t\t<figcaption class='wp-caption-text gallery-caption' id='gallery-1-3478'>\n\t\t\t\tPhyllostachys bissetii (Foto: Jens Sch\u00fctte)\n\t\t\t\t<\/figcaption><\/figure>\n\t\t<\/div>\n\n","protected":false},"excerpt":{"rendered":"<p>Phyllostachys bissetii H\u00f6he: Bis 8m (meist aber deutlich niedriger) Halme: Neue Halme blau-gr\u00fcn oder violettgr\u00fcn, im Alter gr\u00fcn bis grau-gr\u00fcn, bis 4,5 cm im Durchmesser (meist aber nur 2-3 cm), relativ d\u00fcnn im Verh\u00e4ltnis zu H\u00f6he, Internodien bis 25 cm. Bl\u00e4tter: 7-12 cm x 1,2-1,6 cm lanzettf\u00f6rmig, auffallend dunkelgr\u00fcn Halmscheiden: Gr\u00fcn manchmal mit etwas violett, &hellip; <a href=\"https:\/\/bambus-deutschland.de\/index.php\/arten-und-sorten\/phyllostachys\/phyllostachys-bissetii\/\" class=\"more-link\"><span class=\"screen-reader-text\">Phyllostachys bissetii<\/span> weiterlesen <span class=\"meta-nav\">&rarr;<\/span><\/a><\/p>\n","protected":false},"author":1,"featured_media":0,"parent":2900,"menu_order":0,"comment_status":"closed","ping_status":"closed","template":"","meta":{"iawp_total_views":413,"footnotes":""},"class_list":["post-3283","page","type-page","status-publish","hentry"],"_links":{"self":[{"href":"https:\/\/bambus-deutschland.de\/index.php\/wp-json\/wp\/v2\/pages\/3283","targetHints":{"allow":["GET"]}}],"collection":[{"href":"https:\/\/bambus-deutschland.de\/index.php\/wp-json\/wp\/v2\/pages"}],"about":[{"href":"https:\/\/bambus-deutschland.de\/index.php\/wp-json\/wp\/v2\/types\/page"}],"author":[{"embeddable":true,"href":"https:\/\/bambus-deutschland.de\/index.php\/wp-json\/wp\/v2\/users\/1"}],"replies":[{"embeddable":true,"href":"https:\/\/bambus-deutschland.de\/index.php\/wp-json\/wp\/v2\/comments?post=3283"}],"version-history":[{"count":7,"href":"https:\/\/bambus-deutschland.de\/index.php\/wp-json\/wp\/v2\/pages\/3283\/revisions"}],"predecessor-version":[{"id":3481,"href":"https:\/\/bambus-deutschland.de\/index.php\/wp-json\/wp\/v2\/pages\/3283\/revisions\/3481"}],"up":[{"embeddable":true,"href":"https:\/\/bambus-deutschland.de\/index.php\/wp-json\/wp\/v2\/pages\/2900"}],"wp:attachment":[{"href":"https:\/\/bambus-deutschland.de\/index.php\/wp-json\/wp\/v2\/media?parent=3283"}],"curies":[{"name":"wp","href":"https:\/\/api.w.org\/{rel}","templated":true}]}}

<h5><em><strong>Phyllostachys bissetii</strong></em></h5>
<p><strong>Höhe:</strong> Bis 8m (meist aber deutlich niedriger)<br />
<strong>Halme:</strong> Neue Halme blau-grün oder violettgrün, im Alter grün bis<br />
grau-grün, bis 4,5 cm im Durchmesser (meist aber nur 2-3 cm), relativ dünn im Verhältnis zu Höhe, Internodien bis 25 cm.<br />
<strong>Blätter:</strong> 7-12 cm x 1,2-1,6 cm lanzettförmig, auffallend dunkelgrün<br />
<strong>Halmscheiden:</strong> Grün manchmal mit etwas violett, ohne Flecken aber oft mit milchig weißen Streifen, weiß bemehlt.<br />
<strong>Wuchs:</strong> Aufrecht, Spitze überhängend, enger Halmabstand, viele Ausläufer.<br />
<strong>Winterhärte:</strong> Etwa -24°C, bis -20 °C in der Regel wintergrün,<br />
Totalverlust erst bei deutlich tieferen Temperaturen, vielleicht der<br />
winterhärteste <em>Phyllostachys.</em><br />
<strong>Standort:</strong> Unkritisch, wächst fast überall, selbst windige Standorte werden meist gut vertragen.<br />
<strong>Platzbedarf:</strong> 4 m² mit Rhizomsperre, für die starkwüchsige Pflanze ist aber mittelfristig mehr Platz empfehlenswert.<br />
<strong>Verwendung:</strong> Solitär, Hecke, Hain (v.a. für kältere Regionen), Kübel (regelmäßig umtopfen oder teilen!).<br />
<strong>Herkunft:</strong> China: Sichuan, Zjejiang<br />
<strong>Bemerkungen:</strong> Nicht zuletzt wegen der sehr guten Winterhärte, der<br />
einfachen Kultur und Vermehrbarkeit ein empfehlenswerter Bambus. In Extremsituationen (z. Bsp. beim Kampf ums Licht in einer Rotbuchenhecke) auch bis 10 m möglich.</p>
<div id='gallery-1' class='gallery galleryid-3283 gallery-columns-2 gallery-size-thumbnail'><figure class='gallery-item'>
			<div class='gallery-icon portrait'>
				<a href='https://bambus-deutschland.de/wp-content/uploads/2020/10/IMG_7729_jens_schuette4-Ph.-bissetii-scaled.jpg' title="Phyllostachys bissetii (Foto: Jens Schütte)" data-rl_title="Phyllostachys bissetii (Foto: Jens Schütte)" class="rl-gallery-link" data-rl_caption="" data-rel="lightbox-gallery-1"><img loading="lazy" decoding="async" width="150" height="150" src="https://bambus-deutschland.de/wp-content/uploads/2020/10/IMG_7729_jens_schuette4-Ph.-bissetii-150x150.jpg" class="attachment-thumbnail size-thumbnail" alt="" aria-describedby="gallery-1-3477" /></a>
			</div>
				<figcaption class='wp-caption-text gallery-caption' id='gallery-1-3477'>
				Phyllostachys bissetii (Foto: Jens Schütte)
				</figcaption></figure><figure class='gallery-item'>
			<div class='gallery-icon portrait'>
				<a href='https://bambus-deutschland.de/wp-content/uploads/2020/10/IMG_7726_jens_schuette2_Ph.-bissetii-scaled.jpg' title="Phyllostachys bissetii (Foto: Jens Schütte)" data-rl_title="Phyllostachys bissetii (Foto: Jens Schütte)" class="rl-gallery-link" data-rl_caption="" data-rel="lightbox-gallery-1"><img loading="lazy" decoding="async" width="150" height="150" src="https://bambus-deutschland.de/wp-content/uploads/2020/10/IMG_7726_jens_schuette2_Ph.-bissetii-150x150.jpg" class="attachment-thumbnail size-thumbnail" alt="" aria-describedby="gallery-1-3478" /></a>
			</div>
				<figcaption class='wp-caption-text gallery-caption' id='gallery-1-3478'>
				Phyllostachys bissetii (Foto: Jens Schütte)
				</figcaption></figure>
		</div>

<p>Phyllostachys bissetii Höhe: Bis 8m (meist aber deutlich niedriger) Halme: Neue Halme blau-grün oder violettgrün, im Alter grün bis grau-grün, bis 4,5 cm im Durchmesser (meist aber nur 2-3 cm), relativ dünn im Verhältnis zu Höhe, Internodien bis 25 cm. Blätter: 7-12 cm x 1,2-1,6 cm lanzettförmig, auffallend dunkelgrün Halmscheiden: Grün manchmal mit etwas violett, &hellip; <a href="https://bambus-deutschland.de/index.php/arten-und-sorten/phyllostachys/phyllostachys-bissetii/" class="more-link"><span class="screen-reader-text">Phyllostachys bissetii</span> weiterlesen <span class="meta-nav">&rarr;</span></a></p>
