{"id":3317,"date":"2020-10-05T21:17:37","date_gmt":"2020-10-05T19:17:37","guid":{"rendered":"https:\/\/bambus-deutschland.de\/?page_id=3317"},"modified":"2020-10-10T21:00:03","modified_gmt":"2020-10-10T19:00:03","slug":"fargesia-nitida-black-pearl","status":"publish","type":"page","link":"https:\/\/bambus-deutschland.de\/index.php\/arten-und-sorten\/fargesia\/fargesia-nitida-black-pearl\/","title":{"rendered":"Fargesia nitida \u2018Black Pearl\u2019"},"content":{"rendered":"<h5><em>Fargesia nitida <\/em>\u2018Black Pearl<em>\u2019<\/em><\/h5>\n<div><strong>H\u00f6he:<\/strong> 2-4 Meter (Sch\u00e4tzung, es gibt noch keine voll ausgewachsenen Pflanzen)<br \/>\n<strong>Halme:\u00a0<\/strong>Neue Halme stark bemehlt, \u00e4ltere Halme dunkellila bis fast schwarz, L\u00e4nge der Internodien bis 11-20 cm.<\/div>\n<div><strong>Bl\u00e4tter<\/strong>: 3,8\u20137,5 cm lange und 0,6\u20131 cm breite Bl\u00e4tter, im Winter und bei starker Sonneneinstrahlung verst\u00e4rkte Neigung zum Blattrollen.<br \/>\n<strong>Halmscheiden: <\/strong>Violett bis braun und untypisch f\u00fcr Fargesia nitida meist k\u00fcrzer als die Internodien, relativ lange anhaftend.<\/div>\n<div><strong>Wuchs:<\/strong> Horstig, nur junge Halme aufrecht, \u00e4ltere stark \u00fcberh\u00e4ngend.<br \/>\n<strong>Winterh\u00e4rte:<\/strong> Sehr gute Winterh\u00e4rte (deutlich unter -20\u00b0C).<br \/>\n<strong>Standort:\u00a0<\/strong>Halbschatten oder gar Schatten, nur an Standorten mit ausreichender (Luft)feuchtigkeit auch sonnig, bei zuviel Sonne ist die Neigung zum Blattrollen besonders hoch.<\/div>\n<div><strong>Platzbedarf:<\/strong> Ab 1 m<sup>2<\/sup> (nicht ausgelichtet durch das \u00dcberh\u00e4ngen \u00e4lterer Halme mindestens 4 m<sup>2<\/sup>).<\/div>\n<div><strong>Verwendung:<\/strong> Solit\u00e4r oder Heckenpflanze f\u00fcr Halbschatten.<\/div>\n<div><strong>Herkunft:\u00a0<\/strong><em>Fargesia nitida<\/em> kommt in Gansu, Ningxia, Qinghai und Sichuan zwischen 1900\u20133200 \u00fcNN vor. Die neue Sorte \u2018Black Pearl\u2019 ist ein S\u00e4mling, der 2005 von Hans Verweij selektiert wurde. Vermutlich handelt es sich um eine Hybride zwischen <em>Fargesia nitida <\/em>und <em>Fargesia nitida<\/em> \u2018Gansu\u2019.<\/div>\n<p><strong>Bemerkungen:\u00a0<\/strong> Aufgrund der k\u00fcrzlichen Bl\u00fcte praktisch aller <em>Fargesia nitida<\/em> Kultivare der alten Generation gibt es derzeit eine gro\u00dfe Anzahl sehr interessanter S\u00e4mlinge und Hybriden. Die hier beschriebene \u2018Black Pearl\u2019 ist sicher eine der farbenfrohsten und w\u00fcchsigsten.<\/p>\n<div id='gallery-1' class='gallery galleryid-3317 gallery-columns-3 gallery-size-thumbnail'><figure class='gallery-item'>\n\t\t\t<div class='gallery-icon portrait'>\n\t\t\t\t<a href='https:\/\/bambus-deutschland.de\/wp-content\/uploads\/2020\/10\/Black-Pearl-P1360596-scaled.jpg' title=\"Fargesia nitida &#039;Black Pearl&#039; (Foto: Ute Au\u00dfem)\" data-rl_title=\"Fargesia nitida &#039;Black Pearl&#039; (Foto: Ute Au\u00dfem)\" class=\"rl-gallery-link\" data-rl_caption=\"\" data-rel=\"lightbox-gallery-1\"><img loading=\"lazy\" decoding=\"async\" width=\"150\" height=\"150\" src=\"https:\/\/bambus-deutschland.de\/wp-content\/uploads\/2020\/10\/Black-Pearl-P1360596-150x150.jpg\" class=\"attachment-thumbnail size-thumbnail\" alt=\"\" aria-describedby=\"gallery-1-3321\" \/><\/a>\n\t\t\t<\/div>\n\t\t\t\t<figcaption class='wp-caption-text gallery-caption' id='gallery-1-3321'>\n\t\t\t\tFargesia nitida &#8218;Black Pearl&#8216; (Foto: Ute Au\u00dfem)\n\t\t\t\t<\/figcaption><\/figure><figure class='gallery-item'>\n\t\t\t<div class='gallery-icon portrait'>\n\t\t\t\t<a href='https:\/\/bambus-deutschland.de\/wp-content\/uploads\/2020\/10\/Black-Pearl-P1360593-scaled.jpg' title=\"Fargesia nitida &#039;Black Pearl&#039; (Foto: Ute Au\u00dfem)\" data-rl_title=\"Fargesia nitida &#039;Black Pearl&#039; (Foto: Ute Au\u00dfem)\" class=\"rl-gallery-link\" data-rl_caption=\"\" data-rel=\"lightbox-gallery-1\"><img loading=\"lazy\" decoding=\"async\" width=\"150\" height=\"150\" src=\"https:\/\/bambus-deutschland.de\/wp-content\/uploads\/2020\/10\/Black-Pearl-P1360593-150x150.jpg\" class=\"attachment-thumbnail size-thumbnail\" alt=\"\" aria-describedby=\"gallery-1-3322\" \/><\/a>\n\t\t\t<\/div>\n\t\t\t\t<figcaption class='wp-caption-text gallery-caption' id='gallery-1-3322'>\n\t\t\t\tFargesia nitida &#8218;Black Pearl&#8216; (Foto: Ute Au\u00dfem)\n\t\t\t\t<\/figcaption><\/figure><figure class='gallery-item'>\n\t\t\t<div class='gallery-icon portrait'>\n\t\t\t\t<a href='https:\/\/bambus-deutschland.de\/wp-content\/uploads\/2020\/10\/black-pearl-P1290429-scaled.jpg' title=\"Fargesia nitida &#039;Black Pearl&#039; (Foto: Ute Au\u00dfem)\" data-rl_title=\"Fargesia nitida &#039;Black Pearl&#039; (Foto: Ute Au\u00dfem)\" class=\"rl-gallery-link\" data-rl_caption=\"\" data-rel=\"lightbox-gallery-1\"><img loading=\"lazy\" decoding=\"async\" width=\"150\" height=\"150\" src=\"https:\/\/bambus-deutschland.de\/wp-content\/uploads\/2020\/10\/black-pearl-P1290429-150x150.jpg\" class=\"attachment-thumbnail size-thumbnail\" alt=\"\" aria-describedby=\"gallery-1-3323\" \/><\/a>\n\t\t\t<\/div>\n\t\t\t\t<figcaption class='wp-caption-text gallery-caption' id='gallery-1-3323'>\n\t\t\t\tFargesia nitida &#8218;Black Pearl&#8216; (Foto: Ute Au\u00dfem)\n\t\t\t\t<\/figcaption><\/figure><figure class='gallery-item'>\n\t\t\t<div class='gallery-icon landscape'>\n\t\t\t\t<a href='https:\/\/bambus-deutschland.de\/wp-content\/uploads\/2020\/10\/Merz-Ferdinand-Fargesia-nitida-Black-Pearl-2.jpg' title=\"Fargesia nitida &#039;Black Pearl&#039; Laub (Foto: Ferdinand Merz)\" data-rl_title=\"Fargesia nitida &#039;Black Pearl&#039; Laub (Foto: Ferdinand Merz)\" class=\"rl-gallery-link\" data-rl_caption=\"\" data-rel=\"lightbox-gallery-1\"><img loading=\"lazy\" decoding=\"async\" width=\"150\" height=\"150\" src=\"https:\/\/bambus-deutschland.de\/wp-content\/uploads\/2020\/10\/Merz-Ferdinand-Fargesia-nitida-Black-Pearl-2-150x150.jpg\" class=\"attachment-thumbnail size-thumbnail\" alt=\"\" aria-describedby=\"gallery-1-3328\" \/><\/a>\n\t\t\t<\/div>\n\t\t\t\t<figcaption class='wp-caption-text gallery-caption' id='gallery-1-3328'>\n\t\t\t\tFargesia nitida &#8218;Black Pearl&#8216; Laub (Foto: Ferdinand Merz)\n\t\t\t\t<\/figcaption><\/figure><figure class='gallery-item'>\n\t\t\t<div class='gallery-icon landscape'>\n\t\t\t\t<a href='https:\/\/bambus-deutschland.de\/wp-content\/uploads\/2020\/10\/Merz-Ferdinand-Fargesia-nitida-Black-Pearl-1.jpg' title=\"Fargesia nitida &#039;Black Pearl&#039; (Foto: Ferdinand Merz)\" data-rl_title=\"Fargesia nitida &#039;Black Pearl&#039; (Foto: Ferdinand Merz)\" class=\"rl-gallery-link\" data-rl_caption=\"\" data-rel=\"lightbox-gallery-1\"><img loading=\"lazy\" decoding=\"async\" width=\"150\" height=\"150\" src=\"https:\/\/bambus-deutschland.de\/wp-content\/uploads\/2020\/10\/Merz-Ferdinand-Fargesia-nitida-Black-Pearl-1-150x150.jpg\" class=\"attachment-thumbnail size-thumbnail\" alt=\"\" aria-describedby=\"gallery-1-3326\" \/><\/a>\n\t\t\t<\/div>\n\t\t\t\t<figcaption class='wp-caption-text gallery-caption' id='gallery-1-3326'>\n\t\t\t\tFargesia nitida &#8218;Black Pearl&#8216; (Foto: Ferdinand Merz)\n\t\t\t\t<\/figcaption><\/figure><figure class='gallery-item'>\n\t\t\t<div class='gallery-icon landscape'>\n\t\t\t\t<a href='https:\/\/bambus-deutschland.de\/wp-content\/uploads\/2020\/10\/Merz-Ferdinand-Fargesia-nitida-Black-Pearl-3.jpg' title=\"Fargesia nitida &#039;Black Pearl&#039; Laub (Foto: Ferdinand Merz)\" data-rl_title=\"Fargesia nitida &#039;Black Pearl&#039; Laub (Foto: Ferdinand Merz)\" class=\"rl-gallery-link\" data-rl_caption=\"\" data-rel=\"lightbox-gallery-1\"><img loading=\"lazy\" decoding=\"async\" width=\"150\" height=\"150\" src=\"https:\/\/bambus-deutschland.de\/wp-content\/uploads\/2020\/10\/Merz-Ferdinand-Fargesia-nitida-Black-Pearl-3-150x150.jpg\" class=\"attachment-thumbnail size-thumbnail\" alt=\"\" aria-describedby=\"gallery-1-3327\" \/><\/a>\n\t\t\t<\/div>\n\t\t\t\t<figcaption class='wp-caption-text gallery-caption' id='gallery-1-3327'>\n\t\t\t\tFargesia nitida &#8218;Black Pearl&#8216; Laub (Foto: Ferdinand Merz)\n\t\t\t\t<\/figcaption><\/figure><figure class='gallery-item'>\n\t\t\t<div class='gallery-icon landscape'>\n\t\t\t\t<a href='https:\/\/bambus-deutschland.de\/wp-content\/uploads\/2020\/10\/black-pearl-P1190868-scaled.jpg' title=\"Fargesia nitida &#039;Black Pearl&#039; - starkes Blattrollen (Foto: Ute Au\u00dfem)\" data-rl_title=\"Fargesia nitida &#039;Black Pearl&#039; - starkes Blattrollen (Foto: Ute Au\u00dfem)\" class=\"rl-gallery-link\" data-rl_caption=\"\" data-rel=\"lightbox-gallery-1\"><img loading=\"lazy\" decoding=\"async\" width=\"150\" height=\"150\" src=\"https:\/\/bambus-deutschland.de\/wp-content\/uploads\/2020\/10\/black-pearl-P1190868-150x150.jpg\" class=\"attachment-thumbnail size-thumbnail\" alt=\"\" aria-describedby=\"gallery-1-3325\" \/><\/a>\n\t\t\t<\/div>\n\t\t\t\t<figcaption class='wp-caption-text gallery-caption' id='gallery-1-3325'>\n\t\t\t\tFargesia nitida &#8218;Black Pearl&#8216; &#8211; starkes Blattrollen (Foto: Ute Au\u00dfem)\n\t\t\t\t<\/figcaption><\/figure><figure class='gallery-item'>\n\t\t\t<div class='gallery-icon landscape'>\n\t\t\t\t<a href='https:\/\/bambus-deutschland.de\/wp-content\/uploads\/2020\/10\/Black-Pearl-P1240199-scaled.jpg' title=\"Fargesia nitida &#039;Black Pearl&#039; - starkes Blattrollen (Foto: Ute Au\u00dfem)\" data-rl_title=\"Fargesia nitida &#039;Black Pearl&#039; - starkes Blattrollen (Foto: Ute Au\u00dfem)\" class=\"rl-gallery-link\" data-rl_caption=\"\" data-rel=\"lightbox-gallery-1\"><img loading=\"lazy\" decoding=\"async\" width=\"150\" height=\"150\" src=\"https:\/\/bambus-deutschland.de\/wp-content\/uploads\/2020\/10\/Black-Pearl-P1240199-150x150.jpg\" class=\"attachment-thumbnail size-thumbnail\" alt=\"\" aria-describedby=\"gallery-1-3324\" \/><\/a>\n\t\t\t<\/div>\n\t\t\t\t<figcaption class='wp-caption-text gallery-caption' id='gallery-1-3324'>\n\t\t\t\tFargesia nitida &#8218;Black Pearl&#8216; &#8211; starkes Blattrollen (Foto: Ute Au\u00dfem)\n\t\t\t\t<\/figcaption><\/figure>\n\t\t<\/div>\n\n<p>&nbsp;<\/p>\n<p>&nbsp;<\/p>\n<hr \/>\n","protected":false},"excerpt":{"rendered":"<p>Fargesia nitida \u2018Black Pearl\u2019 H\u00f6he: 2-4 Meter (Sch\u00e4tzung, es gibt noch keine voll ausgewachsenen Pflanzen) Halme:\u00a0Neue Halme stark bemehlt, \u00e4ltere Halme dunkellila bis fast schwarz, L\u00e4nge der Internodien bis 11-20 cm. Bl\u00e4tter: 3,8\u20137,5 cm lange und 0,6\u20131 cm breite Bl\u00e4tter, im Winter und bei starker Sonneneinstrahlung verst\u00e4rkte Neigung zum Blattrollen. Halmscheiden: Violett bis braun und &hellip; <a href=\"https:\/\/bambus-deutschland.de\/index.php\/arten-und-sorten\/fargesia\/fargesia-nitida-black-pearl\/\" class=\"more-link\"><span class=\"screen-reader-text\">Fargesia nitida \u2018Black Pearl\u2019<\/span> weiterlesen <span class=\"meta-nav\">&rarr;<\/span><\/a><\/p>\n","protected":false},"author":6,"featured_media":0,"parent":2896,"menu_order":0,"comment_status":"closed","ping_status":"closed","template":"","meta":{"iawp_total_views":368,"footnotes":""},"class_list":["post-3317","page","type-page","status-publish","hentry"],"_links":{"self":[{"href":"https:\/\/bambus-deutschland.de\/index.php\/wp-json\/wp\/v2\/pages\/3317","targetHints":{"allow":["GET"]}}],"collection":[{"href":"https:\/\/bambus-deutschland.de\/index.php\/wp-json\/wp\/v2\/pages"}],"about":[{"href":"https:\/\/bambus-deutschland.de\/index.php\/wp-json\/wp\/v2\/types\/page"}],"author":[{"embeddable":true,"href":"https:\/\/bambus-deutschland.de\/index.php\/wp-json\/wp\/v2\/users\/6"}],"replies":[{"embeddable":true,"href":"https:\/\/bambus-deutschland.de\/index.php\/wp-json\/wp\/v2\/comments?post=3317"}],"version-history":[{"count":9,"href":"https:\/\/bambus-deutschland.de\/index.php\/wp-json\/wp\/v2\/pages\/3317\/revisions"}],"predecessor-version":[{"id":3573,"href":"https:\/\/bambus-deutschland.de\/index.php\/wp-json\/wp\/v2\/pages\/3317\/revisions\/3573"}],"up":[{"embeddable":true,"href":"https:\/\/bambus-deutschland.de\/index.php\/wp-json\/wp\/v2\/pages\/2896"}],"wp:attachment":[{"href":"https:\/\/bambus-deutschland.de\/index.php\/wp-json\/wp\/v2\/media?parent=3317"}],"curies":[{"name":"wp","href":"https:\/\/api.w.org\/{rel}","templated":true}]}}

<h5><em>Fargesia nitida </em>‘Black Pearl<em>’</em></h5>
<div><strong>Höhe:</strong> 2-4 Meter (Schätzung, es gibt noch keine voll ausgewachsenen Pflanzen)<br />
<strong>Halme: </strong>Neue Halme stark bemehlt, ältere Halme dunkellila bis fast schwarz, Länge der Internodien bis 11-20 cm.</div>
<div><strong>Blätter</strong>: 3,8–7,5 cm lange und 0,6–1 cm breite Blätter, im Winter und bei starker Sonneneinstrahlung verstärkte Neigung zum Blattrollen.<br />
<strong>Halmscheiden: </strong>Violett bis braun und untypisch für Fargesia nitida meist kürzer als die Internodien, relativ lange anhaftend.</div>
<div><strong>Wuchs:</strong> Horstig, nur junge Halme aufrecht, ältere stark überhängend.<br />
<strong>Winterhärte:</strong> Sehr gute Winterhärte (deutlich unter -20°C).<br />
<strong>Standort: </strong>Halbschatten oder gar Schatten, nur an Standorten mit ausreichender (Luft)feuchtigkeit auch sonnig, bei zuviel Sonne ist die Neigung zum Blattrollen besonders hoch.</div>
<div><strong>Platzbedarf:</strong> Ab 1 m<sup>2</sup> (nicht ausgelichtet durch das Überhängen älterer Halme mindestens 4 m<sup>2</sup>).</div>
<div><strong>Verwendung:</strong> Solitär oder Heckenpflanze für Halbschatten.</div>
<div><strong>Herkunft: </strong><em>Fargesia nitida</em> kommt in Gansu, Ningxia, Qinghai und Sichuan zwischen 1900–3200 üNN vor. Die neue Sorte ‘Black Pearl’ ist ein Sämling, der 2005 von Hans Verweij selektiert wurde. Vermutlich handelt es sich um eine Hybride zwischen <em>Fargesia nitida </em>und <em>Fargesia nitida</em> ‘Gansu’.</div>
<p><strong>Bemerkungen: </strong> Aufgrund der kürzlichen Blüte praktisch aller <em>Fargesia nitida</em> Kultivare der alten Generation gibt es derzeit eine große Anzahl sehr interessanter Sämlinge und Hybriden. Die hier beschriebene ‘Black Pearl’ ist sicher eine der farbenfrohsten und wüchsigsten.</p>
<div id='gallery-1' class='gallery galleryid-3317 gallery-columns-3 gallery-size-thumbnail'><figure class='gallery-item'>
			<div class='gallery-icon portrait'>
				<a href='https://bambus-deutschland.de/wp-content/uploads/2020/10/Black-Pearl-P1360596-scaled.jpg' title="Fargesia nitida &#039;Black Pearl&#039; (Foto: Ute Außem)" data-rl_title="Fargesia nitida &#039;Black Pearl&#039; (Foto: Ute Außem)" class="rl-gallery-link" data-rl_caption="" data-rel="lightbox-gallery-1"><img loading="lazy" decoding="async" width="150" height="150" src="https://bambus-deutschland.de/wp-content/uploads/2020/10/Black-Pearl-P1360596-150x150.jpg" class="attachment-thumbnail size-thumbnail" alt="" aria-describedby="gallery-1-3321" /></a>
			</div>
				<figcaption class='wp-caption-text gallery-caption' id='gallery-1-3321'>
				Fargesia nitida &#8218;Black Pearl&#8216; (Foto: Ute Außem)
				</figcaption></figure><figure class='gallery-item'>
			<div class='gallery-icon portrait'>
				<a href='https://bambus-deutschland.de/wp-content/uploads/2020/10/Black-Pearl-P1360593-scaled.jpg' title="Fargesia nitida &#039;Black Pearl&#039; (Foto: Ute Außem)" data-rl_title="Fargesia nitida &#039;Black Pearl&#039; (Foto: Ute Außem)" class="rl-gallery-link" data-rl_caption="" data-rel="lightbox-gallery-1"><img loading="lazy" decoding="async" width="150" height="150" src="https://bambus-deutschland.de/wp-content/uploads/2020/10/Black-Pearl-P1360593-150x150.jpg" class="attachment-thumbnail size-thumbnail" alt="" aria-describedby="gallery-1-3322" /></a>
			</div>
				<figcaption class='wp-caption-text gallery-caption' id='gallery-1-3322'>
				Fargesia nitida &#8218;Black Pearl&#8216; (Foto: Ute Außem)
				</figcaption></figure><figure class='gallery-item'>
			<div class='gallery-icon portrait'>
				<a href='https://bambus-deutschland.de/wp-content/uploads/2020/10/black-pearl-P1290429-scaled.jpg' title="Fargesia nitida &#039;Black Pearl&#039; (Foto: Ute Außem)" data-rl_title="Fargesia nitida &#039;Black Pearl&#039; (Foto: Ute Außem)" class="rl-gallery-link" data-rl_caption="" data-rel="lightbox-gallery-1"><img loading="lazy" decoding="async" width="150" height="150" src="https://bambus-deutschland.de/wp-content/uploads/2020/10/black-pearl-P1290429-150x150.jpg" class="attachment-thumbnail size-thumbnail" alt="" aria-describedby="gallery-1-3323" /></a>
			</div>
				<figcaption class='wp-caption-text gallery-caption' id='gallery-1-3323'>
				Fargesia nitida &#8218;Black Pearl&#8216; (Foto: Ute Außem)
				</figcaption></figure><figure class='gallery-item'>
			<div class='gallery-icon landscape'>
				<a href='https://bambus-deutschland.de/wp-content/uploads/2020/10/Merz-Ferdinand-Fargesia-nitida-Black-Pearl-2.jpg' title="Fargesia nitida &#039;Black Pearl&#039; Laub (Foto: Ferdinand Merz)" data-rl_title="Fargesia nitida &#039;Black Pearl&#039; Laub (Foto: Ferdinand Merz)" class="rl-gallery-link" data-rl_caption="" data-rel="lightbox-gallery-1"><img loading="lazy" decoding="async" width="150" height="150" src="https://bambus-deutschland.de/wp-content/uploads/2020/10/Merz-Ferdinand-Fargesia-nitida-Black-Pearl-2-150x150.jpg" class="attachment-thumbnail size-thumbnail" alt="" aria-describedby="gallery-1-3328" /></a>
			</div>
				<figcaption class='wp-caption-text gallery-caption' id='gallery-1-3328'>
				Fargesia nitida &#8218;Black Pearl&#8216; Laub (Foto: Ferdinand Merz)
				</figcaption></figure><figure class='gallery-item'>
			<div class='gallery-icon landscape'>
				<a href='https://bambus-deutschland.de/wp-content/uploads/2020/10/Merz-Ferdinand-Fargesia-nitida-Black-Pearl-1.jpg' title="Fargesia nitida &#039;Black Pearl&#039; (Foto: Ferdinand Merz)" data-rl_title="Fargesia nitida &#039;Black Pearl&#039; (Foto: Ferdinand Merz)" class="rl-gallery-link" data-rl_caption="" data-rel="lightbox-gallery-1"><img loading="lazy" decoding="async" width="150" height="150" src="https://bambus-deutschland.de/wp-content/uploads/2020/10/Merz-Ferdinand-Fargesia-nitida-Black-Pearl-1-150x150.jpg" class="attachment-thumbnail size-thumbnail" alt="" aria-describedby="gallery-1-3326" /></a>
			</div>
				<figcaption class='wp-caption-text gallery-caption' id='gallery-1-3326'>
				Fargesia nitida &#8218;Black Pearl&#8216; (Foto: Ferdinand Merz)
				</figcaption></figure><figure class='gallery-item'>
			<div class='gallery-icon landscape'>
				<a href='https://bambus-deutschland.de/wp-content/uploads/2020/10/Merz-Ferdinand-Fargesia-nitida-Black-Pearl-3.jpg' title="Fargesia nitida &#039;Black Pearl&#039; Laub (Foto: Ferdinand Merz)" data-rl_title="Fargesia nitida &#039;Black Pearl&#039; Laub (Foto: Ferdinand Merz)" class="rl-gallery-link" data-rl_caption="" data-rel="lightbox-gallery-1"><img loading="lazy" decoding="async" width="150" height="150" src="https://bambus-deutschland.de/wp-content/uploads/2020/10/Merz-Ferdinand-Fargesia-nitida-Black-Pearl-3-150x150.jpg" class="attachment-thumbnail size-thumbnail" alt="" aria-describedby="gallery-1-3327" /></a>
			</div>
				<figcaption class='wp-caption-text gallery-caption' id='gallery-1-3327'>
				Fargesia nitida &#8218;Black Pearl&#8216; Laub (Foto: Ferdinand Merz)
				</figcaption></figure><figure class='gallery-item'>
			<div class='gallery-icon landscape'>
				<a href='https://bambus-deutschland.de/wp-content/uploads/2020/10/black-pearl-P1190868-scaled.jpg' title="Fargesia nitida &#039;Black Pearl&#039; - starkes Blattrollen (Foto: Ute Außem)" data-rl_title="Fargesia nitida &#039;Black Pearl&#039; - starkes Blattrollen (Foto: Ute Außem)" class="rl-gallery-link" data-rl_caption="" data-rel="lightbox-gallery-1"><img loading="lazy" decoding="async" width="150" height="150" src="https://bambus-deutschland.de/wp-content/uploads/2020/10/black-pearl-P1190868-150x150.jpg" class="attachment-thumbnail size-thumbnail" alt="" aria-describedby="gallery-1-3325" /></a>
			</div>
				<figcaption class='wp-caption-text gallery-caption' id='gallery-1-3325'>
				Fargesia nitida &#8218;Black Pearl&#8216; &#8211; starkes Blattrollen (Foto: Ute Außem)
				</figcaption></figure><figure class='gallery-item'>
			<div class='gallery-icon landscape'>
				<a href='https://bambus-deutschland.de/wp-content/uploads/2020/10/Black-Pearl-P1240199-scaled.jpg' title="Fargesia nitida &#039;Black Pearl&#039; - starkes Blattrollen (Foto: Ute Außem)" data-rl_title="Fargesia nitida &#039;Black Pearl&#039; - starkes Blattrollen (Foto: Ute Außem)" class="rl-gallery-link" data-rl_caption="" data-rel="lightbox-gallery-1"><img loading="lazy" decoding="async" width="150" height="150" src="https://bambus-deutschland.de/wp-content/uploads/2020/10/Black-Pearl-P1240199-150x150.jpg" class="attachment-thumbnail size-thumbnail" alt="" aria-describedby="gallery-1-3324" /></a>
			</div>
				<figcaption class='wp-caption-text gallery-caption' id='gallery-1-3324'>
				Fargesia nitida &#8218;Black Pearl&#8216; &#8211; starkes Blattrollen (Foto: Ute Außem)
				</figcaption></figure>
		</div>

<p>&nbsp;</p>
<p>&nbsp;</p>
<hr />

<p>Fargesia nitida ‘Black Pearl’ Höhe: 2-4 Meter (Schätzung, es gibt noch keine voll ausgewachsenen Pflanzen) Halme: Neue Halme stark bemehlt, ältere Halme dunkellila bis fast schwarz, Länge der Internodien bis 11-20 cm. Blätter: 3,8–7,5 cm lange und 0,6–1 cm breite Blätter, im Winter und bei starker Sonneneinstrahlung verstärkte Neigung zum Blattrollen. Halmscheiden: Violett bis braun und &hellip; <a href="https://bambus-deutschland.de/index.php/arten-und-sorten/fargesia/fargesia-nitida-black-pearl/" class="more-link"><span class="screen-reader-text">Fargesia nitida ‘Black Pearl’</span> weiterlesen <span class="meta-nav">&rarr;</span></a></p>
