{"id":3334,"date":"2020-10-06T21:25:52","date_gmt":"2020-10-06T19:25:52","guid":{"rendered":"https:\/\/bambus-deutschland.de\/?page_id=3334"},"modified":"2020-10-08T19:35:07","modified_gmt":"2020-10-08T17:35:07","slug":"fargesia-spec-scabrida","status":"publish","type":"page","link":"https:\/\/bambus-deutschland.de\/index.php\/arten-und-sorten\/fargesia\/fargesia-spec-scabrida\/","title":{"rendered":"Fargesia spec. \u2018Scabrida\u2019"},"content":{"rendered":"<h5><em>Fargesia spec. <\/em>\u2018Scabrida\u2019<\/h5>\n<div><strong>H\u00f6he:<\/strong> 3 \u2013 4 (5) Meter; bis 1,5 cm Durchmesser<br \/>\n<strong>Halme:\u00a0<\/strong><i>Fargesia spec. \u2018Scabrida&#8216; <\/i>treibt im zeitigen Fr\u00fchjahr etwa zeitgleich mit <i>Fargesia robusta<\/i> aus. Junge Halme blaugr\u00fcn bereift, \u00e4ltere Halme olivgr\u00fcn bis schwach orange gef\u00e4rbt. In der Sonne verf\u00e4rben sich die jungen Halme im Lauf einer Wachstumsperiode oft tief purpurn.<\/div>\n<div><strong>Bl\u00e4tter<\/strong>: Lanzettlich, bis 12-18 cm lang und 11-18 mm breit.<br \/>\n<strong>Halmscheiden: <\/strong>Halmscheiden rotbraun, stark behaart.<\/div>\n<div><strong>Wuchs: <\/strong>Pachymorph (hostbildend), dicht, aufrecht mit \u00fcberh\u00e4ngender Spitze, auffallende Neigung zum Licht hin zu wachsen. Durch die bis 20 cm langen Rhizomh\u00e4lse offener Wuchs, nach einigen Jahren mehrere m<sup>2<\/sup> Fl\u00e4che beanspruchend.<\/div>\n<div><strong>Winterh\u00e4rte:<\/strong> Gute H\u00e4rte der ausgereiften Pflanze (nahe -20\u00b0C), die Neutriebe sind durch den sehr fr\u00fchen Austrieb etwas sp\u00e4tfrostgef\u00e4hrdet.<br \/>\n<strong>Standort:\u00a0<\/strong>Halbschattige bis sonnige Standorte.<\/div>\n<div><strong>Platzbedarf:<\/strong> Ohne Begrenzung oder Abstechen mehrere m\u00b2.<\/div>\n<div><strong>Verwendung:<\/strong> Solit\u00e4r, breite Hecke (Sichtschutz).<\/div>\n<div><strong>Herkunft:\u00a0<\/strong>H\u00f6her gelegene regenreiche W\u00e4lder Pingwus im n\u00f6rdlichen Sichuan, China. Eingef\u00fchrt nach Europa durch die Baumschulen &#8222;De Groene Prins&#8220; und &#8222;Kimmei&#8220; 1997.<\/div>\n<p><strong>Bemerkungen: <\/strong>H\u00f6chstwahrscheinlich ist die hier beschriebene Fargesia nicht identisch mit der <i>Fargesia scabrida<\/i> die Prof. Yi, 1985 erstmals beschrieben hat. Daher wird die Pflanze <i>Fargesia spec.<\/i> \u2018Scabrida\u2019 genannt, ist aber als <i>Fargesia scabrida<\/i> im Handel. Rhizomstruktur und Bl\u00fctenmerkmale w\u00fcrden auch eine Zuordnung zu den Gattungen <em>Yushania<\/em> oder <em>Borind<\/em>a zulassen.<\/p>\n<div id='gallery-1' class='gallery galleryid-3334 gallery-columns-2 gallery-size-thumbnail'><figure class='gallery-item'>\n\t\t\t<div class='gallery-icon portrait'>\n\t\t\t\t<a href='https:\/\/bambus-deutschland.de\/wp-content\/uploads\/2020\/10\/Aussem-Ute-Fargesia-scabrida-bei-Gerd-DSC02705-scaled.jpg' title=\"Fargesia scabrida im Garten von Gerd Sieber (Foto: Ute Au\u00dfem)\" data-rl_title=\"Fargesia scabrida im Garten von Gerd Sieber (Foto: Ute Au\u00dfem)\" class=\"rl-gallery-link\" data-rl_caption=\"\" data-rel=\"lightbox-gallery-1\"><img loading=\"lazy\" decoding=\"async\" width=\"150\" height=\"150\" src=\"https:\/\/bambus-deutschland.de\/wp-content\/uploads\/2020\/10\/Aussem-Ute-Fargesia-scabrida-bei-Gerd-DSC02705-150x150.jpg\" class=\"attachment-thumbnail size-thumbnail\" alt=\"\" aria-describedby=\"gallery-1-3385\" \/><\/a>\n\t\t\t<\/div>\n\t\t\t\t<figcaption class='wp-caption-text gallery-caption' id='gallery-1-3385'>\n\t\t\t\tFargesia scabrida im Garten von Gerd Sieber (Foto: Ute Au\u00dfem)\n\t\t\t\t<\/figcaption><\/figure><figure class='gallery-item'>\n\t\t\t<div class='gallery-icon portrait'>\n\t\t\t\t<a href='https:\/\/bambus-deutschland.de\/wp-content\/uploads\/2020\/10\/Jens-Schuette-Fargesia-Scabrida-scaled.jpg' title=\"Fargesia scabrida Austrieb (Foto: Jens Sch\u00fctte)\" data-rl_title=\"Fargesia scabrida Austrieb (Foto: Jens Sch\u00fctte)\" class=\"rl-gallery-link\" data-rl_caption=\"\" data-rel=\"lightbox-gallery-1\"><img loading=\"lazy\" decoding=\"async\" width=\"150\" height=\"150\" src=\"https:\/\/bambus-deutschland.de\/wp-content\/uploads\/2020\/10\/Jens-Schuette-Fargesia-Scabrida-150x150.jpg\" class=\"attachment-thumbnail size-thumbnail\" alt=\"\" aria-describedby=\"gallery-1-3384\" \/><\/a>\n\t\t\t<\/div>\n\t\t\t\t<figcaption class='wp-caption-text gallery-caption' id='gallery-1-3384'>\n\t\t\t\tFargesia scabrida Austrieb (Foto: Jens Sch\u00fctte)\n\t\t\t\t<\/figcaption><\/figure>\n\t\t<\/div>\n\n<p>&nbsp;<\/p>\n<p>&nbsp;<\/p>\n<hr \/>\n","protected":false},"excerpt":{"rendered":"<p>Fargesia spec. \u2018Scabrida\u2019 H\u00f6he: 3 \u2013 4 (5) Meter; bis 1,5 cm Durchmesser Halme:\u00a0Fargesia spec. \u2018Scabrida&#8216; treibt im zeitigen Fr\u00fchjahr etwa zeitgleich mit Fargesia robusta aus. Junge Halme blaugr\u00fcn bereift, \u00e4ltere Halme olivgr\u00fcn bis schwach orange gef\u00e4rbt. In der Sonne verf\u00e4rben sich die jungen Halme im Lauf einer Wachstumsperiode oft tief purpurn. Bl\u00e4tter: Lanzettlich, bis &hellip; <a href=\"https:\/\/bambus-deutschland.de\/index.php\/arten-und-sorten\/fargesia\/fargesia-spec-scabrida\/\" class=\"more-link\"><span class=\"screen-reader-text\">Fargesia spec. \u2018Scabrida\u2019<\/span> weiterlesen <span class=\"meta-nav\">&rarr;<\/span><\/a><\/p>\n","protected":false},"author":6,"featured_media":0,"parent":2896,"menu_order":0,"comment_status":"closed","ping_status":"closed","template":"","meta":{"iawp_total_views":168,"footnotes":""},"class_list":["post-3334","page","type-page","status-publish","hentry"],"_links":{"self":[{"href":"https:\/\/bambus-deutschland.de\/index.php\/wp-json\/wp\/v2\/pages\/3334","targetHints":{"allow":["GET"]}}],"collection":[{"href":"https:\/\/bambus-deutschland.de\/index.php\/wp-json\/wp\/v2\/pages"}],"about":[{"href":"https:\/\/bambus-deutschland.de\/index.php\/wp-json\/wp\/v2\/types\/page"}],"author":[{"embeddable":true,"href":"https:\/\/bambus-deutschland.de\/index.php\/wp-json\/wp\/v2\/users\/6"}],"replies":[{"embeddable":true,"href":"https:\/\/bambus-deutschland.de\/index.php\/wp-json\/wp\/v2\/comments?post=3334"}],"version-history":[{"count":3,"href":"https:\/\/bambus-deutschland.de\/index.php\/wp-json\/wp\/v2\/pages\/3334\/revisions"}],"predecessor-version":[{"id":3458,"href":"https:\/\/bambus-deutschland.de\/index.php\/wp-json\/wp\/v2\/pages\/3334\/revisions\/3458"}],"up":[{"embeddable":true,"href":"https:\/\/bambus-deutschland.de\/index.php\/wp-json\/wp\/v2\/pages\/2896"}],"wp:attachment":[{"href":"https:\/\/bambus-deutschland.de\/index.php\/wp-json\/wp\/v2\/media?parent=3334"}],"curies":[{"name":"wp","href":"https:\/\/api.w.org\/{rel}","templated":true}]}}

<h5><em>Fargesia spec. </em>‘Scabrida’</h5>
<div><strong>Höhe:</strong> 3 – 4 (5) Meter; bis 1,5 cm Durchmesser<br />
<strong>Halme: </strong><i>Fargesia spec. ‘Scabrida&#8216; </i>treibt im zeitigen Frühjahr etwa zeitgleich mit <i>Fargesia robusta</i> aus. Junge Halme blaugrün bereift, ältere Halme olivgrün bis schwach orange gefärbt. In der Sonne verfärben sich die jungen Halme im Lauf einer Wachstumsperiode oft tief purpurn.</div>
<div><strong>Blätter</strong>: Lanzettlich, bis 12-18 cm lang und 11-18 mm breit.<br />
<strong>Halmscheiden: </strong>Halmscheiden rotbraun, stark behaart.</div>
<div><strong>Wuchs: </strong>Pachymorph (hostbildend), dicht, aufrecht mit überhängender Spitze, auffallende Neigung zum Licht hin zu wachsen. Durch die bis 20 cm langen Rhizomhälse offener Wuchs, nach einigen Jahren mehrere m<sup>2</sup> Fläche beanspruchend.</div>
<div><strong>Winterhärte:</strong> Gute Härte der ausgereiften Pflanze (nahe -20°C), die Neutriebe sind durch den sehr frühen Austrieb etwas spätfrostgefährdet.<br />
<strong>Standort: </strong>Halbschattige bis sonnige Standorte.</div>
<div><strong>Platzbedarf:</strong> Ohne Begrenzung oder Abstechen mehrere m².</div>
<div><strong>Verwendung:</strong> Solitär, breite Hecke (Sichtschutz).</div>
<div><strong>Herkunft: </strong>Höher gelegene regenreiche Wälder Pingwus im nördlichen Sichuan, China. Eingeführt nach Europa durch die Baumschulen &#8222;De Groene Prins&#8220; und &#8222;Kimmei&#8220; 1997.</div>
<p><strong>Bemerkungen: </strong>Höchstwahrscheinlich ist die hier beschriebene Fargesia nicht identisch mit der <i>Fargesia scabrida</i> die Prof. Yi, 1985 erstmals beschrieben hat. Daher wird die Pflanze <i>Fargesia spec.</i> ‘Scabrida’ genannt, ist aber als <i>Fargesia scabrida</i> im Handel. Rhizomstruktur und Blütenmerkmale würden auch eine Zuordnung zu den Gattungen <em>Yushania</em> oder <em>Borind</em>a zulassen.</p>
<div id='gallery-1' class='gallery galleryid-3334 gallery-columns-2 gallery-size-thumbnail'><figure class='gallery-item'>
			<div class='gallery-icon portrait'>
				<a href='https://bambus-deutschland.de/wp-content/uploads/2020/10/Aussem-Ute-Fargesia-scabrida-bei-Gerd-DSC02705-scaled.jpg' title="Fargesia scabrida im Garten von Gerd Sieber (Foto: Ute Außem)" data-rl_title="Fargesia scabrida im Garten von Gerd Sieber (Foto: Ute Außem)" class="rl-gallery-link" data-rl_caption="" data-rel="lightbox-gallery-1"><img loading="lazy" decoding="async" width="150" height="150" src="https://bambus-deutschland.de/wp-content/uploads/2020/10/Aussem-Ute-Fargesia-scabrida-bei-Gerd-DSC02705-150x150.jpg" class="attachment-thumbnail size-thumbnail" alt="" aria-describedby="gallery-1-3385" /></a>
			</div>
				<figcaption class='wp-caption-text gallery-caption' id='gallery-1-3385'>
				Fargesia scabrida im Garten von Gerd Sieber (Foto: Ute Außem)
				</figcaption></figure><figure class='gallery-item'>
			<div class='gallery-icon portrait'>
				<a href='https://bambus-deutschland.de/wp-content/uploads/2020/10/Jens-Schuette-Fargesia-Scabrida-scaled.jpg' title="Fargesia scabrida Austrieb (Foto: Jens Schütte)" data-rl_title="Fargesia scabrida Austrieb (Foto: Jens Schütte)" class="rl-gallery-link" data-rl_caption="" data-rel="lightbox-gallery-1"><img loading="lazy" decoding="async" width="150" height="150" src="https://bambus-deutschland.de/wp-content/uploads/2020/10/Jens-Schuette-Fargesia-Scabrida-150x150.jpg" class="attachment-thumbnail size-thumbnail" alt="" aria-describedby="gallery-1-3384" /></a>
			</div>
				<figcaption class='wp-caption-text gallery-caption' id='gallery-1-3384'>
				Fargesia scabrida Austrieb (Foto: Jens Schütte)
				</figcaption></figure>
		</div>

<p>&nbsp;</p>
<p>&nbsp;</p>
<hr />

<p>Fargesia spec. ‘Scabrida’ Höhe: 3 – 4 (5) Meter; bis 1,5 cm Durchmesser Halme: Fargesia spec. ‘Scabrida&#8216; treibt im zeitigen Frühjahr etwa zeitgleich mit Fargesia robusta aus. Junge Halme blaugrün bereift, ältere Halme olivgrün bis schwach orange gefärbt. In der Sonne verfärben sich die jungen Halme im Lauf einer Wachstumsperiode oft tief purpurn. Blätter: Lanzettlich, bis &hellip; <a href="https://bambus-deutschland.de/index.php/arten-und-sorten/fargesia/fargesia-spec-scabrida/" class="more-link"><span class="screen-reader-text">Fargesia spec. ‘Scabrida’</span> weiterlesen <span class="meta-nav">&rarr;</span></a></p>
