{"id":337,"date":"2016-12-13T13:40:35","date_gmt":"2016-12-13T12:40:35","guid":{"rendered":"https:\/\/ebs-d-de.prossl.de\/wordpress\/wordpress\/?page_id=337"},"modified":"2019-05-27T15:58:45","modified_gmt":"2019-05-27T13:58:45","slug":"europaeisches-treffen-der-ebs-vom-20-bis-22-august-2010-in-der-schweiz","status":"publish","type":"page","link":"https:\/\/bambus-deutschland.de\/index.php\/beispiel-seite\/weitere-bambus-organisationen\/europaeisches-treffen-der-ebs-vom-20-bis-22-august-2010-in-der-schweiz\/","title":{"rendered":"Europ\u00e4isches Treffen der EBS vom 20. bis 22. August 2010 in der Schweiz"},"content":{"rendered":"<figure id=\"attachment_353\" aria-describedby=\"caption-attachment-353\" style=\"width: 640px\" class=\"wp-caption aligncenter\"><img loading=\"lazy\" decoding=\"async\" class=\"wp-image-353 size-full\" src=\"https:\/\/ebs-d-de.prossl.de\/wordpress\/wordpress\/wp-content\/uploads\/2016\/12\/europaeisches-treffen-2010-43-2.jpg\" width=\"640\" height=\"360\" srcset=\"https:\/\/bambus-deutschland.de\/wp-content\/uploads\/2016\/12\/europaeisches-treffen-2010-43-2.jpg 640w, https:\/\/bambus-deutschland.de\/wp-content\/uploads\/2016\/12\/europaeisches-treffen-2010-43-2-300x169.jpg 300w\" sizes=\"auto, (max-width: 640px) 100vw, 640px\" \/><figcaption id=\"caption-attachment-353\" class=\"wp-caption-text\">(Foto Thomas Gr\u00fcnewald)<\/figcaption><\/figure>\n<p>In diesem Jahr hat die Schweizer Sektion ein sch\u00f6nes Programm an verschiedenen Veranstaltungsorten an drei Seen in der Westschweiz zusammengestellt. Die G\u00e4rten der Familien Althaus und Linder, am Bieler See und am Murtensee gelegen.<\/p>\n<figure id=\"attachment_340\" aria-describedby=\"caption-attachment-340\" style=\"width: 640px\" class=\"wp-caption aligncenter\"><img loading=\"lazy\" decoding=\"async\" class=\"wp-image-340 size-full\" src=\"https:\/\/ebs-d-de.prossl.de\/wordpress\/wordpress\/wp-content\/uploads\/2016\/12\/europaeisches-treffen-2010-26.jpg\" alt=\"Fachsimpeln am Murtensee (Foto Daniel Kunz)\" width=\"640\" height=\"425\" srcset=\"https:\/\/bambus-deutschland.de\/wp-content\/uploads\/2016\/12\/europaeisches-treffen-2010-26.jpg 640w, https:\/\/bambus-deutschland.de\/wp-content\/uploads\/2016\/12\/europaeisches-treffen-2010-26-300x199.jpg 300w\" sizes=\"auto, (max-width: 640px) 100vw, 640px\" \/><figcaption id=\"caption-attachment-340\" class=\"wp-caption-text\">Fachsimpeln am Murtensee (Foto Daniel Kunz)<\/figcaption><\/figure>\n<p>Das Arboretum von Aubonne, n\u00f6rdlich des Genfer Sees, bot\u00a0neben botanischen Sehensw\u00fcrdigkeiten auch gute R\u00e4umlichkeiten\u00a0f\u00fcr das Vortragsprogramm.<\/p>\n<figure id=\"attachment_348\" aria-describedby=\"caption-attachment-348\" style=\"width: 2816px\" class=\"wp-caption aligncenter\"><img loading=\"lazy\" decoding=\"async\" class=\"wp-image-348 size-full\" src=\"https:\/\/ebs-d-de.prossl.de\/wordpress\/wordpress\/wp-content\/uploads\/2016\/12\/europaeisches-treffen-2010-33.jpg\" alt=\"Arboretum Aubonne (Foto: J\u00fcrgen Schmitz)\" width=\"2816\" height=\"2112\" srcset=\"https:\/\/bambus-deutschland.de\/wp-content\/uploads\/2016\/12\/europaeisches-treffen-2010-33.jpg 2816w, https:\/\/bambus-deutschland.de\/wp-content\/uploads\/2016\/12\/europaeisches-treffen-2010-33-300x225.jpg 300w, https:\/\/bambus-deutschland.de\/wp-content\/uploads\/2016\/12\/europaeisches-treffen-2010-33-768x576.jpg 768w, https:\/\/bambus-deutschland.de\/wp-content\/uploads\/2016\/12\/europaeisches-treffen-2010-33-1024x768.jpg 1024w\" sizes=\"auto, (max-width: 2816px) 100vw, 2816px\" \/><figcaption id=\"caption-attachment-348\" class=\"wp-caption-text\">Arboretum Aubonne (Foto J\u00fcrgen Schmitz)<\/figcaption><\/figure>\n<p>Die Teilnehmer des Europ\u00e4isches Treffen in Aubonne:<\/p>\n<figure id=\"attachment_344\" aria-describedby=\"caption-attachment-344\" style=\"width: 4025px\" class=\"wp-caption aligncenter\"><img loading=\"lazy\" decoding=\"async\" class=\"wp-image-344 size-full\" src=\"https:\/\/ebs-d-de.prossl.de\/wordpress\/wordpress\/wp-content\/uploads\/2016\/12\/europaeisches-treffen-2010-46.jpg\" alt=\"europaeisches-treffen-2010-46\" width=\"4025\" height=\"1470\" srcset=\"https:\/\/bambus-deutschland.de\/wp-content\/uploads\/2016\/12\/europaeisches-treffen-2010-46.jpg 4025w, https:\/\/bambus-deutschland.de\/wp-content\/uploads\/2016\/12\/europaeisches-treffen-2010-46-300x110.jpg 300w, https:\/\/bambus-deutschland.de\/wp-content\/uploads\/2016\/12\/europaeisches-treffen-2010-46-768x280.jpg 768w, https:\/\/bambus-deutschland.de\/wp-content\/uploads\/2016\/12\/europaeisches-treffen-2010-46-1024x374.jpg 1024w\" sizes=\"auto, (max-width: 4025px) 100vw, 4025px\" \/><figcaption id=\"caption-attachment-344\" class=\"wp-caption-text\">Am 2. Tag vor dem Abendessen: Die Teilnehmer in Aubonne (Foto Daniel Kunz)<\/figcaption><\/figure>\n<p>Am Sonntag besichtigten wir das gartenbauliche Ausbildungszentrum von Lullier, \u00f6stlich von Genf, und\u00a0den Schluss bildete ein Besuch im privaten Garten von Dominique Verdel, s\u00fcdlich von Genf.<\/p>\n<figure id=\"attachment_350\" aria-describedby=\"caption-attachment-350\" style=\"width: 2816px\" class=\"wp-caption aligncenter\"><img loading=\"lazy\" decoding=\"async\" class=\"wp-image-350 size-full\" src=\"https:\/\/ebs-d-de.prossl.de\/wordpress\/wordpress\/wp-content\/uploads\/2016\/12\/europaeisches-treffen-2010-57.jpg\" alt=\"im Garten von Dominique Verdel (Foto J\u00fcrgen Schmitz)\" width=\"2816\" height=\"2112\" srcset=\"https:\/\/bambus-deutschland.de\/wp-content\/uploads\/2016\/12\/europaeisches-treffen-2010-57.jpg 2816w, https:\/\/bambus-deutschland.de\/wp-content\/uploads\/2016\/12\/europaeisches-treffen-2010-57-300x225.jpg 300w, https:\/\/bambus-deutschland.de\/wp-content\/uploads\/2016\/12\/europaeisches-treffen-2010-57-768x576.jpg 768w, https:\/\/bambus-deutschland.de\/wp-content\/uploads\/2016\/12\/europaeisches-treffen-2010-57-1024x768.jpg 1024w\" sizes=\"auto, (max-width: 2816px) 100vw, 2816px\" \/><figcaption id=\"caption-attachment-350\" class=\"wp-caption-text\">Im Garten von Dominique Verdel (Foto J\u00fcrgen Schmitz)<\/figcaption><\/figure>\n","protected":false},"excerpt":{"rendered":"<p>In diesem Jahr hat die Schweizer Sektion ein sch\u00f6nes Programm an verschiedenen Veranstaltungsorten an drei Seen in der Westschweiz zusammengestellt. Die G\u00e4rten der Familien Althaus und Linder, am Bieler See und am Murtensee gelegen. Das Arboretum von Aubonne, n\u00f6rdlich des Genfer Sees, bot\u00a0neben botanischen Sehensw\u00fcrdigkeiten auch gute R\u00e4umlichkeiten\u00a0f\u00fcr das Vortragsprogramm. Die Teilnehmer des Europ\u00e4isches Treffen &hellip; <a href=\"https:\/\/bambus-deutschland.de\/index.php\/beispiel-seite\/weitere-bambus-organisationen\/europaeisches-treffen-der-ebs-vom-20-bis-22-august-2010-in-der-schweiz\/\" class=\"more-link\"><span class=\"screen-reader-text\">Europ\u00e4isches Treffen der EBS vom 20. bis 22. August 2010 in der Schweiz<\/span> weiterlesen <span class=\"meta-nav\">&rarr;<\/span><\/a><\/p>\n","protected":false},"author":6,"featured_media":0,"parent":275,"menu_order":0,"comment_status":"closed","ping_status":"closed","template":"","meta":{"iawp_total_views":40,"footnotes":""},"class_list":["post-337","page","type-page","status-publish","hentry"],"_links":{"self":[{"href":"https:\/\/bambus-deutschland.de\/index.php\/wp-json\/wp\/v2\/pages\/337","targetHints":{"allow":["GET"]}}],"collection":[{"href":"https:\/\/bambus-deutschland.de\/index.php\/wp-json\/wp\/v2\/pages"}],"about":[{"href":"https:\/\/bambus-deutschland.de\/index.php\/wp-json\/wp\/v2\/types\/page"}],"author":[{"embeddable":true,"href":"https:\/\/bambus-deutschland.de\/index.php\/wp-json\/wp\/v2\/users\/6"}],"replies":[{"embeddable":true,"href":"https:\/\/bambus-deutschland.de\/index.php\/wp-json\/wp\/v2\/comments?post=337"}],"version-history":[{"count":11,"href":"https:\/\/bambus-deutschland.de\/index.php\/wp-json\/wp\/v2\/pages\/337\/revisions"}],"predecessor-version":[{"id":608,"href":"https:\/\/bambus-deutschland.de\/index.php\/wp-json\/wp\/v2\/pages\/337\/revisions\/608"}],"up":[{"embeddable":true,"href":"https:\/\/bambus-deutschland.de\/index.php\/wp-json\/wp\/v2\/pages\/275"}],"wp:attachment":[{"href":"https:\/\/bambus-deutschland.de\/index.php\/wp-json\/wp\/v2\/media?parent=337"}],"curies":[{"name":"wp","href":"https:\/\/api.w.org\/{rel}","templated":true}]}}

Europäisches Treffen der EBS vom 20. bis 22. August 2010 in der Schweiz

<figure id="attachment_353" aria-describedby="caption-attachment-353" style="width: 640px" class="wp-caption aligncenter"><img loading="lazy" decoding="async" class="wp-image-353 size-full" src="https://ebs-d-de.prossl.de/wordpress/wordpress/wp-content/uploads/2016/12/europaeisches-treffen-2010-43-2.jpg" width="640" height="360" srcset="https://bambus-deutschland.de/wp-content/uploads/2016/12/europaeisches-treffen-2010-43-2.jpg 640w, https://bambus-deutschland.de/wp-content/uploads/2016/12/europaeisches-treffen-2010-43-2-300x169.jpg 300w" sizes="auto, (max-width: 640px) 100vw, 640px" /><figcaption id="caption-attachment-353" class="wp-caption-text">(Foto Thomas Grünewald)</figcaption></figure>
<p>In diesem Jahr hat die Schweizer Sektion ein schönes Programm an verschiedenen Veranstaltungsorten an drei Seen in der Westschweiz zusammengestellt. Die Gärten der Familien Althaus und Linder, am Bieler See und am Murtensee gelegen.</p>
<figure id="attachment_340" aria-describedby="caption-attachment-340" style="width: 640px" class="wp-caption aligncenter"><img loading="lazy" decoding="async" class="wp-image-340 size-full" src="https://ebs-d-de.prossl.de/wordpress/wordpress/wp-content/uploads/2016/12/europaeisches-treffen-2010-26.jpg" alt="Fachsimpeln am Murtensee (Foto Daniel Kunz)" width="640" height="425" srcset="https://bambus-deutschland.de/wp-content/uploads/2016/12/europaeisches-treffen-2010-26.jpg 640w, https://bambus-deutschland.de/wp-content/uploads/2016/12/europaeisches-treffen-2010-26-300x199.jpg 300w" sizes="auto, (max-width: 640px) 100vw, 640px" /><figcaption id="caption-attachment-340" class="wp-caption-text">Fachsimpeln am Murtensee (Foto Daniel Kunz)</figcaption></figure>
<p>Das Arboretum von Aubonne, nördlich des Genfer Sees, bot neben botanischen Sehenswürdigkeiten auch gute Räumlichkeiten für das Vortragsprogramm.</p>
<figure id="attachment_348" aria-describedby="caption-attachment-348" style="width: 2816px" class="wp-caption aligncenter"><img loading="lazy" decoding="async" class="wp-image-348 size-full" src="https://ebs-d-de.prossl.de/wordpress/wordpress/wp-content/uploads/2016/12/europaeisches-treffen-2010-33.jpg" alt="Arboretum Aubonne (Foto: Jürgen Schmitz)" width="2816" height="2112" srcset="https://bambus-deutschland.de/wp-content/uploads/2016/12/europaeisches-treffen-2010-33.jpg 2816w, https://bambus-deutschland.de/wp-content/uploads/2016/12/europaeisches-treffen-2010-33-300x225.jpg 300w, https://bambus-deutschland.de/wp-content/uploads/2016/12/europaeisches-treffen-2010-33-768x576.jpg 768w, https://bambus-deutschland.de/wp-content/uploads/2016/12/europaeisches-treffen-2010-33-1024x768.jpg 1024w" sizes="auto, (max-width: 2816px) 100vw, 2816px" /><figcaption id="caption-attachment-348" class="wp-caption-text">Arboretum Aubonne (Foto Jürgen Schmitz)</figcaption></figure>
<p>Die Teilnehmer des Europäisches Treffen in Aubonne:</p>
<figure id="attachment_344" aria-describedby="caption-attachment-344" style="width: 4025px" class="wp-caption aligncenter"><img loading="lazy" decoding="async" class="wp-image-344 size-full" src="https://ebs-d-de.prossl.de/wordpress/wordpress/wp-content/uploads/2016/12/europaeisches-treffen-2010-46.jpg" alt="europaeisches-treffen-2010-46" width="4025" height="1470" srcset="https://bambus-deutschland.de/wp-content/uploads/2016/12/europaeisches-treffen-2010-46.jpg 4025w, https://bambus-deutschland.de/wp-content/uploads/2016/12/europaeisches-treffen-2010-46-300x110.jpg 300w, https://bambus-deutschland.de/wp-content/uploads/2016/12/europaeisches-treffen-2010-46-768x280.jpg 768w, https://bambus-deutschland.de/wp-content/uploads/2016/12/europaeisches-treffen-2010-46-1024x374.jpg 1024w" sizes="auto, (max-width: 4025px) 100vw, 4025px" /><figcaption id="caption-attachment-344" class="wp-caption-text">Am 2. Tag vor dem Abendessen: Die Teilnehmer in Aubonne (Foto Daniel Kunz)</figcaption></figure>
<p>Am Sonntag besichtigten wir das gartenbauliche Ausbildungszentrum von Lullier, östlich von Genf, und den Schluss bildete ein Besuch im privaten Garten von Dominique Verdel, südlich von Genf.</p>
<figure id="attachment_350" aria-describedby="caption-attachment-350" style="width: 2816px" class="wp-caption aligncenter"><img loading="lazy" decoding="async" class="wp-image-350 size-full" src="https://ebs-d-de.prossl.de/wordpress/wordpress/wp-content/uploads/2016/12/europaeisches-treffen-2010-57.jpg" alt="im Garten von Dominique Verdel (Foto Jürgen Schmitz)" width="2816" height="2112" srcset="https://bambus-deutschland.de/wp-content/uploads/2016/12/europaeisches-treffen-2010-57.jpg 2816w, https://bambus-deutschland.de/wp-content/uploads/2016/12/europaeisches-treffen-2010-57-300x225.jpg 300w, https://bambus-deutschland.de/wp-content/uploads/2016/12/europaeisches-treffen-2010-57-768x576.jpg 768w, https://bambus-deutschland.de/wp-content/uploads/2016/12/europaeisches-treffen-2010-57-1024x768.jpg 1024w" sizes="auto, (max-width: 2816px) 100vw, 2816px" /><figcaption id="caption-attachment-350" class="wp-caption-text">Im Garten von Dominique Verdel (Foto Jürgen Schmitz)</figcaption></figure>

<p>In diesem Jahr hat die Schweizer Sektion ein schönes Programm an verschiedenen Veranstaltungsorten an drei Seen in der Westschweiz zusammengestellt. Die Gärten der Familien Althaus und Linder, am Bieler See und am Murtensee gelegen. Das Arboretum von Aubonne, nördlich des Genfer Sees, bot neben botanischen Sehenswürdigkeiten auch gute Räumlichkeiten für das Vortragsprogramm. Die Teilnehmer des Europäisches Treffen &hellip; <a href="https://bambus-deutschland.de/index.php/beispiel-seite/weitere-bambus-organisationen/europaeisches-treffen-der-ebs-vom-20-bis-22-august-2010-in-der-schweiz/" class="more-link"><span class="screen-reader-text">Europäisches Treffen der EBS vom 20. bis 22. August 2010 in der Schweiz</span> weiterlesen <span class="meta-nav">&rarr;</span></a></p>
