{"id":356,"date":"2016-12-13T20:58:03","date_gmt":"2016-12-13T19:58:03","guid":{"rendered":"https:\/\/ebs-d-de.prossl.de\/wordpress\/wordpress\/?page_id=356"},"modified":"2019-05-27T15:58:45","modified_gmt":"2019-05-27T13:58:45","slug":"internationales-treffen-der-ebs-2008-in-frankreich","status":"publish","type":"page","link":"https:\/\/bambus-deutschland.de\/index.php\/beispiel-seite\/weitere-bambus-organisationen\/internationales-treffen-der-ebs-2008-in-frankreich\/","title":{"rendered":"Europ\u00e4isches Treffen der EBS 2008 in Frankreich"},"content":{"rendered":"<figure id=\"attachment_358\" aria-describedby=\"caption-attachment-358\" style=\"width: 460px\" class=\"wp-caption aligncenter\"><img loading=\"lazy\" decoding=\"async\" class=\"wp-image-358 size-full\" src=\"https:\/\/ebs-d-de.prossl.de\/wordpress\/wordpress\/wp-content\/uploads\/2016\/12\/ebs-treffen-2008-6.jpg\" width=\"460\" height=\"348\" srcset=\"https:\/\/bambus-deutschland.de\/wp-content\/uploads\/2016\/12\/ebs-treffen-2008-6.jpg 460w, https:\/\/bambus-deutschland.de\/wp-content\/uploads\/2016\/12\/ebs-treffen-2008-6-300x227.jpg 300w\" sizes=\"auto, (max-width: 460px) 100vw, 460px\" \/><figcaption id=\"caption-attachment-358\" class=\"wp-caption-text\">Ein eindrucksvoller Phyllostachys-Hain in der N\u00e4he von Le Buisson<\/figcaption><\/figure>\n<p>Der Bambusgarten Jardin de Planbuisson von Michel Bonfils war diesmal der Veranstaltungsort. Neben den AEB-Mitgliedern aus Frankreich waren Mitglieder aus den Sektionen von Belgien, Italien und der Schweiz gekommen, aus USA war Suzanne Lucas dabei,\u00a0von EBS-D\u00a0war ich allerdings der einzige Teilnehmer.<\/p>\n<figure id=\"attachment_361\" aria-describedby=\"caption-attachment-361\" style=\"width: 460px\" class=\"wp-caption aligncenter\"><img loading=\"lazy\" decoding=\"async\" class=\"wp-image-361 size-full\" src=\"https:\/\/ebs-d-de.prossl.de\/wordpress\/wordpress\/wp-content\/uploads\/2016\/12\/ebs-treffen-2008-1.jpg\" alt=\"Michel Bonfils f\u00fchrt sachkundig durch den Jardin de Planbuisson\" width=\"460\" height=\"397\" srcset=\"https:\/\/bambus-deutschland.de\/wp-content\/uploads\/2016\/12\/ebs-treffen-2008-1.jpg 460w, https:\/\/bambus-deutschland.de\/wp-content\/uploads\/2016\/12\/ebs-treffen-2008-1-300x259.jpg 300w\" sizes=\"auto, (max-width: 460px) 100vw, 460px\" \/><figcaption id=\"caption-attachment-361\" class=\"wp-caption-text\">Michel Bonfils f\u00fchrt sachkundig durch den Jardin de Planbuisson<\/figcaption><\/figure>\n<p>Dabei h\u00e4tte die Veranstaltung\u00a0eine st\u00e4rkere Teilnahme verdient, denn die Veranstalter hatten ein interessantes Programm zusammengestellt. Am ersten Tag war der Vormittag mit Vortr\u00e4gen ausgef\u00fcllt, daf\u00fcr waren wir uns im \u00f6rtlichen Kino versammelt. Nachdem die Vetreter der EBS-Sektionen \u00fcber ihre Aktivit\u00e4ten berichtet hatten, stellte Lorenzo Bar seine Arbeiten vor: Landschaftsbauprojekte und der Einsatz von Bambus als Baustoff f\u00fcr Skulpturen, Pergolen und im Messebau. Suzanne Lucas ging kurz auf die drei\u00a0in den USA heimischen Bambusarten ein und stellte ihre Garten- und Landschaftsbauprojekte vor, mit vielen Fotos der fertigen Umsetzungen.<\/p>\n<p>Der Experte f\u00fcr die Identifikation von Bambusarten, Jean Pierre D\u00e9moly, berichtete mit vielen Fotos \u00fcber die Bambusflora Chiles, d.h. die dort vorkommenden Chusqueen.<\/p>\n<p>Gleich zwei Beitr\u00e4ge kamen von Michel Davo. Er berichtete mit sehr guten Fotos \u00fcber die Bambusse in der K\u00fcstenregion s\u00fcdlich von Sao Paulo in Brasilien. Sein zweiter Beitrag f\u00fchrte uns nach Thailand, zu den Bambussen im Park von Khao Sok.<\/p>\n<p>Michel Abadie hatte sich ein ungew\u00f6hnliches Thema gew\u00e4hlt: Bambus als Material der Flugpioniere. Von den ersten H\u00e4ngegleitern \u00fcber den Motorflug, von Luftschiffen bis zum Drachenbau spannte sich der Bogen dieses faszinierenden Blickwinkels auf unsere Lieblingsgr\u00e4ser.<\/p>\n<figure id=\"attachment_359\" aria-describedby=\"caption-attachment-359\" style=\"width: 124px\" class=\"wp-caption alignright\"><img loading=\"lazy\" decoding=\"async\" class=\"size-full wp-image-359\" src=\"https:\/\/ebs-d-de.prossl.de\/wordpress\/wordpress\/wp-content\/uploads\/2016\/12\/ebs-treffen-2008-4.jpg\" alt=\"Phyllostachys pubescens 'Bicolor'\" width=\"124\" height=\"225\" \/><figcaption id=\"caption-attachment-359\" class=\"wp-caption-text\">Phyllostachys pubescens \u2018Bicolor\u2019<\/figcaption><\/figure>\n<p>Bei strahlendem Sonnenschein zeigte sich am Nachmittag der Bambusgarten Jardin de Planbuisson. Nach einer Einf\u00fchrung vom Gartenbauexperten De Reze, dem Inhaber von Rezo-Plant, und Erl\u00e4uterungen zur Entwicklung des Gartens von Michel Bonfils konnten wir stundenlang auf den mit Walnussschalen ausgelegten Wegen staunend von Hain zu Hain gehen, die aus anderen s\u00fcdfranz\u00f6sischen Bambusg\u00e4rten bekannten riesengro\u00dfen Halme mit entsprechend gut ausgepr\u00e4gter F\u00e4rbung und Zeichnung machen diesen Garten f\u00fcr mich zu einem der besten in Frankreich.<\/p>\n<p>Fargesienfreunde werden im warmen Klima der Dordogne nicht auf ihre Kosten kommen, ein Beet im Schatten\u00a0des 8 Meter hohen Ph.-violascens-Hains zeigt weniger als ein Dutzend Pflanzen dieser Gattung, aber alle gro\u00dfen Phyllostachysarten, einige Chusqueen und andere gro\u00dfe Arten, sind als pr\u00e4chtige Exemplare vorhanden. Ein Musiker zeigte Perkussionsinstrumente aus Bambus und lud zum Mitspielen ein, es gab eine Ausstellung mit Kunsthandwerk aus Bambus. Gilbert Leffond erkl\u00e4rte, wie man Bambuslibellen baut.<\/p>\n<figure id=\"attachment_360\" aria-describedby=\"caption-attachment-360\" style=\"width: 225px\" class=\"wp-caption aligncenter\"><img loading=\"lazy\" decoding=\"async\" class=\"size-full wp-image-360\" src=\"https:\/\/ebs-d-de.prossl.de\/wordpress\/wordpress\/wp-content\/uploads\/2016\/12\/ebs-treffen-2008-3.jpg\" alt=\"Eindrucksvolle junge Halme von Phyllostachys pubescens werden abgelichtet\" width=\"225\" height=\"166\" \/><figcaption id=\"caption-attachment-360\" class=\"wp-caption-text\">Eindrucksvolle junge Halme von Phyllostachys pubescens werden abgelichtet<\/figcaption><\/figure>\n<p>Letzter Programmpunkt des ersten Tages war eine Pflanzen-Versteigerung. Die gespendeten Pflanzen waren dem Anlass angemessen, meist gut ausgesuchte Seltenheiten. F\u00fcr einige Exemplare wusste selbst Herr D\u00e9moly nur vorl\u00e4ufige Namen. Wegen der Seltenheit vieler angebotenen Pflanzen, sicher aber auch, weil der Erl\u00f6s an die AEB ging, kamen sehr hohe Gebote zustande.<\/p>\n<p>Es geh\u00f6rt zwar nicht zum Thema Bambus, aber ein sehr wesentlicher Teil des Programms muss erw\u00e4hnt werden: das Essen. Das P\u00e9rigord ist ber\u00fchmt z.B. f\u00fcr Gefl\u00fcgel und Tr\u00fcffel, und unsere Gastgeber hatten eine sehr gute Wahl getroffen unter den regionalen K\u00f6stlichkeiten aus K\u00fcche und Keller. Schon die Vorabendveranstaltung, zu der bereits ca. 45 Teilnehmer angereist waren, begann mit einem tollen Men\u00fc, und durch die n\u00e4chsten beiden Tage ging das auf hohem Niveau immer so weiter, und nie ohne einen passenden Wein.<\/p>\n<figure id=\"attachment_358-2\" aria-describedby=\"caption-attachment-358-2\" style=\"width: 460px\" class=\"wp-caption alignnone\"><img loading=\"lazy\" decoding=\"async\" class=\"wp-image-358 size-full\" src=\"https:\/\/ebs-d-de.prossl.de\/wordpress\/wordpress\/wp-content\/uploads\/2016\/12\/ebs-treffen-2008-6.jpg\" alt=\"Ein eindrucksvoller Phyllostachys-Hain in der N\u00e4he von Le Buisson\" width=\"460\" height=\"348\" srcset=\"https:\/\/bambus-deutschland.de\/wp-content\/uploads\/2016\/12\/ebs-treffen-2008-6.jpg 460w, https:\/\/bambus-deutschland.de\/wp-content\/uploads\/2016\/12\/ebs-treffen-2008-6-300x227.jpg 300w\" sizes=\"auto, (max-width: 460px) 100vw, 460px\" \/><figcaption id=\"caption-attachment-358-2\" class=\"wp-caption-text\">Ein eindrucksvoller Phyllostachys-Hain in der N\u00e4he von Le Buisson<\/figcaption><\/figure>\n<p>Am zweiten Tag sahen wir uns vormittags in einem privaten Garten im einem Nachbarort einen Phyllostachys-Solit\u00e4r von 18m H\u00f6he an, danach ging es &#8222;in die Wildnis&#8220;, zu einem Ph-viridiglaucescens-Hain, der schon viele Jahre wild am Ufer der Dordogne w\u00e4chst. Das letzte Ziel des Treffens war die Firma Rezo-Plant, einem mit der belgischen Firma Oprins verbundenen Produktionsbetrieb f\u00fcr riesige St\u00fcckzahlen von Bambuspflanzen. Hier werden im Unterschied zum belgischen Standort z.B. Fargesien als gr\u00f6\u00dfere Pflanzen produziert, daneben auch viele andere der ca. 100 hier produzierten Bambusarten, in Topfgr\u00f6\u00dfen zwischen 5 und 150 Liter.<\/p>\n<p>Das interessante Programm, der sehr sehenswerten Schaugarten, der Besuch bei Rezo-Plant und die gute Organisation der ganzen Veranstaltung &#8211; das allein bringt mich schon zu dem Fazit, dass sich der Weg an die Dordogne sehr gelohnt hat. Genauso wichtig finde ich aber, dass ich viele der Bambusfreunde von den anderen Sektionen dabei wiedersehen konnte, die ich bei unserem Treffen in Frankfurt vor zwei Jahren und bei anderen Besuchen kennengelernt hatte. Diese Gespr\u00e4che, die man mit keinem Veranstaltungsprogramm im Voraus planen kann, sind mindestens ebenso wichtig wie das eigentliche Programm. Deshalb steht f\u00fcr mich auch jetzt schon fest: beim n\u00e4chsten internationalen Treffen der EBS, in 2010 in der Schweiz, werde ich auf jeden Fall wieder dabei sein.<\/p>\n","protected":false},"excerpt":{"rendered":"<p>Der Bambusgarten Jardin de Planbuisson von Michel Bonfils war diesmal der Veranstaltungsort. Neben den AEB-Mitgliedern aus Frankreich waren Mitglieder aus den Sektionen von Belgien, Italien und der Schweiz gekommen, aus USA war Suzanne Lucas dabei,\u00a0von EBS-D\u00a0war ich allerdings der einzige Teilnehmer. Dabei h\u00e4tte die Veranstaltung\u00a0eine st\u00e4rkere Teilnahme verdient, denn die Veranstalter hatten ein interessantes Programm &hellip; <a href=\"https:\/\/bambus-deutschland.de\/index.php\/beispiel-seite\/weitere-bambus-organisationen\/internationales-treffen-der-ebs-2008-in-frankreich\/\" class=\"more-link\"><span class=\"screen-reader-text\">Europ\u00e4isches Treffen der EBS 2008 in Frankreich<\/span> weiterlesen <span class=\"meta-nav\">&rarr;<\/span><\/a><\/p>\n","protected":false},"author":6,"featured_media":0,"parent":275,"menu_order":0,"comment_status":"closed","ping_status":"closed","template":"","meta":{"iawp_total_views":11,"footnotes":""},"class_list":["post-356","page","type-page","status-publish","hentry"],"_links":{"self":[{"href":"https:\/\/bambus-deutschland.de\/index.php\/wp-json\/wp\/v2\/pages\/356","targetHints":{"allow":["GET"]}}],"collection":[{"href":"https:\/\/bambus-deutschland.de\/index.php\/wp-json\/wp\/v2\/pages"}],"about":[{"href":"https:\/\/bambus-deutschland.de\/index.php\/wp-json\/wp\/v2\/types\/page"}],"author":[{"embeddable":true,"href":"https:\/\/bambus-deutschland.de\/index.php\/wp-json\/wp\/v2\/users\/6"}],"replies":[{"embeddable":true,"href":"https:\/\/bambus-deutschland.de\/index.php\/wp-json\/wp\/v2\/comments?post=356"}],"version-history":[{"count":6,"href":"https:\/\/bambus-deutschland.de\/index.php\/wp-json\/wp\/v2\/pages\/356\/revisions"}],"predecessor-version":[{"id":848,"href":"https:\/\/bambus-deutschland.de\/index.php\/wp-json\/wp\/v2\/pages\/356\/revisions\/848"}],"up":[{"embeddable":true,"href":"https:\/\/bambus-deutschland.de\/index.php\/wp-json\/wp\/v2\/pages\/275"}],"wp:attachment":[{"href":"https:\/\/bambus-deutschland.de\/index.php\/wp-json\/wp\/v2\/media?parent=356"}],"curies":[{"name":"wp","href":"https:\/\/api.w.org\/{rel}","templated":true}]}}

Europäisches Treffen der EBS 2008 in Frankreich

<figure id="attachment_358" aria-describedby="caption-attachment-358" style="width: 460px" class="wp-caption aligncenter"><img loading="lazy" decoding="async" class="wp-image-358 size-full" src="https://ebs-d-de.prossl.de/wordpress/wordpress/wp-content/uploads/2016/12/ebs-treffen-2008-6.jpg" width="460" height="348" srcset="https://bambus-deutschland.de/wp-content/uploads/2016/12/ebs-treffen-2008-6.jpg 460w, https://bambus-deutschland.de/wp-content/uploads/2016/12/ebs-treffen-2008-6-300x227.jpg 300w" sizes="auto, (max-width: 460px) 100vw, 460px" /><figcaption id="caption-attachment-358" class="wp-caption-text">Ein eindrucksvoller Phyllostachys-Hain in der Nähe von Le Buisson</figcaption></figure>
<p>Der Bambusgarten Jardin de Planbuisson von Michel Bonfils war diesmal der Veranstaltungsort. Neben den AEB-Mitgliedern aus Frankreich waren Mitglieder aus den Sektionen von Belgien, Italien und der Schweiz gekommen, aus USA war Suzanne Lucas dabei, von EBS-D war ich allerdings der einzige Teilnehmer.</p>
<figure id="attachment_361" aria-describedby="caption-attachment-361" style="width: 460px" class="wp-caption aligncenter"><img loading="lazy" decoding="async" class="wp-image-361 size-full" src="https://ebs-d-de.prossl.de/wordpress/wordpress/wp-content/uploads/2016/12/ebs-treffen-2008-1.jpg" alt="Michel Bonfils führt sachkundig durch den Jardin de Planbuisson" width="460" height="397" srcset="https://bambus-deutschland.de/wp-content/uploads/2016/12/ebs-treffen-2008-1.jpg 460w, https://bambus-deutschland.de/wp-content/uploads/2016/12/ebs-treffen-2008-1-300x259.jpg 300w" sizes="auto, (max-width: 460px) 100vw, 460px" /><figcaption id="caption-attachment-361" class="wp-caption-text">Michel Bonfils führt sachkundig durch den Jardin de Planbuisson</figcaption></figure>
<p>Dabei hätte die Veranstaltung eine stärkere Teilnahme verdient, denn die Veranstalter hatten ein interessantes Programm zusammengestellt. Am ersten Tag war der Vormittag mit Vorträgen ausgefüllt, dafür waren wir uns im örtlichen Kino versammelt. Nachdem die Vetreter der EBS-Sektionen über ihre Aktivitäten berichtet hatten, stellte Lorenzo Bar seine Arbeiten vor: Landschaftsbauprojekte und der Einsatz von Bambus als Baustoff für Skulpturen, Pergolen und im Messebau. Suzanne Lucas ging kurz auf die drei in den USA heimischen Bambusarten ein und stellte ihre Garten- und Landschaftsbauprojekte vor, mit vielen Fotos der fertigen Umsetzungen.</p>
<p>Der Experte für die Identifikation von Bambusarten, Jean Pierre Démoly, berichtete mit vielen Fotos über die Bambusflora Chiles, d.h. die dort vorkommenden Chusqueen.</p>
<p>Gleich zwei Beiträge kamen von Michel Davo. Er berichtete mit sehr guten Fotos über die Bambusse in der Küstenregion südlich von Sao Paulo in Brasilien. Sein zweiter Beitrag führte uns nach Thailand, zu den Bambussen im Park von Khao Sok.</p>
<p>Michel Abadie hatte sich ein ungewöhnliches Thema gewählt: Bambus als Material der Flugpioniere. Von den ersten Hängegleitern über den Motorflug, von Luftschiffen bis zum Drachenbau spannte sich der Bogen dieses faszinierenden Blickwinkels auf unsere Lieblingsgräser.</p>
<figure id="attachment_359" aria-describedby="caption-attachment-359" style="width: 124px" class="wp-caption alignright"><img loading="lazy" decoding="async" class="size-full wp-image-359" src="https://ebs-d-de.prossl.de/wordpress/wordpress/wp-content/uploads/2016/12/ebs-treffen-2008-4.jpg" alt="Phyllostachys pubescens 'Bicolor'" width="124" height="225" /><figcaption id="caption-attachment-359" class="wp-caption-text">Phyllostachys pubescens ‘Bicolor’</figcaption></figure>
<p>Bei strahlendem Sonnenschein zeigte sich am Nachmittag der Bambusgarten Jardin de Planbuisson. Nach einer Einführung vom Gartenbauexperten De Reze, dem Inhaber von Rezo-Plant, und Erläuterungen zur Entwicklung des Gartens von Michel Bonfils konnten wir stundenlang auf den mit Walnussschalen ausgelegten Wegen staunend von Hain zu Hain gehen, die aus anderen südfranzösischen Bambusgärten bekannten riesengroßen Halme mit entsprechend gut ausgeprägter Färbung und Zeichnung machen diesen Garten für mich zu einem der besten in Frankreich.</p>
<p>Fargesienfreunde werden im warmen Klima der Dordogne nicht auf ihre Kosten kommen, ein Beet im Schatten des 8 Meter hohen Ph.-violascens-Hains zeigt weniger als ein Dutzend Pflanzen dieser Gattung, aber alle großen Phyllostachysarten, einige Chusqueen und andere große Arten, sind als prächtige Exemplare vorhanden. Ein Musiker zeigte Perkussionsinstrumente aus Bambus und lud zum Mitspielen ein, es gab eine Ausstellung mit Kunsthandwerk aus Bambus. Gilbert Leffond erklärte, wie man Bambuslibellen baut.</p>
<figure id="attachment_360" aria-describedby="caption-attachment-360" style="width: 225px" class="wp-caption aligncenter"><img loading="lazy" decoding="async" class="size-full wp-image-360" src="https://ebs-d-de.prossl.de/wordpress/wordpress/wp-content/uploads/2016/12/ebs-treffen-2008-3.jpg" alt="Eindrucksvolle junge Halme von Phyllostachys pubescens werden abgelichtet" width="225" height="166" /><figcaption id="caption-attachment-360" class="wp-caption-text">Eindrucksvolle junge Halme von Phyllostachys pubescens werden abgelichtet</figcaption></figure>
<p>Letzter Programmpunkt des ersten Tages war eine Pflanzen-Versteigerung. Die gespendeten Pflanzen waren dem Anlass angemessen, meist gut ausgesuchte Seltenheiten. Für einige Exemplare wusste selbst Herr Démoly nur vorläufige Namen. Wegen der Seltenheit vieler angebotenen Pflanzen, sicher aber auch, weil der Erlös an die AEB ging, kamen sehr hohe Gebote zustande.</p>
<p>Es gehört zwar nicht zum Thema Bambus, aber ein sehr wesentlicher Teil des Programms muss erwähnt werden: das Essen. Das Périgord ist berühmt z.B. für Geflügel und Trüffel, und unsere Gastgeber hatten eine sehr gute Wahl getroffen unter den regionalen Köstlichkeiten aus Küche und Keller. Schon die Vorabendveranstaltung, zu der bereits ca. 45 Teilnehmer angereist waren, begann mit einem tollen Menü, und durch die nächsten beiden Tage ging das auf hohem Niveau immer so weiter, und nie ohne einen passenden Wein.</p>
<figure id="attachment_358-2" aria-describedby="caption-attachment-358-2" style="width: 460px" class="wp-caption alignnone"><img loading="lazy" decoding="async" class="wp-image-358 size-full" src="https://ebs-d-de.prossl.de/wordpress/wordpress/wp-content/uploads/2016/12/ebs-treffen-2008-6.jpg" alt="Ein eindrucksvoller Phyllostachys-Hain in der Nähe von Le Buisson" width="460" height="348" srcset="https://bambus-deutschland.de/wp-content/uploads/2016/12/ebs-treffen-2008-6.jpg 460w, https://bambus-deutschland.de/wp-content/uploads/2016/12/ebs-treffen-2008-6-300x227.jpg 300w" sizes="auto, (max-width: 460px) 100vw, 460px" /><figcaption id="caption-attachment-358-2" class="wp-caption-text">Ein eindrucksvoller Phyllostachys-Hain in der Nähe von Le Buisson</figcaption></figure>
<p>Am zweiten Tag sahen wir uns vormittags in einem privaten Garten im einem Nachbarort einen Phyllostachys-Solitär von 18m Höhe an, danach ging es &#8222;in die Wildnis&#8220;, zu einem Ph-viridiglaucescens-Hain, der schon viele Jahre wild am Ufer der Dordogne wächst. Das letzte Ziel des Treffens war die Firma Rezo-Plant, einem mit der belgischen Firma Oprins verbundenen Produktionsbetrieb für riesige Stückzahlen von Bambuspflanzen. Hier werden im Unterschied zum belgischen Standort z.B. Fargesien als größere Pflanzen produziert, daneben auch viele andere der ca. 100 hier produzierten Bambusarten, in Topfgrößen zwischen 5 und 150 Liter.</p>
<p>Das interessante Programm, der sehr sehenswerten Schaugarten, der Besuch bei Rezo-Plant und die gute Organisation der ganzen Veranstaltung &#8211; das allein bringt mich schon zu dem Fazit, dass sich der Weg an die Dordogne sehr gelohnt hat. Genauso wichtig finde ich aber, dass ich viele der Bambusfreunde von den anderen Sektionen dabei wiedersehen konnte, die ich bei unserem Treffen in Frankfurt vor zwei Jahren und bei anderen Besuchen kennengelernt hatte. Diese Gespräche, die man mit keinem Veranstaltungsprogramm im Voraus planen kann, sind mindestens ebenso wichtig wie das eigentliche Programm. Deshalb steht für mich auch jetzt schon fest: beim nächsten internationalen Treffen der EBS, in 2010 in der Schweiz, werde ich auf jeden Fall wieder dabei sein.</p>

<p>Der Bambusgarten Jardin de Planbuisson von Michel Bonfils war diesmal der Veranstaltungsort. Neben den AEB-Mitgliedern aus Frankreich waren Mitglieder aus den Sektionen von Belgien, Italien und der Schweiz gekommen, aus USA war Suzanne Lucas dabei, von EBS-D war ich allerdings der einzige Teilnehmer. Dabei hätte die Veranstaltung eine stärkere Teilnahme verdient, denn die Veranstalter hatten ein interessantes Programm &hellip; <a href="https://bambus-deutschland.de/index.php/beispiel-seite/weitere-bambus-organisationen/internationales-treffen-der-ebs-2008-in-frankreich/" class="more-link"><span class="screen-reader-text">Europäisches Treffen der EBS 2008 in Frankreich</span> weiterlesen <span class="meta-nav">&rarr;</span></a></p>
