{"id":3661,"date":"2020-10-13T22:17:05","date_gmt":"2020-10-13T20:17:05","guid":{"rendered":"https:\/\/bambus-deutschland.de\/?page_id=3661"},"modified":"2020-10-13T22:37:49","modified_gmt":"2020-10-13T20:37:49","slug":"phyllostachys-iridescens","status":"publish","type":"page","link":"https:\/\/bambus-deutschland.de\/index.php\/arten-und-sorten\/phyllostachys\/phyllostachys-iridescens\/","title":{"rendered":"Phyllostachys iridescens"},"content":{"rendered":"<h5><strong><em>Phyllostachys iridescens<\/em><\/strong> <span id=\"likeBadge\"><\/span><\/h5>\n<div><strong>H\u00f6he:<\/strong> Teilweise \u00fcber 10 m.<\/div>\n<div><strong>Halme:<\/strong> Bis 7 cm \u00d8, anfangs blau-grau bemehlt, sp\u00e4ter gr\u00fcn mit unterschiedlich breiten gelben Streifen, die im Alter bis br\u00e4unlich ausf\u00e4rben, wenig hervorgehobener Nodienring, Internodien im unteren Bereich oftmals gestaucht.<\/div>\n<div><strong>Bl\u00e4tter:<\/strong> 8-17 cm lang und bis 2 cm breit.<\/div>\n<div><strong>Halmscheiden:<\/strong> Dunkel rotbraun mit schwarzbraunen Sprenkeln. Die Spreite an den Halmscheiden von dicken Halmen zeigen eine typische Regenbogenf\u00e4rbung.<\/div>\n<div><strong>Wuchs<\/strong>: Sehr w\u00fcchsig, aufrecht, Spitze \u00fcberh\u00e4ngend, Anfangs wenig Ausbreitungsdrang, jedoch im Alter kr\u00e4ftige Ausl\u00e4ufer, vertr\u00e4gt keine N\u00e4sse.<\/div>\n<div><strong>Winterh\u00e4rte: <\/strong>Etwa -18 \u00b0C bis -21\u00b0C.<\/div>\n<div><strong>Standort:<\/strong> Sonnig-halbschatten, gesch\u00fctzt.<\/div>\n<div><strong>Platzbedarf:<\/strong> Mit Rhizomsperre ab 6 m\u00b2.<\/div>\n<div><strong>Verwendung:<\/strong> Solit\u00e4r, Hain<\/div>\n<div><strong>Herkunft:<\/strong> China, in Anhui, Jiangsu und Zhejiang in Kultur.<\/div>\n<p><strong>Bemerkungen:<\/strong> Kann aufgrund der Halmzeichnung mit <em>Phyllostachys <\/em><em>violascens<\/em> verwechselt werden und ist daher auch gelegentlich unter diesem Namen im Handel. Es existieren unterschiedliche Klone, die sich vor allem in der Streifung der Halme unterscheiden. M\u00f6glicherweise gibt es auch klonale Variabilit\u00e4t bei anderen Merkmalen wie Winterh\u00e4rte oder Ausbreitungsdrang. Eine der w\u00fcchsigsten Bambusarten in Mitteleuropa.<\/p>\n<div id='gallery-1' class='gallery galleryid-3661 gallery-columns-3 gallery-size-thumbnail'><figure class='gallery-item'>\n\t\t\t<div class='gallery-icon portrait'>\n\t\t\t\t<a href='https:\/\/bambus-deutschland.de\/wp-content\/uploads\/2020\/10\/Phyllostachys-iridescens-P1100731.jpg' title=\"Phyllostachys iridescens Spross (Foto: Ute Au\u00dfem)\" data-rl_title=\"Phyllostachys iridescens Spross (Foto: Ute Au\u00dfem)\" class=\"rl-gallery-link\" data-rl_caption=\"\" data-rel=\"lightbox-gallery-1\"><img loading=\"lazy\" decoding=\"async\" width=\"150\" height=\"150\" src=\"https:\/\/bambus-deutschland.de\/wp-content\/uploads\/2020\/10\/Phyllostachys-iridescens-P1100731-150x150.jpg\" class=\"attachment-thumbnail size-thumbnail\" alt=\"\" aria-describedby=\"gallery-1-3664\" \/><\/a>\n\t\t\t<\/div>\n\t\t\t\t<figcaption class='wp-caption-text gallery-caption' id='gallery-1-3664'>\n\t\t\t\tPhyllostachys iridescens Spross (Foto: Ute Au\u00dfem)\n\t\t\t\t<\/figcaption><\/figure><figure class='gallery-item'>\n\t\t\t<div class='gallery-icon portrait'>\n\t\t\t\t<a href='https:\/\/bambus-deutschland.de\/wp-content\/uploads\/2020\/10\/Kunz_Daniel_Austrieb_iridescens_DSC_4124s4-scaled.jpg' title=\"Phyllostachys iridescens (Foto: Daniel Kunz)\" data-rl_title=\"Phyllostachys iridescens (Foto: Daniel Kunz)\" class=\"rl-gallery-link\" data-rl_caption=\"\" data-rel=\"lightbox-gallery-1\"><img loading=\"lazy\" decoding=\"async\" width=\"150\" height=\"150\" src=\"https:\/\/bambus-deutschland.de\/wp-content\/uploads\/2020\/10\/Kunz_Daniel_Austrieb_iridescens_DSC_4124s4-150x150.jpg\" class=\"attachment-thumbnail size-thumbnail\" alt=\"\" aria-describedby=\"gallery-1-3666\" \/><\/a>\n\t\t\t<\/div>\n\t\t\t\t<figcaption class='wp-caption-text gallery-caption' id='gallery-1-3666'>\n\t\t\t\tPhyllostachys iridescens (Foto: Daniel Kunz)\n\t\t\t\t<\/figcaption><\/figure><figure class='gallery-item'>\n\t\t\t<div class='gallery-icon portrait'>\n\t\t\t\t<a href='https:\/\/bambus-deutschland.de\/wp-content\/uploads\/2020\/10\/Aussem_Ute_iridescens_P1030408.jpg' title=\"Phyllostachys iridescens Hain im Arboretum Bokrijk (Foto: Ute Au\u00dfem)\" data-rl_title=\"Phyllostachys iridescens Hain im Arboretum Bokrijk (Foto: Ute Au\u00dfem)\" class=\"rl-gallery-link\" data-rl_caption=\"\" data-rel=\"lightbox-gallery-1\"><img loading=\"lazy\" decoding=\"async\" width=\"150\" height=\"150\" src=\"https:\/\/bambus-deutschland.de\/wp-content\/uploads\/2020\/10\/Aussem_Ute_iridescens_P1030408-150x150.jpg\" class=\"attachment-thumbnail size-thumbnail\" alt=\"\" aria-describedby=\"gallery-1-3665\" \/><\/a>\n\t\t\t<\/div>\n\t\t\t\t<figcaption class='wp-caption-text gallery-caption' id='gallery-1-3665'>\n\t\t\t\tPhyllostachys iridescens Hain im Arboretum Bokrijk (Foto: Ute Au\u00dfem)\n\t\t\t\t<\/figcaption><\/figure><figure class='gallery-item'>\n\t\t\t<div class='gallery-icon portrait'>\n\t\t\t\t<a href='https:\/\/bambus-deutschland.de\/wp-content\/uploads\/2020\/10\/Aussem_Ute_iridescens_P1000510-scaled.jpg' title=\"Phyllostachys iridescens (Foto: Ute Au\u00dfem)\" data-rl_title=\"Phyllostachys iridescens (Foto: Ute Au\u00dfem)\" class=\"rl-gallery-link\" data-rl_caption=\"\" data-rel=\"lightbox-gallery-1\"><img loading=\"lazy\" decoding=\"async\" width=\"150\" height=\"150\" src=\"https:\/\/bambus-deutschland.de\/wp-content\/uploads\/2020\/10\/Aussem_Ute_iridescens_P1000510-150x150.jpg\" class=\"attachment-thumbnail size-thumbnail\" alt=\"\" aria-describedby=\"gallery-1-3670\" \/><\/a>\n\t\t\t<\/div>\n\t\t\t\t<figcaption class='wp-caption-text gallery-caption' id='gallery-1-3670'>\n\t\t\t\tPhyllostachys iridescens (Foto: Ute Au\u00dfem)\n\t\t\t\t<\/figcaption><\/figure><figure class='gallery-item'>\n\t\t\t<div class='gallery-icon landscape'>\n\t\t\t\t<a href='https:\/\/bambus-deutschland.de\/wp-content\/uploads\/2020\/10\/iridescens-P1000520-scaled.jpg' title=\"Phyllostachys iridescens (Foto: Ute Au\u00dfem)\" data-rl_title=\"Phyllostachys iridescens (Foto: Ute Au\u00dfem)\" class=\"rl-gallery-link\" data-rl_caption=\"\" data-rel=\"lightbox-gallery-1\"><img loading=\"lazy\" decoding=\"async\" width=\"150\" height=\"150\" src=\"https:\/\/bambus-deutschland.de\/wp-content\/uploads\/2020\/10\/iridescens-P1000520-150x150.jpg\" class=\"attachment-thumbnail size-thumbnail\" alt=\"\" aria-describedby=\"gallery-1-3669\" \/><\/a>\n\t\t\t<\/div>\n\t\t\t\t<figcaption class='wp-caption-text gallery-caption' id='gallery-1-3669'>\n\t\t\t\tPhyllostachys iridescens (Foto: Ute Au\u00dfem)\n\t\t\t\t<\/figcaption><\/figure><figure class='gallery-item'>\n\t\t\t<div class='gallery-icon portrait'>\n\t\t\t\t<a href='https:\/\/bambus-deutschland.de\/wp-content\/uploads\/2020\/10\/Kunz_Daniel_Austrieb_Iridescens_plus_Platz_5-scaled.jpg' title=\"Phyllostachys iridescens (Foto: Daniel Kunz)\" data-rl_title=\"Phyllostachys iridescens (Foto: Daniel Kunz)\" class=\"rl-gallery-link\" data-rl_caption=\"\" data-rel=\"lightbox-gallery-1\"><img loading=\"lazy\" decoding=\"async\" width=\"150\" height=\"150\" src=\"https:\/\/bambus-deutschland.de\/wp-content\/uploads\/2020\/10\/Kunz_Daniel_Austrieb_Iridescens_plus_Platz_5-150x150.jpg\" class=\"attachment-thumbnail size-thumbnail\" alt=\"\" aria-describedby=\"gallery-1-3671\" \/><\/a>\n\t\t\t<\/div>\n\t\t\t\t<figcaption class='wp-caption-text gallery-caption' id='gallery-1-3671'>\n\t\t\t\tPhyllostachys iridescens (Foto: Daniel Kunz)\n\t\t\t\t<\/figcaption><\/figure><figure class='gallery-item'>\n\t\t\t<div class='gallery-icon portrait'>\n\t\t\t\t<a href='https:\/\/bambus-deutschland.de\/wp-content\/uploads\/2020\/10\/iridescens-P1000521.jpg' title=\"Phyllostachys iridescens (Foto: Ute Au\u00dfem)\" data-rl_title=\"Phyllostachys iridescens (Foto: Ute Au\u00dfem)\" class=\"rl-gallery-link\" data-rl_caption=\"\" data-rel=\"lightbox-gallery-1\"><img loading=\"lazy\" decoding=\"async\" width=\"150\" height=\"150\" src=\"https:\/\/bambus-deutschland.de\/wp-content\/uploads\/2020\/10\/iridescens-P1000521-150x150.jpg\" class=\"attachment-thumbnail size-thumbnail\" alt=\"\" aria-describedby=\"gallery-1-3668\" \/><\/a>\n\t\t\t<\/div>\n\t\t\t\t<figcaption class='wp-caption-text gallery-caption' id='gallery-1-3668'>\n\t\t\t\tPhyllostachys iridescens (Foto: Ute Au\u00dfem)\n\t\t\t\t<\/figcaption><\/figure>\n\t\t<\/div>\n\n","protected":false},"excerpt":{"rendered":"<p>Phyllostachys iridescens H\u00f6he: Teilweise \u00fcber 10 m. Halme: Bis 7 cm \u00d8, anfangs blau-grau bemehlt, sp\u00e4ter gr\u00fcn mit unterschiedlich breiten gelben Streifen, die im Alter bis br\u00e4unlich ausf\u00e4rben, wenig hervorgehobener Nodienring, Internodien im unteren Bereich oftmals gestaucht. Bl\u00e4tter: 8-17 cm lang und bis 2 cm breit. Halmscheiden: Dunkel rotbraun mit schwarzbraunen Sprenkeln. Die Spreite an &hellip; <a href=\"https:\/\/bambus-deutschland.de\/index.php\/arten-und-sorten\/phyllostachys\/phyllostachys-iridescens\/\" class=\"more-link\"><span class=\"screen-reader-text\">Phyllostachys iridescens<\/span> weiterlesen <span class=\"meta-nav\">&rarr;<\/span><\/a><\/p>\n","protected":false},"author":6,"featured_media":0,"parent":2900,"menu_order":0,"comment_status":"closed","ping_status":"closed","template":"","meta":{"iawp_total_views":194,"footnotes":""},"class_list":["post-3661","page","type-page","status-publish","hentry"],"_links":{"self":[{"href":"https:\/\/bambus-deutschland.de\/index.php\/wp-json\/wp\/v2\/pages\/3661","targetHints":{"allow":["GET"]}}],"collection":[{"href":"https:\/\/bambus-deutschland.de\/index.php\/wp-json\/wp\/v2\/pages"}],"about":[{"href":"https:\/\/bambus-deutschland.de\/index.php\/wp-json\/wp\/v2\/types\/page"}],"author":[{"embeddable":true,"href":"https:\/\/bambus-deutschland.de\/index.php\/wp-json\/wp\/v2\/users\/6"}],"replies":[{"embeddable":true,"href":"https:\/\/bambus-deutschland.de\/index.php\/wp-json\/wp\/v2\/comments?post=3661"}],"version-history":[{"count":5,"href":"https:\/\/bambus-deutschland.de\/index.php\/wp-json\/wp\/v2\/pages\/3661\/revisions"}],"predecessor-version":[{"id":3680,"href":"https:\/\/bambus-deutschland.de\/index.php\/wp-json\/wp\/v2\/pages\/3661\/revisions\/3680"}],"up":[{"embeddable":true,"href":"https:\/\/bambus-deutschland.de\/index.php\/wp-json\/wp\/v2\/pages\/2900"}],"wp:attachment":[{"href":"https:\/\/bambus-deutschland.de\/index.php\/wp-json\/wp\/v2\/media?parent=3661"}],"curies":[{"name":"wp","href":"https:\/\/api.w.org\/{rel}","templated":true}]}}

<h5><strong><em>Phyllostachys iridescens</em></strong> <span id="likeBadge"></span></h5>
<div><strong>Höhe:</strong> Teilweise über 10 m.</div>
<div><strong>Halme:</strong> Bis 7 cm Ø, anfangs blau-grau bemehlt, später grün mit unterschiedlich breiten gelben Streifen, die im Alter bis bräunlich ausfärben, wenig hervorgehobener Nodienring, Internodien im unteren Bereich oftmals gestaucht.</div>
<div><strong>Blätter:</strong> 8-17 cm lang und bis 2 cm breit.</div>
<div><strong>Halmscheiden:</strong> Dunkel rotbraun mit schwarzbraunen Sprenkeln. Die Spreite an den Halmscheiden von dicken Halmen zeigen eine typische Regenbogenfärbung.</div>
<div><strong>Wuchs</strong>: Sehr wüchsig, aufrecht, Spitze überhängend, Anfangs wenig Ausbreitungsdrang, jedoch im Alter kräftige Ausläufer, verträgt keine Nässe.</div>
<div><strong>Winterhärte: </strong>Etwa -18 °C bis -21°C.</div>
<div><strong>Standort:</strong> Sonnig-halbschatten, geschützt.</div>
<div><strong>Platzbedarf:</strong> Mit Rhizomsperre ab 6 m².</div>
<div><strong>Verwendung:</strong> Solitär, Hain</div>
<div><strong>Herkunft:</strong> China, in Anhui, Jiangsu und Zhejiang in Kultur.</div>
<p><strong>Bemerkungen:</strong> Kann aufgrund der Halmzeichnung mit <em>Phyllostachys </em><em>violascens</em> verwechselt werden und ist daher auch gelegentlich unter diesem Namen im Handel. Es existieren unterschiedliche Klone, die sich vor allem in der Streifung der Halme unterscheiden. Möglicherweise gibt es auch klonale Variabilität bei anderen Merkmalen wie Winterhärte oder Ausbreitungsdrang. Eine der wüchsigsten Bambusarten in Mitteleuropa.</p>
<div id='gallery-1' class='gallery galleryid-3661 gallery-columns-3 gallery-size-thumbnail'><figure class='gallery-item'>
			<div class='gallery-icon portrait'>
				<a href='https://bambus-deutschland.de/wp-content/uploads/2020/10/Phyllostachys-iridescens-P1100731.jpg' title="Phyllostachys iridescens Spross (Foto: Ute Außem)" data-rl_title="Phyllostachys iridescens Spross (Foto: Ute Außem)" class="rl-gallery-link" data-rl_caption="" data-rel="lightbox-gallery-1"><img loading="lazy" decoding="async" width="150" height="150" src="https://bambus-deutschland.de/wp-content/uploads/2020/10/Phyllostachys-iridescens-P1100731-150x150.jpg" class="attachment-thumbnail size-thumbnail" alt="" aria-describedby="gallery-1-3664" /></a>
			</div>
				<figcaption class='wp-caption-text gallery-caption' id='gallery-1-3664'>
				Phyllostachys iridescens Spross (Foto: Ute Außem)
				</figcaption></figure><figure class='gallery-item'>
			<div class='gallery-icon portrait'>
				<a href='https://bambus-deutschland.de/wp-content/uploads/2020/10/Kunz_Daniel_Austrieb_iridescens_DSC_4124s4-scaled.jpg' title="Phyllostachys iridescens (Foto: Daniel Kunz)" data-rl_title="Phyllostachys iridescens (Foto: Daniel Kunz)" class="rl-gallery-link" data-rl_caption="" data-rel="lightbox-gallery-1"><img loading="lazy" decoding="async" width="150" height="150" src="https://bambus-deutschland.de/wp-content/uploads/2020/10/Kunz_Daniel_Austrieb_iridescens_DSC_4124s4-150x150.jpg" class="attachment-thumbnail size-thumbnail" alt="" aria-describedby="gallery-1-3666" /></a>
			</div>
				<figcaption class='wp-caption-text gallery-caption' id='gallery-1-3666'>
				Phyllostachys iridescens (Foto: Daniel Kunz)
				</figcaption></figure><figure class='gallery-item'>
			<div class='gallery-icon portrait'>
				<a href='https://bambus-deutschland.de/wp-content/uploads/2020/10/Aussem_Ute_iridescens_P1030408.jpg' title="Phyllostachys iridescens Hain im Arboretum Bokrijk (Foto: Ute Außem)" data-rl_title="Phyllostachys iridescens Hain im Arboretum Bokrijk (Foto: Ute Außem)" class="rl-gallery-link" data-rl_caption="" data-rel="lightbox-gallery-1"><img loading="lazy" decoding="async" width="150" height="150" src="https://bambus-deutschland.de/wp-content/uploads/2020/10/Aussem_Ute_iridescens_P1030408-150x150.jpg" class="attachment-thumbnail size-thumbnail" alt="" aria-describedby="gallery-1-3665" /></a>
			</div>
				<figcaption class='wp-caption-text gallery-caption' id='gallery-1-3665'>
				Phyllostachys iridescens Hain im Arboretum Bokrijk (Foto: Ute Außem)
				</figcaption></figure><figure class='gallery-item'>
			<div class='gallery-icon portrait'>
				<a href='https://bambus-deutschland.de/wp-content/uploads/2020/10/Aussem_Ute_iridescens_P1000510-scaled.jpg' title="Phyllostachys iridescens (Foto: Ute Außem)" data-rl_title="Phyllostachys iridescens (Foto: Ute Außem)" class="rl-gallery-link" data-rl_caption="" data-rel="lightbox-gallery-1"><img loading="lazy" decoding="async" width="150" height="150" src="https://bambus-deutschland.de/wp-content/uploads/2020/10/Aussem_Ute_iridescens_P1000510-150x150.jpg" class="attachment-thumbnail size-thumbnail" alt="" aria-describedby="gallery-1-3670" /></a>
			</div>
				<figcaption class='wp-caption-text gallery-caption' id='gallery-1-3670'>
				Phyllostachys iridescens (Foto: Ute Außem)
				</figcaption></figure><figure class='gallery-item'>
			<div class='gallery-icon landscape'>
				<a href='https://bambus-deutschland.de/wp-content/uploads/2020/10/iridescens-P1000520-scaled.jpg' title="Phyllostachys iridescens (Foto: Ute Außem)" data-rl_title="Phyllostachys iridescens (Foto: Ute Außem)" class="rl-gallery-link" data-rl_caption="" data-rel="lightbox-gallery-1"><img loading="lazy" decoding="async" width="150" height="150" src="https://bambus-deutschland.de/wp-content/uploads/2020/10/iridescens-P1000520-150x150.jpg" class="attachment-thumbnail size-thumbnail" alt="" aria-describedby="gallery-1-3669" /></a>
			</div>
				<figcaption class='wp-caption-text gallery-caption' id='gallery-1-3669'>
				Phyllostachys iridescens (Foto: Ute Außem)
				</figcaption></figure><figure class='gallery-item'>
			<div class='gallery-icon portrait'>
				<a href='https://bambus-deutschland.de/wp-content/uploads/2020/10/Kunz_Daniel_Austrieb_Iridescens_plus_Platz_5-scaled.jpg' title="Phyllostachys iridescens (Foto: Daniel Kunz)" data-rl_title="Phyllostachys iridescens (Foto: Daniel Kunz)" class="rl-gallery-link" data-rl_caption="" data-rel="lightbox-gallery-1"><img loading="lazy" decoding="async" width="150" height="150" src="https://bambus-deutschland.de/wp-content/uploads/2020/10/Kunz_Daniel_Austrieb_Iridescens_plus_Platz_5-150x150.jpg" class="attachment-thumbnail size-thumbnail" alt="" aria-describedby="gallery-1-3671" /></a>
			</div>
				<figcaption class='wp-caption-text gallery-caption' id='gallery-1-3671'>
				Phyllostachys iridescens (Foto: Daniel Kunz)
				</figcaption></figure><figure class='gallery-item'>
			<div class='gallery-icon portrait'>
				<a href='https://bambus-deutschland.de/wp-content/uploads/2020/10/iridescens-P1000521.jpg' title="Phyllostachys iridescens (Foto: Ute Außem)" data-rl_title="Phyllostachys iridescens (Foto: Ute Außem)" class="rl-gallery-link" data-rl_caption="" data-rel="lightbox-gallery-1"><img loading="lazy" decoding="async" width="150" height="150" src="https://bambus-deutschland.de/wp-content/uploads/2020/10/iridescens-P1000521-150x150.jpg" class="attachment-thumbnail size-thumbnail" alt="" aria-describedby="gallery-1-3668" /></a>
			</div>
				<figcaption class='wp-caption-text gallery-caption' id='gallery-1-3668'>
				Phyllostachys iridescens (Foto: Ute Außem)
				</figcaption></figure>
		</div>

<p>Phyllostachys iridescens Höhe: Teilweise über 10 m. Halme: Bis 7 cm Ø, anfangs blau-grau bemehlt, später grün mit unterschiedlich breiten gelben Streifen, die im Alter bis bräunlich ausfärben, wenig hervorgehobener Nodienring, Internodien im unteren Bereich oftmals gestaucht. Blätter: 8-17 cm lang und bis 2 cm breit. Halmscheiden: Dunkel rotbraun mit schwarzbraunen Sprenkeln. Die Spreite an &hellip; <a href="https://bambus-deutschland.de/index.php/arten-und-sorten/phyllostachys/phyllostachys-iridescens/" class="more-link"><span class="screen-reader-text">Phyllostachys iridescens</span> weiterlesen <span class="meta-nav">&rarr;</span></a></p>
