{"id":3738,"date":"2020-10-15T21:22:22","date_gmt":"2020-10-15T19:22:22","guid":{"rendered":"https:\/\/bambus-deutschland.de\/?page_id=3738"},"modified":"2020-10-19T15:02:54","modified_gmt":"2020-10-19T13:02:54","slug":"phyllostachys-primotina","status":"publish","type":"page","link":"https:\/\/bambus-deutschland.de\/index.php\/arten-und-sorten\/phyllostachys\/phyllostachys-primotina\/","title":{"rendered":"Phyllostachys primotina"},"content":{"rendered":"<h5><strong><em>Phyllostachys primotina<\/em><\/strong> <span id=\"likeBadge\"><\/span><\/h5>\n<div><strong>H\u00f6he:<\/strong> Bis 8 m.<\/div>\n<div><strong>Halme: <\/strong>Bis 5 cm \u00d8, anfangs stark wei\u00df bemehlt besonders unterhalb der Nodien. Internodien etwa 25 &#8211; 30 cm lang.<\/div>\n<div><strong>Bl\u00e4tter:<\/strong> Bis 18 cm lang und meist unter 2 cm breit, daher f\u00fcr Phyllostachys auffallend l\u00e4nglich.<\/div>\n<div><strong>Halmscheiden:<\/strong> Rotbraun bis gr\u00fcnlich, mit wenigen Punkten.<\/div>\n<div><strong>Wuchs:<\/strong> Sehr w\u00fcchsig, aufrecht, Spitze leicht \u00fcberh\u00e4ngend.<\/div>\n<div><strong>Winterh\u00e4rte:\u00a0<\/strong> Die Herkunft l\u00e4\u00dft keine \u00fcberw\u00e4ltigende Winterh\u00e4rte erwarten (etwa -18 bis -20 \u00b0C), Erfahrungswerte f\u00fcr Mitteleuropa fehlen aber noch weitgehend.<\/div>\n<div><strong>Standort:<\/strong> Sonnig-halbschatten, gesch\u00fctzt.<\/div>\n<div><strong>Platzbedarf:<\/strong> Mit Rhizomsperre ab 6 m\u00b2.<\/div>\n<div><strong>Verwendung:<\/strong> Hain, Solit\u00e4r.<\/div>\n<div><strong>Herkunft<\/strong>: China, in Fujian und Zhejiang in Kultur.<\/div>\n<div><strong>Bemerkungen:<\/strong> Relativ neu eingef\u00fchrt, daher fehlen ausreichende Erfahrungen in Mitteleuropa. Nach der aktuellen Flora of China dieselbe Art wie <em>Phyllostachys incarnata<\/em>. Die z.Z. als <em>P. <\/em><em>primotina <\/em>und<em> P. incarnata<\/em> in Europa kultivierten Pflanzen sind aber recht wenig \u00e4hnlich.<\/div>\n<p>&nbsp;<\/p>\n<div id='gallery-1' class='gallery galleryid-3738 gallery-columns-3 gallery-size-thumbnail'><figure class='gallery-item'>\n\t\t\t<div class='gallery-icon portrait'>\n\t\t\t\t<a href='https:\/\/bambus-deutschland.de\/wp-content\/uploads\/2020\/10\/primotina-bei-Juergen-P1210566-scaled.jpg' title=\"Phyllostachys primotina bei J\u00fcrgen Schmitz (Foto: Ute Au\u00dfem)\" data-rl_title=\"Phyllostachys primotina bei J\u00fcrgen Schmitz (Foto: Ute Au\u00dfem)\" class=\"rl-gallery-link\" data-rl_caption=\"\" data-rel=\"lightbox-gallery-1\"><img loading=\"lazy\" decoding=\"async\" width=\"150\" height=\"150\" src=\"https:\/\/bambus-deutschland.de\/wp-content\/uploads\/2020\/10\/primotina-bei-Juergen-P1210566-150x150.jpg\" class=\"attachment-thumbnail size-thumbnail\" alt=\"\" aria-describedby=\"gallery-1-3741\" \/><\/a>\n\t\t\t<\/div>\n\t\t\t\t<figcaption class='wp-caption-text gallery-caption' id='gallery-1-3741'>\n\t\t\t\tPhyllostachys primotina bei J\u00fcrgen Schmitz (Foto: Ute Au\u00dfem)\n\t\t\t\t<\/figcaption><\/figure><figure class='gallery-item'>\n\t\t\t<div class='gallery-icon portrait'>\n\t\t\t\t<a href='https:\/\/bambus-deutschland.de\/wp-content\/uploads\/2020\/10\/primotina-bei-Juergen-P1210564-scaled.jpg' title=\"Phyllostachys primotina bei J\u00fcrgen Schmitz (Foto: Ute Au\u00dfem)\" data-rl_title=\"Phyllostachys primotina bei J\u00fcrgen Schmitz (Foto: Ute Au\u00dfem)\" class=\"rl-gallery-link\" data-rl_caption=\"\" data-rel=\"lightbox-gallery-1\"><img loading=\"lazy\" decoding=\"async\" width=\"150\" height=\"150\" src=\"https:\/\/bambus-deutschland.de\/wp-content\/uploads\/2020\/10\/primotina-bei-Juergen-P1210564-150x150.jpg\" class=\"attachment-thumbnail size-thumbnail\" alt=\"\" aria-describedby=\"gallery-1-3742\" \/><\/a>\n\t\t\t<\/div>\n\t\t\t\t<figcaption class='wp-caption-text gallery-caption' id='gallery-1-3742'>\n\t\t\t\tPhyllostachys primotina bei J\u00fcrgen Schmitz (Foto: Ute Au\u00dfem)\n\t\t\t\t<\/figcaption><\/figure><figure class='gallery-item'>\n\t\t\t<div class='gallery-icon portrait'>\n\t\t\t\t<a href='https:\/\/bambus-deutschland.de\/wp-content\/uploads\/2020\/10\/primotina-bei-Juergen-P1210561-scaled.jpg' title=\"Phyllostachys primotina bei J\u00fcrgen Schmitz (Foto: Ute Au\u00dfem)\" data-rl_title=\"Phyllostachys primotina bei J\u00fcrgen Schmitz (Foto: Ute Au\u00dfem)\" class=\"rl-gallery-link\" data-rl_caption=\"\" data-rel=\"lightbox-gallery-1\"><img loading=\"lazy\" decoding=\"async\" width=\"150\" height=\"150\" src=\"https:\/\/bambus-deutschland.de\/wp-content\/uploads\/2020\/10\/primotina-bei-Juergen-P1210561-150x150.jpg\" class=\"attachment-thumbnail size-thumbnail\" alt=\"\" aria-describedby=\"gallery-1-3740\" \/><\/a>\n\t\t\t<\/div>\n\t\t\t\t<figcaption class='wp-caption-text gallery-caption' id='gallery-1-3740'>\n\t\t\t\tPhyllostachys primotina bei J\u00fcrgen Schmitz (Foto: Ute Au\u00dfem)\n\t\t\t\t<\/figcaption><\/figure>\n\t\t<\/div>\n\n","protected":false},"excerpt":{"rendered":"<p>Phyllostachys primotina H\u00f6he: Bis 8 m. Halme: Bis 5 cm \u00d8, anfangs stark wei\u00df bemehlt besonders unterhalb der Nodien. Internodien etwa 25 &#8211; 30 cm lang. Bl\u00e4tter: Bis 18 cm lang und meist unter 2 cm breit, daher f\u00fcr Phyllostachys auffallend l\u00e4nglich. Halmscheiden: Rotbraun bis gr\u00fcnlich, mit wenigen Punkten. Wuchs: Sehr w\u00fcchsig, aufrecht, Spitze leicht &hellip; <a href=\"https:\/\/bambus-deutschland.de\/index.php\/arten-und-sorten\/phyllostachys\/phyllostachys-primotina\/\" class=\"more-link\"><span class=\"screen-reader-text\">Phyllostachys primotina<\/span> weiterlesen <span class=\"meta-nav\">&rarr;<\/span><\/a><\/p>\n","protected":false},"author":6,"featured_media":0,"parent":2900,"menu_order":0,"comment_status":"closed","ping_status":"closed","template":"","meta":{"iawp_total_views":66,"footnotes":""},"class_list":["post-3738","page","type-page","status-publish","hentry"],"_links":{"self":[{"href":"https:\/\/bambus-deutschland.de\/index.php\/wp-json\/wp\/v2\/pages\/3738","targetHints":{"allow":["GET"]}}],"collection":[{"href":"https:\/\/bambus-deutschland.de\/index.php\/wp-json\/wp\/v2\/pages"}],"about":[{"href":"https:\/\/bambus-deutschland.de\/index.php\/wp-json\/wp\/v2\/types\/page"}],"author":[{"embeddable":true,"href":"https:\/\/bambus-deutschland.de\/index.php\/wp-json\/wp\/v2\/users\/6"}],"replies":[{"embeddable":true,"href":"https:\/\/bambus-deutschland.de\/index.php\/wp-json\/wp\/v2\/comments?post=3738"}],"version-history":[{"count":5,"href":"https:\/\/bambus-deutschland.de\/index.php\/wp-json\/wp\/v2\/pages\/3738\/revisions"}],"predecessor-version":[{"id":3838,"href":"https:\/\/bambus-deutschland.de\/index.php\/wp-json\/wp\/v2\/pages\/3738\/revisions\/3838"}],"up":[{"embeddable":true,"href":"https:\/\/bambus-deutschland.de\/index.php\/wp-json\/wp\/v2\/pages\/2900"}],"wp:attachment":[{"href":"https:\/\/bambus-deutschland.de\/index.php\/wp-json\/wp\/v2\/media?parent=3738"}],"curies":[{"name":"wp","href":"https:\/\/api.w.org\/{rel}","templated":true}]}}

<h5><strong><em>Phyllostachys primotina</em></strong> <span id="likeBadge"></span></h5>
<div><strong>Höhe:</strong> Bis 8 m.</div>
<div><strong>Halme: </strong>Bis 5 cm Ø, anfangs stark weiß bemehlt besonders unterhalb der Nodien. Internodien etwa 25 &#8211; 30 cm lang.</div>
<div><strong>Blätter:</strong> Bis 18 cm lang und meist unter 2 cm breit, daher für Phyllostachys auffallend länglich.</div>
<div><strong>Halmscheiden:</strong> Rotbraun bis grünlich, mit wenigen Punkten.</div>
<div><strong>Wuchs:</strong> Sehr wüchsig, aufrecht, Spitze leicht überhängend.</div>
<div><strong>Winterhärte: </strong> Die Herkunft läßt keine überwältigende Winterhärte erwarten (etwa -18 bis -20 °C), Erfahrungswerte für Mitteleuropa fehlen aber noch weitgehend.</div>
<div><strong>Standort:</strong> Sonnig-halbschatten, geschützt.</div>
<div><strong>Platzbedarf:</strong> Mit Rhizomsperre ab 6 m².</div>
<div><strong>Verwendung:</strong> Hain, Solitär.</div>
<div><strong>Herkunft</strong>: China, in Fujian und Zhejiang in Kultur.</div>
<div><strong>Bemerkungen:</strong> Relativ neu eingeführt, daher fehlen ausreichende Erfahrungen in Mitteleuropa. Nach der aktuellen Flora of China dieselbe Art wie <em>Phyllostachys incarnata</em>. Die z.Z. als <em>P. </em><em>primotina </em>und<em> P. incarnata</em> in Europa kultivierten Pflanzen sind aber recht wenig ähnlich.</div>
<p>&nbsp;</p>
<div id='gallery-1' class='gallery galleryid-3738 gallery-columns-3 gallery-size-thumbnail'><figure class='gallery-item'>
			<div class='gallery-icon portrait'>
				<a href='https://bambus-deutschland.de/wp-content/uploads/2020/10/primotina-bei-Juergen-P1210566-scaled.jpg' title="Phyllostachys primotina bei Jürgen Schmitz (Foto: Ute Außem)" data-rl_title="Phyllostachys primotina bei Jürgen Schmitz (Foto: Ute Außem)" class="rl-gallery-link" data-rl_caption="" data-rel="lightbox-gallery-1"><img loading="lazy" decoding="async" width="150" height="150" src="https://bambus-deutschland.de/wp-content/uploads/2020/10/primotina-bei-Juergen-P1210566-150x150.jpg" class="attachment-thumbnail size-thumbnail" alt="" aria-describedby="gallery-1-3741" /></a>
			</div>
				<figcaption class='wp-caption-text gallery-caption' id='gallery-1-3741'>
				Phyllostachys primotina bei Jürgen Schmitz (Foto: Ute Außem)
				</figcaption></figure><figure class='gallery-item'>
			<div class='gallery-icon portrait'>
				<a href='https://bambus-deutschland.de/wp-content/uploads/2020/10/primotina-bei-Juergen-P1210564-scaled.jpg' title="Phyllostachys primotina bei Jürgen Schmitz (Foto: Ute Außem)" data-rl_title="Phyllostachys primotina bei Jürgen Schmitz (Foto: Ute Außem)" class="rl-gallery-link" data-rl_caption="" data-rel="lightbox-gallery-1"><img loading="lazy" decoding="async" width="150" height="150" src="https://bambus-deutschland.de/wp-content/uploads/2020/10/primotina-bei-Juergen-P1210564-150x150.jpg" class="attachment-thumbnail size-thumbnail" alt="" aria-describedby="gallery-1-3742" /></a>
			</div>
				<figcaption class='wp-caption-text gallery-caption' id='gallery-1-3742'>
				Phyllostachys primotina bei Jürgen Schmitz (Foto: Ute Außem)
				</figcaption></figure><figure class='gallery-item'>
			<div class='gallery-icon portrait'>
				<a href='https://bambus-deutschland.de/wp-content/uploads/2020/10/primotina-bei-Juergen-P1210561-scaled.jpg' title="Phyllostachys primotina bei Jürgen Schmitz (Foto: Ute Außem)" data-rl_title="Phyllostachys primotina bei Jürgen Schmitz (Foto: Ute Außem)" class="rl-gallery-link" data-rl_caption="" data-rel="lightbox-gallery-1"><img loading="lazy" decoding="async" width="150" height="150" src="https://bambus-deutschland.de/wp-content/uploads/2020/10/primotina-bei-Juergen-P1210561-150x150.jpg" class="attachment-thumbnail size-thumbnail" alt="" aria-describedby="gallery-1-3740" /></a>
			</div>
				<figcaption class='wp-caption-text gallery-caption' id='gallery-1-3740'>
				Phyllostachys primotina bei Jürgen Schmitz (Foto: Ute Außem)
				</figcaption></figure>
		</div>

<p>Phyllostachys primotina Höhe: Bis 8 m. Halme: Bis 5 cm Ø, anfangs stark weiß bemehlt besonders unterhalb der Nodien. Internodien etwa 25 &#8211; 30 cm lang. Blätter: Bis 18 cm lang und meist unter 2 cm breit, daher für Phyllostachys auffallend länglich. Halmscheiden: Rotbraun bis grünlich, mit wenigen Punkten. Wuchs: Sehr wüchsig, aufrecht, Spitze leicht &hellip; <a href="https://bambus-deutschland.de/index.php/arten-und-sorten/phyllostachys/phyllostachys-primotina/" class="more-link"><span class="screen-reader-text">Phyllostachys primotina</span> weiterlesen <span class="meta-nav">&rarr;</span></a></p>
