{"id":3793,"date":"2020-10-17T20:27:44","date_gmt":"2020-10-17T18:27:44","guid":{"rendered":"https:\/\/bambus-deutschland.de\/?page_id=3793"},"modified":"2020-10-17T21:53:25","modified_gmt":"2020-10-17T19:53:25","slug":"phyllostachys-vivax-aureocaulis","status":"publish","type":"page","link":"https:\/\/bambus-deutschland.de\/index.php\/arten-und-sorten\/phyllostachys\/phyllostachys-vivax-aureocaulis\/","title":{"rendered":"Phyllostachys vivax \u2018Aureocaulis\u2019"},"content":{"rendered":"<h5><strong><em>Phyllostachys vivax<\/em> \u2018Aureocaulis\u2019 <\/strong> <span id=\"likeBadge\"><\/span><\/h5>\n<p><a href=\"https:\/\/bambus-deutschland.de\/index.php\/beispiel-seite\/bambus-des-jahres\/bambus-des-jahres-portraits\/phyllostachys-vivax-aureocaulis-bambus-des-jahres-2004\/\"><strong>Bambus des Jahres 2004<\/strong><\/a><\/p>\n<div><strong>H\u00f6he:<\/strong> 8 &#8211; 10 m.<\/div>\n<div><strong>Halme: <\/strong>Gelb mit einzelnen gr\u00fcnen Streifen (nicht im Sulcus), f\u00fchlbare Rillen, d\u00fcnnwandig, bis 75 mm Durchmesser.<\/div>\n<div><strong>Bl\u00e4tter:<\/strong> Gr\u00fcn, gro\u00df bis 20 cm lang und 2 cm breit.<\/div>\n<div><strong>Halmscheiden:<\/strong> Ockerfarben, braun bis schwarz, sehr gro\u00df.<\/div>\n<div><strong>Wuchs:<\/strong> Sehr stark, in den ersten Jahren viele schr\u00e4ge Halme, sp\u00e4ter Halme fast senkrecht.<\/div>\n<div><strong>Winterh\u00e4rte: <\/strong>Nicht immer zufriedenstellend (etwa -18\u00b0C) und etwas weniger winterhart als die <em>vivax<\/em>-Formen mit gr\u00fcnen Halmen.<\/div>\n<div><strong>Standort:<\/strong> Sonnig, windgesch\u00fctzt.<\/div>\n<div><strong>Platzbedarf:<\/strong> Durch den starken Wuchs und die enorme Rhizombildung, 20 m\u00b2.<\/div>\n<div><strong>Verwendung:<\/strong> Hain, (Solit\u00e4r).<\/div>\n<div><strong>Herkunft<\/strong>: Als Mutation etwa 1980 in Sichuan, China gefunden.<\/div>\n<p><strong>Bemerkungen:\u00a0<\/strong><em>Phyllostachys vivax<\/em> \u2018Aureocaulis\u2019 wurde durch die Mitglieder der EBS-D im Jahr 2004 zum ersten &#8222;Bambus des Jahres&#8220; gew\u00e4hlt.<\/p>\n<div id='gallery-1' class='gallery galleryid-3793 gallery-columns-3 gallery-size-thumbnail'><figure class='gallery-item'>\n\t\t\t<div class='gallery-icon portrait'>\n\t\t\t\t<a href='https:\/\/bambus-deutschland.de\/wp-content\/uploads\/2020\/10\/2._Platz_13_Christoph_Kuhlmann_Vivax-aureocaulis_Junghalm_mit_noch_reichlic_Entfaltungsmoeglichkeiten-scaled.jpg' title=\"Phyllostachys vivax &#039;Aureocaulis&#039; Sprosse (Foto: Christoph Kuhlmann)\" data-rl_title=\"Phyllostachys vivax &#039;Aureocaulis&#039; Sprosse (Foto: Christoph Kuhlmann)\" class=\"rl-gallery-link\" data-rl_caption=\"\" data-rel=\"lightbox-gallery-1\"><img loading=\"lazy\" decoding=\"async\" width=\"150\" height=\"150\" src=\"https:\/\/bambus-deutschland.de\/wp-content\/uploads\/2020\/10\/2._Platz_13_Christoph_Kuhlmann_Vivax-aureocaulis_Junghalm_mit_noch_reichlic_Entfaltungsmoeglichkeiten-150x150.jpg\" class=\"attachment-thumbnail size-thumbnail\" alt=\"\" aria-describedby=\"gallery-1-3800\" \/><\/a>\n\t\t\t<\/div>\n\t\t\t\t<figcaption class='wp-caption-text gallery-caption' id='gallery-1-3800'>\n\t\t\t\tPhyllostachys vivax &#8218;Aureocaulis&#8216; Sprosse (Foto: Christoph Kuhlmann)\n\t\t\t\t<\/figcaption><\/figure><figure class='gallery-item'>\n\t\t\t<div class='gallery-icon portrait'>\n\t\t\t\t<a href='https:\/\/bambus-deutschland.de\/wp-content\/uploads\/2016\/12\/Stadelmaier-DSC06275.jpg' title=\"Phyllostachys vivax &#039;Aureocaulis&#039; bei Jos van der Palen (Foto Ursula und Friedrich Stadelmaier)\" data-rl_title=\"Phyllostachys vivax &#039;Aureocaulis&#039; bei Jos van der Palen (Foto Ursula und Friedrich Stadelmaier)\" class=\"rl-gallery-link\" data-rl_caption=\"\" data-rel=\"lightbox-gallery-1\"><img loading=\"lazy\" decoding=\"async\" width=\"150\" height=\"150\" src=\"https:\/\/bambus-deutschland.de\/wp-content\/uploads\/2016\/12\/Stadelmaier-DSC06275-150x150.jpg\" class=\"attachment-thumbnail size-thumbnail\" alt=\"\" aria-describedby=\"gallery-1-271\" \/><\/a>\n\t\t\t<\/div>\n\t\t\t\t<figcaption class='wp-caption-text gallery-caption' id='gallery-1-271'>\n\t\t\t\tPhyllostachys vivax &#8218;Aureocaulis&#8216; bei Jos van der Palen (Foto Ursula und Friedrich Stadelmaier)\n\t\t\t\t<\/figcaption><\/figure><figure class='gallery-item'>\n\t\t\t<div class='gallery-icon portrait'>\n\t\t\t\t<a href='https:\/\/bambus-deutschland.de\/wp-content\/uploads\/2016\/12\/Stadelmaier-DSC06277.jpg' title=\"Phyllostachys vivax &#039;Aureocaulis&#039; bei Jos van der Palen (Foto Ursula und Friedrich Stadelmaier)\" data-rl_title=\"Phyllostachys vivax &#039;Aureocaulis&#039; bei Jos van der Palen (Foto Ursula und Friedrich Stadelmaier)\" class=\"rl-gallery-link\" data-rl_caption=\"\" data-rel=\"lightbox-gallery-1\"><img loading=\"lazy\" decoding=\"async\" width=\"150\" height=\"150\" src=\"https:\/\/bambus-deutschland.de\/wp-content\/uploads\/2016\/12\/Stadelmaier-DSC06277-150x150.jpg\" class=\"attachment-thumbnail size-thumbnail\" alt=\"\" aria-describedby=\"gallery-1-272\" \/><\/a>\n\t\t\t<\/div>\n\t\t\t\t<figcaption class='wp-caption-text gallery-caption' id='gallery-1-272'>\n\t\t\t\tPhyllostachys vivax &#8218;Aureocaulis&#8216; bei Jos van der Palen (Foto Ursula und Friedrich Stadelmaier)\n\t\t\t\t<\/figcaption><\/figure><figure class='gallery-item'>\n\t\t\t<div class='gallery-icon portrait'>\n\t\t\t\t<a href='https:\/\/bambus-deutschland.de\/wp-content\/uploads\/2017\/01\/Schuette_Jens_Abblidung_4.jpg' title=\"Phyllostachys vivax &#039;Aureocaulis&#039; (Foto: Jens Sch\u00fctte)\" data-rl_title=\"Phyllostachys vivax &#039;Aureocaulis&#039; (Foto: Jens Sch\u00fctte)\" class=\"rl-gallery-link\" data-rl_caption=\"\" data-rel=\"lightbox-gallery-1\"><img loading=\"lazy\" decoding=\"async\" width=\"150\" height=\"150\" src=\"https:\/\/bambus-deutschland.de\/wp-content\/uploads\/2017\/01\/Schuette_Jens_Abblidung_4-150x150.jpg\" class=\"attachment-thumbnail size-thumbnail\" alt=\"\" aria-describedby=\"gallery-1-939\" \/><\/a>\n\t\t\t<\/div>\n\t\t\t\t<figcaption class='wp-caption-text gallery-caption' id='gallery-1-939'>\n\t\t\t\tPhyllostachys vivax &#8218;Aureocaulis&#8216; (Foto:  Jens Sch\u00fctte)\n\t\t\t\t<\/figcaption><\/figure><figure class='gallery-item'>\n\t\t\t<div class='gallery-icon portrait'>\n\t\t\t\t<a href='https:\/\/bambus-deutschland.de\/wp-content\/uploads\/2020\/10\/Aussem-Ute-Phyllostachys-vivax-Aureocaulis-bei-Jos.jpg' title=\"Phyllostachys vivax &#039;Aureocaulis&#039; (Foto: Ute Au\u00dfem)\" data-rl_title=\"Phyllostachys vivax &#039;Aureocaulis&#039; (Foto: Ute Au\u00dfem)\" class=\"rl-gallery-link\" data-rl_caption=\"\" data-rel=\"lightbox-gallery-1\"><img loading=\"lazy\" decoding=\"async\" width=\"150\" height=\"150\" src=\"https:\/\/bambus-deutschland.de\/wp-content\/uploads\/2020\/10\/Aussem-Ute-Phyllostachys-vivax-Aureocaulis-bei-Jos-150x150.jpg\" class=\"attachment-thumbnail size-thumbnail\" alt=\"\" aria-describedby=\"gallery-1-3799\" \/><\/a>\n\t\t\t<\/div>\n\t\t\t\t<figcaption class='wp-caption-text gallery-caption' id='gallery-1-3799'>\n\t\t\t\tPhyllostachys vivax &#8218;Aureocaulis&#8216; (Foto: Ute Au\u00dfem)\n\t\t\t\t<\/figcaption><\/figure><figure class='gallery-item'>\n\t\t\t<div class='gallery-icon portrait'>\n\t\t\t\t<a href='https:\/\/bambus-deutschland.de\/wp-content\/uploads\/2017\/05\/Vivax-Aureocualis2.jpg' title=\"Phyllostachys vivax &#039;Aureocaulis&#039; (Foto: Steffen Greiner)\" data-rl_title=\"Phyllostachys vivax &#039;Aureocaulis&#039; (Foto: Steffen Greiner)\" class=\"rl-gallery-link\" data-rl_caption=\"\" data-rel=\"lightbox-gallery-1\"><img loading=\"lazy\" decoding=\"async\" width=\"150\" height=\"150\" src=\"https:\/\/bambus-deutschland.de\/wp-content\/uploads\/2017\/05\/Vivax-Aureocualis2-150x150.jpg\" class=\"attachment-thumbnail size-thumbnail\" alt=\"\" aria-describedby=\"gallery-1-1831\" \/><\/a>\n\t\t\t<\/div>\n\t\t\t\t<figcaption class='wp-caption-text gallery-caption' id='gallery-1-1831'>\n\t\t\t\tPhyllostachys vivax &#8218;Aureocaulis&#8216; (Foto: Steffen Greiner)\n\t\t\t\t<\/figcaption><\/figure><figure class='gallery-item'>\n\t\t\t<div class='gallery-icon portrait'>\n\t\t\t\t<a href='https:\/\/bambus-deutschland.de\/wp-content\/uploads\/2017\/05\/Vivax-Aureocaulis-Jung-und-Alt.jpg' title=\"Phyllostachys vivax &#039;Aureocaulis&#039; (Foto: Steffen Greiner)\" data-rl_title=\"Phyllostachys vivax &#039;Aureocaulis&#039; (Foto: Steffen Greiner)\" class=\"rl-gallery-link\" data-rl_caption=\"\" data-rel=\"lightbox-gallery-1\"><img loading=\"lazy\" decoding=\"async\" width=\"150\" height=\"150\" src=\"https:\/\/bambus-deutschland.de\/wp-content\/uploads\/2017\/05\/Vivax-Aureocaulis-Jung-und-Alt-150x150.jpg\" class=\"attachment-thumbnail size-thumbnail\" alt=\"\" aria-describedby=\"gallery-1-1829\" \/><\/a>\n\t\t\t<\/div>\n\t\t\t\t<figcaption class='wp-caption-text gallery-caption' id='gallery-1-1829'>\n\t\t\t\tPhyllostachys vivax &#8218;Aureocaulis&#8216; (Foto: Steffen Greiner)\n\t\t\t\t<\/figcaption><\/figure><figure class='gallery-item'>\n\t\t\t<div class='gallery-icon landscape'>\n\t\t\t\t<a href='https:\/\/bambus-deutschland.de\/wp-content\/uploads\/2017\/05\/Vivax-Aureocaulis1.jpg' title=\"Phyllostachys vivax &#039;Aureocaulis&#039; (Foto: Steffen Greiner)\" data-rl_title=\"Phyllostachys vivax &#039;Aureocaulis&#039; (Foto: Steffen Greiner)\" class=\"rl-gallery-link\" data-rl_caption=\"\" data-rel=\"lightbox-gallery-1\"><img loading=\"lazy\" decoding=\"async\" width=\"150\" height=\"150\" src=\"https:\/\/bambus-deutschland.de\/wp-content\/uploads\/2017\/05\/Vivax-Aureocaulis1-150x150.jpg\" class=\"attachment-thumbnail size-thumbnail\" alt=\"\" aria-describedby=\"gallery-1-1830\" \/><\/a>\n\t\t\t<\/div>\n\t\t\t\t<figcaption class='wp-caption-text gallery-caption' id='gallery-1-1830'>\n\t\t\t\tPhyllostachys vivax &#8218;Aureocaulis&#8216; (Foto: Steffen Greiner)\n\t\t\t\t<\/figcaption><\/figure>\n\t\t<\/div>\n\n","protected":false},"excerpt":{"rendered":"<p>Phyllostachys vivax \u2018Aureocaulis\u2019 Bambus des Jahres 2004 H\u00f6he: 8 &#8211; 10 m. Halme: Gelb mit einzelnen gr\u00fcnen Streifen (nicht im Sulcus), f\u00fchlbare Rillen, d\u00fcnnwandig, bis 75 mm Durchmesser. Bl\u00e4tter: Gr\u00fcn, gro\u00df bis 20 cm lang und 2 cm breit. Halmscheiden: Ockerfarben, braun bis schwarz, sehr gro\u00df. Wuchs: Sehr stark, in den ersten Jahren viele schr\u00e4ge &hellip; <a href=\"https:\/\/bambus-deutschland.de\/index.php\/arten-und-sorten\/phyllostachys\/phyllostachys-vivax-aureocaulis\/\" class=\"more-link\"><span class=\"screen-reader-text\">Phyllostachys vivax \u2018Aureocaulis\u2019<\/span> weiterlesen <span class=\"meta-nav\">&rarr;<\/span><\/a><\/p>\n","protected":false},"author":6,"featured_media":0,"parent":2900,"menu_order":0,"comment_status":"closed","ping_status":"closed","template":"","meta":{"iawp_total_views":316,"footnotes":""},"class_list":["post-3793","page","type-page","status-publish","hentry"],"_links":{"self":[{"href":"https:\/\/bambus-deutschland.de\/index.php\/wp-json\/wp\/v2\/pages\/3793","targetHints":{"allow":["GET"]}}],"collection":[{"href":"https:\/\/bambus-deutschland.de\/index.php\/wp-json\/wp\/v2\/pages"}],"about":[{"href":"https:\/\/bambus-deutschland.de\/index.php\/wp-json\/wp\/v2\/types\/page"}],"author":[{"embeddable":true,"href":"https:\/\/bambus-deutschland.de\/index.php\/wp-json\/wp\/v2\/users\/6"}],"replies":[{"embeddable":true,"href":"https:\/\/bambus-deutschland.de\/index.php\/wp-json\/wp\/v2\/comments?post=3793"}],"version-history":[{"count":4,"href":"https:\/\/bambus-deutschland.de\/index.php\/wp-json\/wp\/v2\/pages\/3793\/revisions"}],"predecessor-version":[{"id":3801,"href":"https:\/\/bambus-deutschland.de\/index.php\/wp-json\/wp\/v2\/pages\/3793\/revisions\/3801"}],"up":[{"embeddable":true,"href":"https:\/\/bambus-deutschland.de\/index.php\/wp-json\/wp\/v2\/pages\/2900"}],"wp:attachment":[{"href":"https:\/\/bambus-deutschland.de\/index.php\/wp-json\/wp\/v2\/media?parent=3793"}],"curies":[{"name":"wp","href":"https:\/\/api.w.org\/{rel}","templated":true}]}}

<h5><strong><em>Phyllostachys vivax</em> ‘Aureocaulis’ </strong> <span id="likeBadge"></span></h5>
<p><a href="https://bambus-deutschland.de/index.php/beispiel-seite/bambus-des-jahres/bambus-des-jahres-portraits/phyllostachys-vivax-aureocaulis-bambus-des-jahres-2004/"><strong>Bambus des Jahres 2004</strong></a></p>
<div><strong>Höhe:</strong> 8 &#8211; 10 m.</div>
<div><strong>Halme: </strong>Gelb mit einzelnen grünen Streifen (nicht im Sulcus), fühlbare Rillen, dünnwandig, bis 75 mm Durchmesser.</div>
<div><strong>Blätter:</strong> Grün, groß bis 20 cm lang und 2 cm breit.</div>
<div><strong>Halmscheiden:</strong> Ockerfarben, braun bis schwarz, sehr groß.</div>
<div><strong>Wuchs:</strong> Sehr stark, in den ersten Jahren viele schräge Halme, später Halme fast senkrecht.</div>
<div><strong>Winterhärte: </strong>Nicht immer zufriedenstellend (etwa -18°C) und etwas weniger winterhart als die <em>vivax</em>-Formen mit grünen Halmen.</div>
<div><strong>Standort:</strong> Sonnig, windgeschützt.</div>
<div><strong>Platzbedarf:</strong> Durch den starken Wuchs und die enorme Rhizombildung, 20 m².</div>
<div><strong>Verwendung:</strong> Hain, (Solitär).</div>
<div><strong>Herkunft</strong>: Als Mutation etwa 1980 in Sichuan, China gefunden.</div>
<p><strong>Bemerkungen: </strong><em>Phyllostachys vivax</em> ‘Aureocaulis’ wurde durch die Mitglieder der EBS-D im Jahr 2004 zum ersten &#8222;Bambus des Jahres&#8220; gewählt.</p>
<div id='gallery-1' class='gallery galleryid-3793 gallery-columns-3 gallery-size-thumbnail'><figure class='gallery-item'>
			<div class='gallery-icon portrait'>
				<a href='https://bambus-deutschland.de/wp-content/uploads/2020/10/2._Platz_13_Christoph_Kuhlmann_Vivax-aureocaulis_Junghalm_mit_noch_reichlic_Entfaltungsmoeglichkeiten-scaled.jpg' title="Phyllostachys vivax &#039;Aureocaulis&#039; Sprosse (Foto: Christoph Kuhlmann)" data-rl_title="Phyllostachys vivax &#039;Aureocaulis&#039; Sprosse (Foto: Christoph Kuhlmann)" class="rl-gallery-link" data-rl_caption="" data-rel="lightbox-gallery-1"><img loading="lazy" decoding="async" width="150" height="150" src="https://bambus-deutschland.de/wp-content/uploads/2020/10/2._Platz_13_Christoph_Kuhlmann_Vivax-aureocaulis_Junghalm_mit_noch_reichlic_Entfaltungsmoeglichkeiten-150x150.jpg" class="attachment-thumbnail size-thumbnail" alt="" aria-describedby="gallery-1-3800" /></a>
			</div>
				<figcaption class='wp-caption-text gallery-caption' id='gallery-1-3800'>
				Phyllostachys vivax &#8218;Aureocaulis&#8216; Sprosse (Foto: Christoph Kuhlmann)
				</figcaption></figure><figure class='gallery-item'>
			<div class='gallery-icon portrait'>
				<a href='https://bambus-deutschland.de/wp-content/uploads/2016/12/Stadelmaier-DSC06275.jpg' title="Phyllostachys vivax &#039;Aureocaulis&#039; bei Jos van der Palen (Foto Ursula und Friedrich Stadelmaier)" data-rl_title="Phyllostachys vivax &#039;Aureocaulis&#039; bei Jos van der Palen (Foto Ursula und Friedrich Stadelmaier)" class="rl-gallery-link" data-rl_caption="" data-rel="lightbox-gallery-1"><img loading="lazy" decoding="async" width="150" height="150" src="https://bambus-deutschland.de/wp-content/uploads/2016/12/Stadelmaier-DSC06275-150x150.jpg" class="attachment-thumbnail size-thumbnail" alt="" aria-describedby="gallery-1-271" /></a>
			</div>
				<figcaption class='wp-caption-text gallery-caption' id='gallery-1-271'>
				Phyllostachys vivax &#8218;Aureocaulis&#8216; bei Jos van der Palen (Foto Ursula und Friedrich Stadelmaier)
				</figcaption></figure><figure class='gallery-item'>
			<div class='gallery-icon portrait'>
				<a href='https://bambus-deutschland.de/wp-content/uploads/2016/12/Stadelmaier-DSC06277.jpg' title="Phyllostachys vivax &#039;Aureocaulis&#039; bei Jos van der Palen (Foto Ursula und Friedrich Stadelmaier)" data-rl_title="Phyllostachys vivax &#039;Aureocaulis&#039; bei Jos van der Palen (Foto Ursula und Friedrich Stadelmaier)" class="rl-gallery-link" data-rl_caption="" data-rel="lightbox-gallery-1"><img loading="lazy" decoding="async" width="150" height="150" src="https://bambus-deutschland.de/wp-content/uploads/2016/12/Stadelmaier-DSC06277-150x150.jpg" class="attachment-thumbnail size-thumbnail" alt="" aria-describedby="gallery-1-272" /></a>
			</div>
				<figcaption class='wp-caption-text gallery-caption' id='gallery-1-272'>
				Phyllostachys vivax &#8218;Aureocaulis&#8216; bei Jos van der Palen (Foto Ursula und Friedrich Stadelmaier)
				</figcaption></figure><figure class='gallery-item'>
			<div class='gallery-icon portrait'>
				<a href='https://bambus-deutschland.de/wp-content/uploads/2017/01/Schuette_Jens_Abblidung_4.jpg' title="Phyllostachys vivax &#039;Aureocaulis&#039; (Foto: Jens Schütte)" data-rl_title="Phyllostachys vivax &#039;Aureocaulis&#039; (Foto: Jens Schütte)" class="rl-gallery-link" data-rl_caption="" data-rel="lightbox-gallery-1"><img loading="lazy" decoding="async" width="150" height="150" src="https://bambus-deutschland.de/wp-content/uploads/2017/01/Schuette_Jens_Abblidung_4-150x150.jpg" class="attachment-thumbnail size-thumbnail" alt="" aria-describedby="gallery-1-939" /></a>
			</div>
				<figcaption class='wp-caption-text gallery-caption' id='gallery-1-939'>
				Phyllostachys vivax &#8218;Aureocaulis&#8216; (Foto:  Jens Schütte)
				</figcaption></figure><figure class='gallery-item'>
			<div class='gallery-icon portrait'>
				<a href='https://bambus-deutschland.de/wp-content/uploads/2020/10/Aussem-Ute-Phyllostachys-vivax-Aureocaulis-bei-Jos.jpg' title="Phyllostachys vivax &#039;Aureocaulis&#039; (Foto: Ute Außem)" data-rl_title="Phyllostachys vivax &#039;Aureocaulis&#039; (Foto: Ute Außem)" class="rl-gallery-link" data-rl_caption="" data-rel="lightbox-gallery-1"><img loading="lazy" decoding="async" width="150" height="150" src="https://bambus-deutschland.de/wp-content/uploads/2020/10/Aussem-Ute-Phyllostachys-vivax-Aureocaulis-bei-Jos-150x150.jpg" class="attachment-thumbnail size-thumbnail" alt="" aria-describedby="gallery-1-3799" /></a>
			</div>
				<figcaption class='wp-caption-text gallery-caption' id='gallery-1-3799'>
				Phyllostachys vivax &#8218;Aureocaulis&#8216; (Foto: Ute Außem)
				</figcaption></figure><figure class='gallery-item'>
			<div class='gallery-icon portrait'>
				<a href='https://bambus-deutschland.de/wp-content/uploads/2017/05/Vivax-Aureocualis2.jpg' title="Phyllostachys vivax &#039;Aureocaulis&#039; (Foto: Steffen Greiner)" data-rl_title="Phyllostachys vivax &#039;Aureocaulis&#039; (Foto: Steffen Greiner)" class="rl-gallery-link" data-rl_caption="" data-rel="lightbox-gallery-1"><img loading="lazy" decoding="async" width="150" height="150" src="https://bambus-deutschland.de/wp-content/uploads/2017/05/Vivax-Aureocualis2-150x150.jpg" class="attachment-thumbnail size-thumbnail" alt="" aria-describedby="gallery-1-1831" /></a>
			</div>
				<figcaption class='wp-caption-text gallery-caption' id='gallery-1-1831'>
				Phyllostachys vivax &#8218;Aureocaulis&#8216; (Foto: Steffen Greiner)
				</figcaption></figure><figure class='gallery-item'>
			<div class='gallery-icon portrait'>
				<a href='https://bambus-deutschland.de/wp-content/uploads/2017/05/Vivax-Aureocaulis-Jung-und-Alt.jpg' title="Phyllostachys vivax &#039;Aureocaulis&#039; (Foto: Steffen Greiner)" data-rl_title="Phyllostachys vivax &#039;Aureocaulis&#039; (Foto: Steffen Greiner)" class="rl-gallery-link" data-rl_caption="" data-rel="lightbox-gallery-1"><img loading="lazy" decoding="async" width="150" height="150" src="https://bambus-deutschland.de/wp-content/uploads/2017/05/Vivax-Aureocaulis-Jung-und-Alt-150x150.jpg" class="attachment-thumbnail size-thumbnail" alt="" aria-describedby="gallery-1-1829" /></a>
			</div>
				<figcaption class='wp-caption-text gallery-caption' id='gallery-1-1829'>
				Phyllostachys vivax &#8218;Aureocaulis&#8216; (Foto: Steffen Greiner)
				</figcaption></figure><figure class='gallery-item'>
			<div class='gallery-icon landscape'>
				<a href='https://bambus-deutschland.de/wp-content/uploads/2017/05/Vivax-Aureocaulis1.jpg' title="Phyllostachys vivax &#039;Aureocaulis&#039; (Foto: Steffen Greiner)" data-rl_title="Phyllostachys vivax &#039;Aureocaulis&#039; (Foto: Steffen Greiner)" class="rl-gallery-link" data-rl_caption="" data-rel="lightbox-gallery-1"><img loading="lazy" decoding="async" width="150" height="150" src="https://bambus-deutschland.de/wp-content/uploads/2017/05/Vivax-Aureocaulis1-150x150.jpg" class="attachment-thumbnail size-thumbnail" alt="" aria-describedby="gallery-1-1830" /></a>
			</div>
				<figcaption class='wp-caption-text gallery-caption' id='gallery-1-1830'>
				Phyllostachys vivax &#8218;Aureocaulis&#8216; (Foto: Steffen Greiner)
				</figcaption></figure>
		</div>

<p>Phyllostachys vivax ‘Aureocaulis’ Bambus des Jahres 2004 Höhe: 8 &#8211; 10 m. Halme: Gelb mit einzelnen grünen Streifen (nicht im Sulcus), fühlbare Rillen, dünnwandig, bis 75 mm Durchmesser. Blätter: Grün, groß bis 20 cm lang und 2 cm breit. Halmscheiden: Ockerfarben, braun bis schwarz, sehr groß. Wuchs: Sehr stark, in den ersten Jahren viele schräge &hellip; <a href="https://bambus-deutschland.de/index.php/arten-und-sorten/phyllostachys/phyllostachys-vivax-aureocaulis/" class="more-link"><span class="screen-reader-text">Phyllostachys vivax ‘Aureocaulis’</span> weiterlesen <span class="meta-nav">&rarr;</span></a></p>
