{"id":4227,"date":"2023-01-15T21:14:22","date_gmt":"2023-01-15T20:14:22","guid":{"rendered":"https:\/\/bambus-deutschland.de\/?page_id=4227"},"modified":"2023-01-15T21:22:45","modified_gmt":"2023-01-15T20:22:45","slug":"indocalamus-tessellatus","status":"publish","type":"page","link":"https:\/\/bambus-deutschland.de\/index.php\/arten-und-sorten\/indocalamus\/indocalamus-tessellatus\/","title":{"rendered":"Indocalamus tessellatus"},"content":{"rendered":"<h5><em>Indocalamus tessellatus<br \/>\n<\/em><\/h5>\n<div><strong>H\u00f6he:<\/strong> 1 \u2013 (selten) 2 Meter,<br \/>\n<strong>Halme:\u00a0<\/strong> Halmquerschnitt bis max. 12 mm. Knoten nicht hervortretend, junge Halme sind mit einer wachshaltigen Ausscheidung \u00fcberzogen.<br \/>\n<strong>Bl\u00e4tter<\/strong>: \u00dcbergro\u00df, meist 40 bis max. 60 cm lang und bis 10 cm breit, zur Basis hin pl\u00f6tzlich verschm\u00e4lert, zur Spitze hin allm\u00e4hlich lang zugespitzt. Oberseite leuchtend gr\u00fcn, Unterseite bleichsilbrig, graugr\u00fcn. Der Artname kommt durch die extrem starke \u201eTesselation\u201c des Blattes. Dieses hat mit dem Auge leicht zu erkennbare L\u00e4ngs- und Queradern.<br \/>\n<strong>Halmscheiden:<\/strong> Halmscheiden sehr lange anhaftend.<br \/>\n<strong>Wuchs:<\/strong> Ausl\u00e4ufer treibend, niedrig, mit d\u00fcnnen Halmen und stark h\u00e4ngenden, \u00fcbergro\u00dfen Bl\u00e4ttern. Durch die schweren Bl\u00e4tter werden die relativ d\u00fcnnen Halme gebogen. Die Halme tragen an den oberen Knoten in der Regel nur einen Zweig.<br \/>\n<strong>Winterh\u00e4rte: <\/strong>Sehr gut winterharter Zwergbambus trotz der riesengro\u00dfen Blattfl\u00e4chen. \u00dcbersteht bis unter -20 Grad, bei Temperaturen unter -16 Grad Blattsch\u00e4den, bei noch tieferen Temperaturen trocknen die Bl\u00e4tter von der Spitze und den R\u00e4ndern her aus und sterben ab.<br \/>\n<strong>Standort:<\/strong> Teilschatten bis Schatten. Schattensolit\u00e4r oder Fl\u00e4chenpflanzung unter Geh\u00f6lzen.<\/div>\n<div><strong>Verwendung:<\/strong> F\u00fcr Schattenstandorte als \u00fcppiger Bodendecker zu empfehlen. Ausl\u00e4ufer treibend, daher Rhizomsperre empfehlenswert.<\/div>\n<div><strong>Topfkultur Raumbegr\u00fcnung<\/strong>: Das Aussehen der Pflanze leidet bei trockener Luft, so dass Topfkultur nur im Schatten m\u00f6glich scheint, Nicht f\u00fcr Innenr\u00e4ume geeignet.<br \/>\n<strong>Herkunft:<\/strong> China, Provinzen Hunan und Zhejiang. Bereits 1843 als erste \u201eSasa-Art\u201c nach Gro\u00dfbritannien eingef\u00fchrt (nach Lawson 1968); nach Angabe von Mc.Clure erst 1852.<\/div>\n<p><strong>Bemerkungen:\u00a0<\/strong>Synonym: <em>Sasa tesselata<\/em><\/p>\n<div id='gallery-1' class='gallery galleryid-4227 gallery-columns-2 gallery-size-thumbnail'><figure class='gallery-item'>\n\t\t\t<div class='gallery-icon landscape'>\n\t\t\t\t<a href='https:\/\/bambus-deutschland.de\/wp-content\/uploads\/2023\/01\/Indocalamus-tessellatus-P1390706-scaled.jpg' title=\"Indocalamus tessellatus Foto: Ute Au\u00dfem\" data-rl_title=\"Indocalamus tessellatus Foto: Ute Au\u00dfem\" class=\"rl-gallery-link\" data-rl_caption=\"\" data-rel=\"lightbox-gallery-1\"><img loading=\"lazy\" decoding=\"async\" width=\"150\" height=\"150\" src=\"https:\/\/bambus-deutschland.de\/wp-content\/uploads\/2023\/01\/Indocalamus-tessellatus-P1390706-150x150.jpg\" class=\"attachment-thumbnail size-thumbnail\" alt=\"\" aria-describedby=\"gallery-1-4229\" \/><\/a>\n\t\t\t<\/div>\n\t\t\t\t<figcaption class='wp-caption-text gallery-caption' id='gallery-1-4229'>\n\t\t\t\tIndocalamus tessellatus Foto: Ute Au\u00dfem\n\t\t\t\t<\/figcaption><\/figure><figure class='gallery-item'>\n\t\t\t<div class='gallery-icon landscape'>\n\t\t\t\t<a href='https:\/\/bambus-deutschland.de\/wp-content\/uploads\/2023\/01\/Aussem-Ute-Indocalamus-tessellatus-scaled.jpg' title=\"Indocalamus\" data-rl_title=\"Indocalamus\" class=\"rl-gallery-link\" data-rl_caption=\"\" data-rel=\"lightbox-gallery-1\"><img loading=\"lazy\" decoding=\"async\" width=\"150\" height=\"150\" src=\"https:\/\/bambus-deutschland.de\/wp-content\/uploads\/2023\/01\/Aussem-Ute-Indocalamus-tessellatus-150x150.jpg\" class=\"attachment-thumbnail size-thumbnail\" alt=\"\" aria-describedby=\"gallery-1-4232\" \/><\/a>\n\t\t\t<\/div>\n\t\t\t\t<figcaption class='wp-caption-text gallery-caption' id='gallery-1-4232'>\n\t\t\t\tIndocalamus\n\t\t\t\t<\/figcaption><\/figure><figure class='gallery-item'>\n\t\t\t<div class='gallery-icon portrait'>\n\t\t\t\t<a href='https:\/\/bambus-deutschland.de\/wp-content\/uploads\/2023\/01\/Aussem-Ute-Indocalamus-tessellatus-im-Winter-DSC00897-gross-scaled.jpg' title=\"Indocalamus tessellatus im Winter Foto: Ute Au\u00dfem\" data-rl_title=\"Indocalamus tessellatus im Winter Foto: Ute Au\u00dfem\" class=\"rl-gallery-link\" data-rl_caption=\"\" data-rel=\"lightbox-gallery-1\"><img loading=\"lazy\" decoding=\"async\" width=\"150\" height=\"150\" src=\"https:\/\/bambus-deutschland.de\/wp-content\/uploads\/2023\/01\/Aussem-Ute-Indocalamus-tessellatus-im-Winter-DSC00897-gross-150x150.jpg\" class=\"attachment-thumbnail size-thumbnail\" alt=\"\" aria-describedby=\"gallery-1-4231\" \/><\/a>\n\t\t\t<\/div>\n\t\t\t\t<figcaption class='wp-caption-text gallery-caption' id='gallery-1-4231'>\n\t\t\t\tIndocalamus tessellatus im Winter Foto: Ute Au\u00dfem\n\t\t\t\t<\/figcaption><\/figure><figure class='gallery-item'>\n\t\t\t<div class='gallery-icon landscape'>\n\t\t\t\t<a href='https:\/\/bambus-deutschland.de\/wp-content\/uploads\/2023\/01\/Aussem-Ute-Indocalamus-tessellatus-DSC00966-gross-scaled.jpg' title=\"Indocalamus tessellatus Foto: Ute Au\u00dfem\" data-rl_title=\"Indocalamus tessellatus Foto: Ute Au\u00dfem\" class=\"rl-gallery-link\" data-rl_caption=\"\" data-rel=\"lightbox-gallery-1\"><img loading=\"lazy\" decoding=\"async\" width=\"150\" height=\"150\" src=\"https:\/\/bambus-deutschland.de\/wp-content\/uploads\/2023\/01\/Aussem-Ute-Indocalamus-tessellatus-DSC00966-gross-150x150.jpg\" class=\"attachment-thumbnail size-thumbnail\" alt=\"\" aria-describedby=\"gallery-1-4230\" \/><\/a>\n\t\t\t<\/div>\n\t\t\t\t<figcaption class='wp-caption-text gallery-caption' id='gallery-1-4230'>\n\t\t\t\tIndocalamus tessellatus Foto: Ute Au\u00dfem\n\t\t\t\t<\/figcaption><\/figure>\n\t\t<\/div>\n\n<p>&nbsp;<\/p>\n<p>&nbsp;<\/p>\n<hr \/>\n","protected":false},"excerpt":{"rendered":"<p>Indocalamus tessellatus H\u00f6he: 1 \u2013 (selten) 2 Meter, Halme:\u00a0 Halmquerschnitt bis max. 12 mm. Knoten nicht hervortretend, junge Halme sind mit einer wachshaltigen Ausscheidung \u00fcberzogen. Bl\u00e4tter: \u00dcbergro\u00df, meist 40 bis max. 60 cm lang und bis 10 cm breit, zur Basis hin pl\u00f6tzlich verschm\u00e4lert, zur Spitze hin allm\u00e4hlich lang zugespitzt. Oberseite leuchtend gr\u00fcn, Unterseite bleichsilbrig, &hellip; <a href=\"https:\/\/bambus-deutschland.de\/index.php\/arten-und-sorten\/indocalamus\/indocalamus-tessellatus\/\" class=\"more-link\"><span class=\"screen-reader-text\">Indocalamus tessellatus<\/span> weiterlesen <span class=\"meta-nav\">&rarr;<\/span><\/a><\/p>\n","protected":false},"author":6,"featured_media":0,"parent":4224,"menu_order":0,"comment_status":"closed","ping_status":"closed","template":"","meta":{"iawp_total_views":158,"footnotes":""},"class_list":["post-4227","page","type-page","status-publish","hentry"],"_links":{"self":[{"href":"https:\/\/bambus-deutschland.de\/index.php\/wp-json\/wp\/v2\/pages\/4227","targetHints":{"allow":["GET"]}}],"collection":[{"href":"https:\/\/bambus-deutschland.de\/index.php\/wp-json\/wp\/v2\/pages"}],"about":[{"href":"https:\/\/bambus-deutschland.de\/index.php\/wp-json\/wp\/v2\/types\/page"}],"author":[{"embeddable":true,"href":"https:\/\/bambus-deutschland.de\/index.php\/wp-json\/wp\/v2\/users\/6"}],"replies":[{"embeddable":true,"href":"https:\/\/bambus-deutschland.de\/index.php\/wp-json\/wp\/v2\/comments?post=4227"}],"version-history":[{"count":3,"href":"https:\/\/bambus-deutschland.de\/index.php\/wp-json\/wp\/v2\/pages\/4227\/revisions"}],"predecessor-version":[{"id":4234,"href":"https:\/\/bambus-deutschland.de\/index.php\/wp-json\/wp\/v2\/pages\/4227\/revisions\/4234"}],"up":[{"embeddable":true,"href":"https:\/\/bambus-deutschland.de\/index.php\/wp-json\/wp\/v2\/pages\/4224"}],"wp:attachment":[{"href":"https:\/\/bambus-deutschland.de\/index.php\/wp-json\/wp\/v2\/media?parent=4227"}],"curies":[{"name":"wp","href":"https:\/\/api.w.org\/{rel}","templated":true}]}}

<h5><em>Indocalamus tessellatus<br />
</em></h5>
<div><strong>Höhe:</strong> 1 – (selten) 2 Meter,<br />
<strong>Halme: </strong> Halmquerschnitt bis max. 12 mm. Knoten nicht hervortretend, junge Halme sind mit einer wachshaltigen Ausscheidung überzogen.<br />
<strong>Blätter</strong>: Übergroß, meist 40 bis max. 60 cm lang und bis 10 cm breit, zur Basis hin plötzlich verschmälert, zur Spitze hin allmählich lang zugespitzt. Oberseite leuchtend grün, Unterseite bleichsilbrig, graugrün. Der Artname kommt durch die extrem starke „Tesselation“ des Blattes. Dieses hat mit dem Auge leicht zu erkennbare Längs- und Queradern.<br />
<strong>Halmscheiden:</strong> Halmscheiden sehr lange anhaftend.<br />
<strong>Wuchs:</strong> Ausläufer treibend, niedrig, mit dünnen Halmen und stark hängenden, übergroßen Blättern. Durch die schweren Blätter werden die relativ dünnen Halme gebogen. Die Halme tragen an den oberen Knoten in der Regel nur einen Zweig.<br />
<strong>Winterhärte: </strong>Sehr gut winterharter Zwergbambus trotz der riesengroßen Blattflächen. Übersteht bis unter -20 Grad, bei Temperaturen unter -16 Grad Blattschäden, bei noch tieferen Temperaturen trocknen die Blätter von der Spitze und den Rändern her aus und sterben ab.<br />
<strong>Standort:</strong> Teilschatten bis Schatten. Schattensolitär oder Flächenpflanzung unter Gehölzen.</div>
<div><strong>Verwendung:</strong> Für Schattenstandorte als üppiger Bodendecker zu empfehlen. Ausläufer treibend, daher Rhizomsperre empfehlenswert.</div>
<div><strong>Topfkultur Raumbegrünung</strong>: Das Aussehen der Pflanze leidet bei trockener Luft, so dass Topfkultur nur im Schatten möglich scheint, Nicht für Innenräume geeignet.<br />
<strong>Herkunft:</strong> China, Provinzen Hunan und Zhejiang. Bereits 1843 als erste „Sasa-Art“ nach Großbritannien eingeführt (nach Lawson 1968); nach Angabe von Mc.Clure erst 1852.</div>
<p><strong>Bemerkungen: </strong>Synonym: <em>Sasa tesselata</em></p>
<div id='gallery-1' class='gallery galleryid-4227 gallery-columns-2 gallery-size-thumbnail'><figure class='gallery-item'>
			<div class='gallery-icon landscape'>
				<a href='https://bambus-deutschland.de/wp-content/uploads/2023/01/Indocalamus-tessellatus-P1390706-scaled.jpg' title="Indocalamus tessellatus Foto: Ute Außem" data-rl_title="Indocalamus tessellatus Foto: Ute Außem" class="rl-gallery-link" data-rl_caption="" data-rel="lightbox-gallery-1"><img loading="lazy" decoding="async" width="150" height="150" src="https://bambus-deutschland.de/wp-content/uploads/2023/01/Indocalamus-tessellatus-P1390706-150x150.jpg" class="attachment-thumbnail size-thumbnail" alt="" aria-describedby="gallery-1-4229" /></a>
			</div>
				<figcaption class='wp-caption-text gallery-caption' id='gallery-1-4229'>
				Indocalamus tessellatus Foto: Ute Außem
				</figcaption></figure><figure class='gallery-item'>
			<div class='gallery-icon landscape'>
				<a href='https://bambus-deutschland.de/wp-content/uploads/2023/01/Aussem-Ute-Indocalamus-tessellatus-scaled.jpg' title="Indocalamus" data-rl_title="Indocalamus" class="rl-gallery-link" data-rl_caption="" data-rel="lightbox-gallery-1"><img loading="lazy" decoding="async" width="150" height="150" src="https://bambus-deutschland.de/wp-content/uploads/2023/01/Aussem-Ute-Indocalamus-tessellatus-150x150.jpg" class="attachment-thumbnail size-thumbnail" alt="" aria-describedby="gallery-1-4232" /></a>
			</div>
				<figcaption class='wp-caption-text gallery-caption' id='gallery-1-4232'>
				Indocalamus
				</figcaption></figure><figure class='gallery-item'>
			<div class='gallery-icon portrait'>
				<a href='https://bambus-deutschland.de/wp-content/uploads/2023/01/Aussem-Ute-Indocalamus-tessellatus-im-Winter-DSC00897-gross-scaled.jpg' title="Indocalamus tessellatus im Winter Foto: Ute Außem" data-rl_title="Indocalamus tessellatus im Winter Foto: Ute Außem" class="rl-gallery-link" data-rl_caption="" data-rel="lightbox-gallery-1"><img loading="lazy" decoding="async" width="150" height="150" src="https://bambus-deutschland.de/wp-content/uploads/2023/01/Aussem-Ute-Indocalamus-tessellatus-im-Winter-DSC00897-gross-150x150.jpg" class="attachment-thumbnail size-thumbnail" alt="" aria-describedby="gallery-1-4231" /></a>
			</div>
				<figcaption class='wp-caption-text gallery-caption' id='gallery-1-4231'>
				Indocalamus tessellatus im Winter Foto: Ute Außem
				</figcaption></figure><figure class='gallery-item'>
			<div class='gallery-icon landscape'>
				<a href='https://bambus-deutschland.de/wp-content/uploads/2023/01/Aussem-Ute-Indocalamus-tessellatus-DSC00966-gross-scaled.jpg' title="Indocalamus tessellatus Foto: Ute Außem" data-rl_title="Indocalamus tessellatus Foto: Ute Außem" class="rl-gallery-link" data-rl_caption="" data-rel="lightbox-gallery-1"><img loading="lazy" decoding="async" width="150" height="150" src="https://bambus-deutschland.de/wp-content/uploads/2023/01/Aussem-Ute-Indocalamus-tessellatus-DSC00966-gross-150x150.jpg" class="attachment-thumbnail size-thumbnail" alt="" aria-describedby="gallery-1-4230" /></a>
			</div>
				<figcaption class='wp-caption-text gallery-caption' id='gallery-1-4230'>
				Indocalamus tessellatus Foto: Ute Außem
				</figcaption></figure>
		</div>

<p>&nbsp;</p>
<p>&nbsp;</p>
<hr />

<p>Indocalamus tessellatus Höhe: 1 – (selten) 2 Meter, Halme:  Halmquerschnitt bis max. 12 mm. Knoten nicht hervortretend, junge Halme sind mit einer wachshaltigen Ausscheidung überzogen. Blätter: Übergroß, meist 40 bis max. 60 cm lang und bis 10 cm breit, zur Basis hin plötzlich verschmälert, zur Spitze hin allmählich lang zugespitzt. Oberseite leuchtend grün, Unterseite bleichsilbrig, &hellip; <a href="https://bambus-deutschland.de/index.php/arten-und-sorten/indocalamus/indocalamus-tessellatus/" class="more-link"><span class="screen-reader-text">Indocalamus tessellatus</span> weiterlesen <span class="meta-nav">&rarr;</span></a></p>
