{"id":50,"date":"2016-10-25T17:04:55","date_gmt":"2016-10-25T15:04:55","guid":{"rendered":"https:\/\/ebs-d-de.prossl.de\/wordpress\/wordpress\/?page_id=50"},"modified":"2026-01-05T19:50:22","modified_gmt":"2026-01-05T18:50:22","slug":"who-is-who","status":"publish","type":"page","link":"https:\/\/bambus-deutschland.de\/index.php\/beispiel-seite\/who-is-who\/","title":{"rendered":"who is who"},"content":{"rendered":"<table style=\"height: 23px;\" border=\"0\" width=\"195\">\n<tbody>\n<tr>\n<td><strong>\u00a0<\/strong><\/td>\n<td>\n<h1>Das &#8222;who is who&#8220; der EBS-D<\/h1>\n<p>Wer ist in welches Amt gew\u00e4hlt worden und hat bei der EBS-D welche Aufgaben \u00fcbernommen &#8211; das ist nicht nur f\u00fcr die Mitglieder der EBS-D interessant.<\/p>\n<table border=\"0\">\n<tbody>\n<tr>\n<td><strong>1. Vorsitzender<\/strong><\/td>\n<td>J\u00fcrgen Schmitz<\/td>\n<\/tr>\n<tr>\n<td><strong>2. Vorsitzender<\/strong><\/td>\n<td>Dr. Steffen Greiner<\/td>\n<\/tr>\n<tr>\n<td><strong>Gesch\u00e4ftsf\u00fchrung \/ Gesch\u00e4ftsstelle<\/strong><\/td>\n<td>Ute Au\u00dfem<\/td>\n<\/tr>\n<tr>\n<td><strong>Beisitzerin \/ Chefredaktion Bambus-Journal<br \/>\n<\/strong><\/td>\n<td>Renate Lohmer<\/td>\n<\/tr>\n<tr>\n<td><strong>Beisitzer<\/strong><\/td>\n<td>Dr. Gunther Lohmer<\/td>\n<\/tr>\n<tr>\n<td><strong>Beisitzer<\/strong><\/td>\n<td>Christian Wach<\/td>\n<\/tr>\n<tr>\n<td><\/td>\n<td><\/td>\n<\/tr>\n<tr>\n<td><\/td>\n<td><\/td>\n<\/tr>\n<tr>\n<td><strong>\u00a0<\/strong><\/td>\n<td><\/td>\n<\/tr>\n<\/tbody>\n<\/table>\n<p>&nbsp;<\/p>\n<p><strong>Unsere Ehrenmitglieder:<\/strong><\/p>\n<ul>\n<li>Gerhard Sieber<\/li>\n<li>Wolfgang Eberts<\/li>\n<li>Palmengarten Frankfurt &#8211; Direktorin Dr. Katja Heubach<\/li>\n<li>Christine Recht<\/li>\n<\/ul>\n<\/td>\n<\/tr>\n<\/tbody>\n<\/table>\n","protected":false},"excerpt":{"rendered":"<p>\u00a0 Das &#8222;who is who&#8220; der EBS-D Wer ist in welches Amt gew\u00e4hlt worden und hat bei der EBS-D welche Aufgaben \u00fcbernommen &#8211; das ist nicht nur f\u00fcr die Mitglieder der EBS-D interessant. 1. Vorsitzender J\u00fcrgen Schmitz 2. Vorsitzender Dr. Steffen Greiner Gesch\u00e4ftsf\u00fchrung \/ Gesch\u00e4ftsstelle Ute Au\u00dfem Beisitzerin \/ Chefredaktion Bambus-Journal Renate Lohmer Beisitzer Dr. &hellip; <a href=\"https:\/\/bambus-deutschland.de\/index.php\/beispiel-seite\/who-is-who\/\" class=\"more-link\"><span class=\"screen-reader-text\">who is who<\/span> weiterlesen <span class=\"meta-nav\">&rarr;<\/span><\/a><\/p>\n","protected":false},"author":1,"featured_media":0,"parent":2,"menu_order":0,"comment_status":"closed","ping_status":"closed","template":"","meta":{"iawp_total_views":678,"footnotes":""},"class_list":["post-50","page","type-page","status-publish","hentry"],"_links":{"self":[{"href":"https:\/\/bambus-deutschland.de\/index.php\/wp-json\/wp\/v2\/pages\/50","targetHints":{"allow":["GET"]}}],"collection":[{"href":"https:\/\/bambus-deutschland.de\/index.php\/wp-json\/wp\/v2\/pages"}],"about":[{"href":"https:\/\/bambus-deutschland.de\/index.php\/wp-json\/wp\/v2\/types\/page"}],"author":[{"embeddable":true,"href":"https:\/\/bambus-deutschland.de\/index.php\/wp-json\/wp\/v2\/users\/1"}],"replies":[{"embeddable":true,"href":"https:\/\/bambus-deutschland.de\/index.php\/wp-json\/wp\/v2\/comments?post=50"}],"version-history":[{"count":14,"href":"https:\/\/bambus-deutschland.de\/index.php\/wp-json\/wp\/v2\/pages\/50\/revisions"}],"predecessor-version":[{"id":2806,"href":"https:\/\/bambus-deutschland.de\/index.php\/wp-json\/wp\/v2\/pages\/50\/revisions\/2806"}],"up":[{"embeddable":true,"href":"https:\/\/bambus-deutschland.de\/index.php\/wp-json\/wp\/v2\/pages\/2"}],"wp:attachment":[{"href":"https:\/\/bambus-deutschland.de\/index.php\/wp-json\/wp\/v2\/media?parent=50"}],"curies":[{"name":"wp","href":"https:\/\/api.w.org\/{rel}","templated":true}]}}

<table style="height: 23px;" border="0" width="195">
<tbody>
<tr>
<td><strong> </strong></td>
<td>
<h1>Das &#8222;who is who&#8220; der EBS-D</h1>
<p>Wer ist in welches Amt gewählt worden und hat bei der EBS-D welche Aufgaben übernommen &#8211; das ist nicht nur für die Mitglieder der EBS-D interessant.</p>
<table border="0">
<tbody>
<tr>
<td><strong>1. Vorsitzender</strong></td>
<td>Jürgen Schmitz</td>
</tr>
<tr>
<td><strong>2. Vorsitzender</strong></td>
<td>Dr. Steffen Greiner</td>
</tr>
<tr>
<td><strong>Geschäftsführung / Geschäftsstelle</strong></td>
<td>Ute Außem</td>
</tr>
<tr>
<td><strong>Beisitzerin / Chefredaktion Bambus-Journal<br />
</strong></td>
<td>Renate Lohmer</td>
</tr>
<tr>
<td><strong>Beisitzer</strong></td>
<td>Dr. Gunther Lohmer</td>
</tr>
<tr>
<td><strong>Beisitzer</strong></td>
<td>Christian Wach</td>
</tr>
<tr>
<td></td>
<td></td>
</tr>
<tr>
<td></td>
<td></td>
</tr>
<tr>
<td><strong> </strong></td>
<td></td>
</tr>
</tbody>
</table>
<p>&nbsp;</p>
<p><strong>Unsere Ehrenmitglieder:</strong></p>
<ul>
<li>Gerhard Sieber</li>
<li>Wolfgang Eberts</li>
<li>Palmengarten Frankfurt &#8211; Direktorin Dr. Katja Heubach</li>
<li>Christine Recht</li>
</ul>
</td>
</tr>
</tbody>
</table>

<p>  Das &#8222;who is who&#8220; der EBS-D Wer ist in welches Amt gewählt worden und hat bei der EBS-D welche Aufgaben übernommen &#8211; das ist nicht nur für die Mitglieder der EBS-D interessant. 1. Vorsitzender Jürgen Schmitz 2. Vorsitzender Dr. Steffen Greiner Geschäftsführung / Geschäftsstelle Ute Außem Beisitzerin / Chefredaktion Bambus-Journal Renate Lohmer Beisitzer Dr. &hellip; <a href="https://bambus-deutschland.de/index.php/beispiel-seite/who-is-who/" class="more-link"><span class="screen-reader-text">who is who</span> weiterlesen <span class="meta-nav">&rarr;</span></a></p>
